{"id":10055,"date":"2022-09-13T11:27:40","date_gmt":"2022-09-13T09:27:40","guid":{"rendered":"https:\/\/www.osezmauges.fr\/evenements-pro\/?page_id=10055"},"modified":"2024-10-05T11:25:48","modified_gmt":"2024-10-05T09:25:48","slug":"coffret-terroir-mauges","status":"publish","type":"page","link":"https:\/\/www.osezmauges.fr\/evenements-pro\/cadeaux-entreprises\/coffret-terroir-mauges\/","title":{"rendered":"Un coffret terroir pour vos salari\u00e9s avec \u00ab\u00a0Mon c\u00d4ffret des Mauges\u00a0\u00bb"},"content":{"rendered":"\n<p class=\"is-style-excerpt\" id=\"personnalisation\">Un cadeau gourmand et authentique, voil\u00e0 ce qu&rsquo;on vous propose d&rsquo;offrir \u00e0 vos collaborateurs pour les f\u00eates de fin d&rsquo;ann\u00e9e : \u00ab\u00a0Mon c\u00d4ffret des Mauges\u00a0\u00bb ! Mettez le terroir des Mauges en boite pour un cadeau fait par des producteurs passionn\u00e9s par leurs produits. <\/p>\n\n\n<div class=\"wp-block wp-block-highlight\">\n            <h3 class=\"wp-block-highlight-item wp-block-highlight-title\">Un coffret 100 % personnalis\u00e9<\/h3>\n                <p class=\"wp-block-highlight-item wp-block-highlight-excerpt\">Vous souhaitez acheter des <strong>coffrets personnalis\u00e9s pour vos collaborateurs<\/strong> ? R\u00e9pondez au questionnaire pour conna\u00eetre vos attentes et vos besoins pour personnaliser \u00ab\u00a0Mon c\u00d4ffret des Mauges\u00a0\u00bb. <br><em>Cette offre est possible \u00e0 partir de 10 coffrets achet\u00e9s. <\/em><\/p>\n    <\/div>\n\n\n<div class=\"wp-block-buttons is-content-justification-center is-layout-flex wp-block-buttons-is-layout-flex\">\n<div class=\"wp-block-button\"><a class=\"wp-block-button__link\" href=\"https:\/\/docs.google.com\/forms\/d\/e\/1FAIpQLSfsVdTjQci7n5h2wIClKgcKYlbo-h1QNUG6Rt9-UbHJtIqzKQ\/viewform\" target=\"_blank\" rel=\"noreferrer noopener\">A votre questionnaire pour un coffret personnalis\u00e9<\/a><\/div>\n<\/div>\n\n\n\n<figure class=\"wp-block-gallery alignwide columns-2 is-cropped wp-block-gallery-1 is-layout-flex wp-block-gallery-is-layout-flex\"><ul class=\"blocks-gallery-grid\"><li class=\"blocks-gallery-item\"><figure><a href=\"https:\/\/www.osezmauges.fr\/evenements-pro\/wp-content\/uploads\/sites\/2\/2022\/09\/mon-coffret-des-mauges-terroir-mauges-maine-et-loire-\u00a9J.Bomar_.jpg\"><img width=\"738\" height=\"1200\" data-src=\"https:\/\/www.osezmauges.fr\/evenements-pro\/wp-content\/uploads\/sites\/2\/2022\/09\/mon-coffret-des-mauges-terroir-mauges-maine-et-loire-\u00a9J.Bomar_.jpg\" alt=\"\" data-id=\"10062\" data-full-url=\"https:\/\/www.osezmauges.fr\/evenements-pro\/wp-content\/uploads\/sites\/2\/2022\/09\/mon-coffret-des-mauges-terroir-mauges-maine-et-loire-\u00a9J.Bomar_.jpg\" data-link=\"https:\/\/www.osezmauges.fr\/evenements-pro\/mon-coffret-des-mauges-terroir-mauges-maine-et-loire-j-bomar\/\" class=\"wp-image-10062\" srcset=\"https:\/\/www.osezmauges.fr\/evenements-pro\/wp-content\/uploads\/sites\/2\/2022\/09\/mon-coffret-des-mauges-terroir-mauges-maine-et-loire-\u00a9J.Bomar_.jpg 738w, https:\/\/www.osezmauges.fr\/evenements-pro\/wp-content\/uploads\/sites\/2\/2022\/09\/mon-coffret-des-mauges-terroir-mauges-maine-et-loire-\u00a9J.Bomar_-369x600.jpg 369w, https:\/\/www.osezmauges.fr\/evenements-pro\/wp-content\/uploads\/sites\/2\/2022\/09\/mon-coffret-des-mauges-terroir-mauges-maine-et-loire-\u00a9J.Bomar_-300x488.jpg 300w, https:\/\/www.osezmauges.fr\/evenements-pro\/wp-content\/uploads\/sites\/2\/2022\/09\/mon-coffret-des-mauges-terroir-mauges-maine-et-loire-\u00a9J.Bomar_-554x900.jpg 554w, https:\/\/www.osezmauges.fr\/evenements-pro\/wp-content\/uploads\/sites\/2\/2022\/09\/mon-coffret-des-mauges-terroir-mauges-maine-et-loire-\u00a9J.Bomar_-650x1057.jpg 650w\" sizes=\"(max-width: 738px) 100vw, 738px\" \/><\/a><\/figure><\/li><li class=\"blocks-gallery-item\"><figure><a href=\"https:\/\/www.osezmauges.fr\/evenements-pro\/wp-content\/uploads\/sites\/2\/2022\/09\/cadeau-mon-coffret-des-mauges-9-\u00a9J.Bomard.jpg\"><img width=\"599\" height=\"807\" data-src=\"https:\/\/www.osezmauges.fr\/evenements-pro\/wp-content\/uploads\/sites\/2\/2022\/09\/cadeau-mon-coffret-des-mauges-9-\u00a9J.Bomard.jpg\" alt=\"\" data-id=\"10058\" data-full-url=\"https:\/\/www.osezmauges.fr\/evenements-pro\/wp-content\/uploads\/sites\/2\/2022\/09\/cadeau-mon-coffret-des-mauges-9-\u00a9J.Bomard.jpg\" data-link=\"https:\/\/www.osezmauges.fr\/evenements-pro\/cadeau-mon-coffret-des-mauges-9-j-bomard\/\" class=\"wp-image-10058\" srcset=\"https:\/\/www.osezmauges.fr\/evenements-pro\/wp-content\/uploads\/sites\/2\/2022\/09\/cadeau-mon-coffret-des-mauges-9-\u00a9J.Bomard.jpg 599w, https:\/\/www.osezmauges.fr\/evenements-pro\/wp-content\/uploads\/sites\/2\/2022\/09\/cadeau-mon-coffret-des-mauges-9-\u00a9J.Bomard-445x600.jpg 445w, https:\/\/www.osezmauges.fr\/evenements-pro\/wp-content\/uploads\/sites\/2\/2022\/09\/cadeau-mon-coffret-des-mauges-9-\u00a9J.Bomard-300x404.jpg 300w\" sizes=\"(max-width: 599px) 100vw, 599px\" \/><\/a><\/figure><\/li><\/ul><figcaption class=\"blocks-gallery-caption\">Mon c\u00d4ffret des Mauges \u00a9J.Bomard<\/figcaption><\/figure>\n\n\n\n<h2 class=\"wp-block-heading\">Un coffret terroir 100 % local et gourmand <\/h2>\n\n\n\n<p>Pour toutes les occasions, ce coffret terroir est LA bonne id\u00e9e pour faire plaisir et r\u00e9galer les papilles de vos salari\u00e9s et\/ou clients. Mon c\u00d4ffret des Mauges, c&rsquo;est la promesse d&rsquo;un cadeau en <strong>circuit-court<\/strong>, <strong>valorisant le travail des producteurs<\/strong> et le <strong>savoir-faire local<\/strong>. <\/p>\n\n\n\n<p>Cr\u00e9\u00e9e avec les producteurs et boutiques du terroir, cette box s\u2019engage \u00e0&nbsp;<strong>mettre en avant uniquement des productions des Mauges<\/strong>&nbsp;ou&nbsp;<strong>transform\u00e9es \u00e0 plus de 50% dans les Mauges<\/strong>&nbsp;(ex. les chocolats).<\/p>\n\n\n\n<p>67 producteurs s&rsquo;engagent dans cette d\u00e9marche (producteurs de viandes, viticulteurs, chocolatiers, confiseurs, apiculteurs&#8230;) <\/p>\n\n\n\n<figure class=\"wp-block-gallery alignwide columns-3 is-cropped wp-block-gallery-2 is-layout-flex wp-block-gallery-is-layout-flex\"><ul class=\"blocks-gallery-grid\"><li class=\"blocks-gallery-item\"><figure><a href=\"https:\/\/www.osezmauges.fr\/evenements-pro\/wp-content\/uploads\/sites\/2\/2022\/09\/mon-coffret-des-mauges-entreprise-cadeaux-\u00a9J.Bomard.jpg\"><img width=\"595\" height=\"693\" data-src=\"https:\/\/www.osezmauges.fr\/evenements-pro\/wp-content\/uploads\/sites\/2\/2022\/09\/mon-coffret-des-mauges-entreprise-cadeaux-\u00a9J.Bomard.jpg\" alt=\"\" data-id=\"10061\" data-full-url=\"https:\/\/www.osezmauges.fr\/evenements-pro\/wp-content\/uploads\/sites\/2\/2022\/09\/mon-coffret-des-mauges-entreprise-cadeaux-\u00a9J.Bomard.jpg\" data-link=\"https:\/\/www.osezmauges.fr\/evenements-pro\/mon-coffret-des-mauges-entreprise-cadeaux-j-bomard\/\" class=\"wp-image-10061\" srcset=\"https:\/\/www.osezmauges.fr\/evenements-pro\/wp-content\/uploads\/sites\/2\/2022\/09\/mon-coffret-des-mauges-entreprise-cadeaux-\u00a9J.Bomard.jpg 595w, https:\/\/www.osezmauges.fr\/evenements-pro\/wp-content\/uploads\/sites\/2\/2022\/09\/mon-coffret-des-mauges-entreprise-cadeaux-\u00a9J.Bomard-515x600.jpg 515w, https:\/\/www.osezmauges.fr\/evenements-pro\/wp-content\/uploads\/sites\/2\/2022\/09\/mon-coffret-des-mauges-entreprise-cadeaux-\u00a9J.Bomard-300x349.jpg 300w\" sizes=\"(max-width: 595px) 100vw, 595px\" \/><\/a><\/figure><\/li><li class=\"blocks-gallery-item\"><figure><a href=\"https:\/\/www.osezmauges.fr\/evenements-pro\/wp-content\/uploads\/sites\/2\/2022\/09\/cadeau-mon-coffret-des-mauges-11-\u00a9J.Bomard.jpg\"><img width=\"944\" height=\"1200\" data-src=\"https:\/\/www.osezmauges.fr\/evenements-pro\/wp-content\/uploads\/sites\/2\/2022\/09\/cadeau-mon-coffret-des-mauges-11-\u00a9J.Bomard.jpg\" alt=\"\" data-id=\"10059\" data-full-url=\"https:\/\/www.osezmauges.fr\/evenements-pro\/wp-content\/uploads\/sites\/2\/2022\/09\/cadeau-mon-coffret-des-mauges-11-\u00a9J.Bomard.jpg\" data-link=\"https:\/\/www.osezmauges.fr\/evenements-pro\/cadeau-mon-coffret-des-mauges-11-j-bomard\/\" class=\"wp-image-10059\" srcset=\"https:\/\/www.osezmauges.fr\/evenements-pro\/wp-content\/uploads\/sites\/2\/2022\/09\/cadeau-mon-coffret-des-mauges-11-\u00a9J.Bomard.jpg 944w, https:\/\/www.osezmauges.fr\/evenements-pro\/wp-content\/uploads\/sites\/2\/2022\/09\/cadeau-mon-coffret-des-mauges-11-\u00a9J.Bomard-472x600.jpg 472w, https:\/\/www.osezmauges.fr\/evenements-pro\/wp-content\/uploads\/sites\/2\/2022\/09\/cadeau-mon-coffret-des-mauges-11-\u00a9J.Bomard-300x381.jpg 300w, https:\/\/www.osezmauges.fr\/evenements-pro\/wp-content\/uploads\/sites\/2\/2022\/09\/cadeau-mon-coffret-des-mauges-11-\u00a9J.Bomard-708x900.jpg 708w, https:\/\/www.osezmauges.fr\/evenements-pro\/wp-content\/uploads\/sites\/2\/2022\/09\/cadeau-mon-coffret-des-mauges-11-\u00a9J.Bomard-650x826.jpg 650w\" sizes=\"(max-width: 944px) 100vw, 944px\" \/><\/a><\/figure><\/li><li class=\"blocks-gallery-item\"><figure><a href=\"https:\/\/www.osezmauges.fr\/evenements-pro\/wp-content\/uploads\/sites\/2\/2022\/09\/cadeau-entreprise-mon-coffret-des-mauges-12-\u00a9J.Bomard.jpg\"><img width=\"900\" height=\"1200\" data-src=\"https:\/\/www.osezmauges.fr\/evenements-pro\/wp-content\/uploads\/sites\/2\/2022\/09\/cadeau-entreprise-mon-coffret-des-mauges-12-\u00a9J.Bomard.jpg\" alt=\"\" data-id=\"10057\" data-full-url=\"https:\/\/www.osezmauges.fr\/evenements-pro\/wp-content\/uploads\/sites\/2\/2022\/09\/cadeau-entreprise-mon-coffret-des-mauges-12-\u00a9J.Bomard.jpg\" data-link=\"https:\/\/www.osezmauges.fr\/evenements-pro\/rpt\/\" class=\"wp-image-10057\" srcset=\"https:\/\/www.osezmauges.fr\/evenements-pro\/wp-content\/uploads\/sites\/2\/2022\/09\/cadeau-entreprise-mon-coffret-des-mauges-12-\u00a9J.Bomard.jpg 900w, https:\/\/www.osezmauges.fr\/evenements-pro\/wp-content\/uploads\/sites\/2\/2022\/09\/cadeau-entreprise-mon-coffret-des-mauges-12-\u00a9J.Bomard-450x600.jpg 450w, https:\/\/www.osezmauges.fr\/evenements-pro\/wp-content\/uploads\/sites\/2\/2022\/09\/cadeau-entreprise-mon-coffret-des-mauges-12-\u00a9J.Bomard-300x400.jpg 300w, https:\/\/www.osezmauges.fr\/evenements-pro\/wp-content\/uploads\/sites\/2\/2022\/09\/cadeau-entreprise-mon-coffret-des-mauges-12-\u00a9J.Bomard-675x900.jpg 675w, https:\/\/www.osezmauges.fr\/evenements-pro\/wp-content\/uploads\/sites\/2\/2022\/09\/cadeau-entreprise-mon-coffret-des-mauges-12-\u00a9J.Bomard-650x867.jpg 650w\" sizes=\"(max-width: 900px) 100vw, 900px\" \/><\/a><\/figure><\/li><\/ul><figcaption class=\"blocks-gallery-caption\">Produits locaux des Mauges \u00a9J.Bomard<\/figcaption><\/figure>\n\n\n\n<p>Compos\u00e9s de produits locaux, secs et artisanaux, ce coffret offre une large s\u00e9lection de produits des Mauges. \u00c0 vous de jouer maintenant en personnalisant vos coffrets en allant directement chez l&rsquo;un des distributeurs du territoire. <\/p>\n\n\n\n<h2 class=\"wp-block-heading\" id=\"distributeur\">O\u00f9 acheter ce coffret ? <\/h2>\n\n\n\n<p>Vous souhaitez vous procurer ce coffret pour votre entreprise ? C&rsquo;est tr\u00e8s simple ! Suivez les \u00e9tapes ci-dessous :<\/p>\n\n\n\n<ol class=\"wp-block-list\"><li>Rendez-vous chez l&rsquo;un des distributeurs des Mauges pour d\u00e9couvrir votre coffret constitu\u00e9 de produits des Mauges. \ud83d\udc47<\/li><\/ol>\n\n\n<p><iframe loading=\"lazy\" src=\"https:\/\/www.google.com\/maps\/d\/embed?mid=1sNIFwQ8GtkiIwnOTN29hkxxgztcCdgQ&amp;hl=fr&amp;ehbc=2E312F\" width=\"325\" height=\"480\"><\/iframe><\/p>\n\n\n\n<ol class=\"wp-block-list\" start=\"2\"><li>Revenez quelques jours plus tard pour r\u00e9cup\u00e9rer votre commande chez votre distributeur. <\/li><li>Offrez-le \u00e0 vos salari\u00e9s ! \ud83d\ude09 <\/li><\/ol>\n\n\n\n<hr class=\"wp-block-separator\"\/>\n\n\n\n<p>De <strong>l&rsquo;artisanat <\/strong>au <strong>vin <\/strong>en passant par les <strong>rillettes de poissons<\/strong>, d\u00e9couvrez la liste des producteurs affili\u00e9s au r\u00e9seau \u00ab\u00a0Mon c\u00d4ffret des Mauges\u00a0\u00bb. <\/p>\n\n\n\n<div class=\"wp-block-buttons is-content-justification-center is-layout-flex wp-block-buttons-is-layout-flex\">\n<div class=\"wp-block-button\"><a class=\"wp-block-button__link\" href=\"https:\/\/www.dropbox.com\/scl\/fi\/9hu3g22t0kcsghrtldjpu\/Listings-adh-rents-coffrets-terroir.xlsx?rlkey=1jnqnef5rl7lmb5auurx3ebqg&amp;dl=0\" target=\"_blank\" rel=\"noreferrer noopener\">Liste des producteurs de \u00ab\u00a0mon c\u00d4ffret des mauges\u00a0\u00bb<\/a><\/div>\n<\/div>\n\n\n\n<div class=\"wp-block wp-block-related-post clear alignfull\">\n    <div class=\"container\">\n\n        <div class=\"article\">\n\t\t                    <h2 class=\"wp-block-related-post-title\">Vous aimerez aussi <\/h2>\n\t\t    \n\t\t            <\/div>\n\n\t    \n            <div class=\"wp-block-related-post-inner\">\n                <div   data-slides-per-view=\"4\">\n                    <div class=\"wp-block-related-post-list wp-block-related-post-list-3\">\n\t\t\t\t\t    \n<div class=\"entityItem\"      data-trigger=\"wpiris-click\">\n    <p class=\"entityItemThumbnail\">\n        <a href=\"https:\/\/www.osezmauges.fr\/evenements-pro\/cadeaux-entreprises\/cadeaux-entreprise-produits-locaux\/\" nofancybox>\n            <img src=\n            \"https:\/\/www.osezmauges.fr\/evenements-pro\/wp-content\/uploads\/sites\/2\/2024\/09\/coffret-terroir-mauges-anjou-\u00a9J.Bomard-380x430.jpg\" alt=\"Nos id\u00e9es de cadeaux gourmands pour vos salari\u00e9s\">\n        <\/a>\n    <\/p>\n        <div class=\"entityItemContent\">\n        \n        \n        <h3 class=\"entityItemContentTitle\">        <a href=\"https:\/\/www.osezmauges.fr\/evenements-pro\/cadeaux-entreprises\/cadeaux-entreprise-produits-locaux\/\">Nos id\u00e9es de cadeaux gourmands pour vos salari\u00e9s<\/a>\n        <\/h3>\n            <\/div>\n\n    \n    <\/div>\n\n<div class=\"entityItem\"      data-trigger=\"wpiris-click\">\n    <p class=\"entityItemThumbnail\">\n        <a href=\"https:\/\/www.osezmauges.fr\/evenements-pro\/cadeaux-entreprises\/idee-cadeau-entreprise-experience\/\" nofancybox>\n            <img src=\n            \"https:\/\/www.osezmauges.fr\/evenements-pro\/wp-content\/uploads\/sites\/2\/2021\/10\/1-loire-patache-vue-aerienne-oa-champtoceaux-osezmauges-anjou-\u00a9D.Drouet-380x430.jpg\" alt=\"Cadeaux d\u2019entreprise : des exp\u00e9riences authentiques dans les Mauges\">\n        <\/a>\n    <\/p>\n        <div class=\"entityItemContent\">\n        \n        \n        <h3 class=\"entityItemContentTitle\">        <a href=\"https:\/\/www.osezmauges.fr\/evenements-pro\/cadeaux-entreprises\/idee-cadeau-entreprise-experience\/\">Cadeaux d\u2019entreprise : des exp\u00e9riences authentiques dans les Mauges<\/a>\n        <\/h3>\n            <\/div>\n\n    \n    <\/div>\n\n<div class=\"entityItem\"      data-trigger=\"wpiris-click\">\n    <p class=\"entityItemThumbnail\">\n        <a href=\"https:\/\/www.osezmauges.fr\/evenements-pro\/cadeaux-entreprises\/les-cheques-kdomauges\/\" nofancybox>\n            <img src=\n            \"https:\/\/www.osezmauges.fr\/evenements-pro\/wp-content\/uploads\/sites\/2\/2021\/10\/1-cheques-kdo-osezmauges-anjou-\u00a9MB-1-380x430.jpg\" alt=\"4 bonnes raisons d\u2019offrir des ch\u00e8ques KD\u00f4Mauges \u00e0 vos salari\u00e9s\">\n        <\/a>\n    <\/p>\n        <div class=\"entityItemContent\">\n        \n        \n        <h3 class=\"entityItemContentTitle\">        <a href=\"https:\/\/www.osezmauges.fr\/evenements-pro\/cadeaux-entreprises\/les-cheques-kdomauges\/\">4 bonnes raisons d\u2019offrir des ch\u00e8ques KD\u00f4Mauges \u00e0 vos salari\u00e9s<\/a>\n        <\/h3>\n            <\/div>\n\n    \n    <\/div>\n                    <\/div>\n                <\/div>\n            <\/div>\n\n        \n    <\/div>\n<\/div>","protected":false},"excerpt":{"rendered":"<p>Un cadeau gourmand et authentique, voil\u00e0 ce qu&rsquo;on vous propose d&rsquo;offrir \u00e0 vos collaborateurs pour les f\u00eates de fin d&rsquo;ann\u00e9e : \u00ab\u00a0Mon c\u00d4ffret des Mauges\u00a0\u00bb ! Mettez le terroir des Mauges en boite pour un cadeau fait par des producteurs passionn\u00e9s par leurs produits. Un coffret terroir 100 % local et gourmand Pour toutes les [&hellip;]<\/p>\n","protected":false},"author":4,"featured_media":13402,"parent":15,"menu_order":2,"comment_status":"closed","ping_status":"closed","template":"","meta":{"_relevanssi_hide_post":"","_relevanssi_hide_content":"","_relevanssi_pin_for_all":"","_relevanssi_pin_keywords":"","_relevanssi_unpin_keywords":"","_relevanssi_related_keywords":"","_relevanssi_related_include_ids":"","_relevanssi_related_exclude_ids":"","_relevanssi_related_no_append":"","_relevanssi_related_not_related":"","_relevanssi_related_posts":"6430,7875,7797,10048,7947,6445","_relevanssi_noindex_reason":"","footnotes":""},"class_list":["post-10055","page","type-page","status-publish","has-post-thumbnail","hentry"],"acf":[],"yoast_head":"<!-- This site is optimized with the Yoast SEO plugin v26.9 - https:\/\/yoast.com\/product\/yoast-seo-wordpress\/ -->\n<title>Un coffret terroir local avec &quot;Mon c\u00d4ffret des Mauges&quot;<\/title>\n<meta name=\"description\" content=\"Un cadeau gourmand 100 % local r\u00e9alis\u00e9 par des producteurs passionn\u00e9s : mon c\u00d4ffret des Mauges.\" \/>\n<meta name=\"robots\" content=\"index, follow, max-snippet:-1, max-image-preview:large, max-video-preview:-1\" \/>\n<link rel=\"canonical\" href=\"https:\/\/www.osezmauges.fr\/evenements-pro\/cadeaux-entreprises\/coffret-terroir-mauges\/\" \/>\n<meta property=\"og:locale\" content=\"fr_FR\" \/>\n<meta property=\"og:type\" content=\"article\" \/>\n<meta property=\"og:title\" content=\"Un coffret terroir local avec &quot;Mon c\u00d4ffret des Mauges&quot;\" \/>\n<meta property=\"og:description\" content=\"Un cadeau gourmand 100 % local r\u00e9alis\u00e9 par des producteurs passionn\u00e9s : mon c\u00d4ffret des Mauges.\" \/>\n<meta property=\"og:url\" content=\"https:\/\/www.osezmauges.fr\/evenements-pro\/cadeaux-entreprises\/coffret-terroir-mauges\/\" \/>\n<meta property=\"og:site_name\" content=\"Osez Mauges - Tourisme d&#039;affaire\" \/>\n<meta property=\"article:modified_time\" content=\"2024-10-05T09:25:48+00:00\" \/>\n<meta property=\"og:image\" content=\"https:\/\/www.osezmauges.fr\/evenements-pro\/wp-content\/uploads\/sites\/2\/2024\/09\/coffret-des-mauges-champtoceaux-oa-\u00a9osezmauges-2.jpg\" \/>\n\t<meta property=\"og:image:width\" content=\"1499\" \/>\n\t<meta property=\"og:image:height\" content=\"927\" \/>\n\t<meta property=\"og:image:type\" content=\"image\/jpeg\" \/>\n<meta name=\"twitter:card\" content=\"summary_large_image\" \/>\n<meta name=\"twitter:label1\" content=\"Dur\u00e9e de lecture estim\u00e9e\" \/>\n\t<meta name=\"twitter:data1\" content=\"3 minutes\" \/>\n<script type=\"application\/ld+json\" class=\"yoast-schema-graph\">{\"@context\":\"https:\/\/schema.org\",\"@graph\":[{\"@type\":\"WebPage\",\"@id\":\"https:\/\/www.osezmauges.fr\/evenements-pro\/cadeaux-entreprises\/coffret-terroir-mauges\/\",\"url\":\"https:\/\/www.osezmauges.fr\/evenements-pro\/cadeaux-entreprises\/coffret-terroir-mauges\/\",\"name\":\"Un coffret terroir local avec \\\"Mon c\u00d4ffret des Mauges\\\"\",\"isPartOf\":{\"@id\":\"https:\/\/www.osezmauges.fr\/evenements-pro\/#website\"},\"primaryImageOfPage\":{\"@id\":\"https:\/\/www.osezmauges.fr\/evenements-pro\/cadeaux-entreprises\/coffret-terroir-mauges\/#primaryimage\"},\"image\":{\"@id\":\"https:\/\/www.osezmauges.fr\/evenements-pro\/cadeaux-entreprises\/coffret-terroir-mauges\/#primaryimage\"},\"thumbnailUrl\":\"https:\/\/www.osezmauges.fr\/evenements-pro\/wp-content\/uploads\/sites\/2\/2024\/09\/coffret-des-mauges-champtoceaux-oa-\u00a9osezmauges-2.jpg\",\"datePublished\":\"2022-09-13T09:27:40+00:00\",\"dateModified\":\"2024-10-05T09:25:48+00:00\",\"description\":\"Un cadeau gourmand 100 % local r\u00e9alis\u00e9 par des producteurs passionn\u00e9s : mon c\u00d4ffret des Mauges.\",\"breadcrumb\":{\"@id\":\"https:\/\/www.osezmauges.fr\/evenements-pro\/cadeaux-entreprises\/coffret-terroir-mauges\/#breadcrumb\"},\"inLanguage\":\"fr-FR\",\"potentialAction\":[{\"@type\":\"ReadAction\",\"target\":[\"https:\/\/www.osezmauges.fr\/evenements-pro\/cadeaux-entreprises\/coffret-terroir-mauges\/\"]}]},{\"@type\":\"ImageObject\",\"inLanguage\":\"fr-FR\",\"@id\":\"https:\/\/www.osezmauges.fr\/evenements-pro\/cadeaux-entreprises\/coffret-terroir-mauges\/#primaryimage\",\"url\":\"https:\/\/www.osezmauges.fr\/evenements-pro\/wp-content\/uploads\/sites\/2\/2024\/09\/coffret-des-mauges-champtoceaux-oa-\u00a9osezmauges-2.jpg\",\"contentUrl\":\"https:\/\/www.osezmauges.fr\/evenements-pro\/wp-content\/uploads\/sites\/2\/2024\/09\/coffret-des-mauges-champtoceaux-oa-\u00a9osezmauges-2.jpg\",\"width\":1499,\"height\":927},{\"@type\":\"BreadcrumbList\",\"@id\":\"https:\/\/www.osezmauges.fr\/evenements-pro\/cadeaux-entreprises\/coffret-terroir-mauges\/#breadcrumb\",\"itemListElement\":[{\"@type\":\"ListItem\",\"position\":1,\"name\":\"Accueil\",\"item\":\"https:\/\/www.osezmauges.fr\/evenements-pro\/\"},{\"@type\":\"ListItem\",\"position\":2,\"name\":\"Les cadeaux d&rsquo;entreprises\",\"item\":\"https:\/\/www.osezmauges.fr\/evenements-pro\/cadeaux-entreprises\/\"},{\"@type\":\"ListItem\",\"position\":3,\"name\":\"Un coffret terroir pour vos salari\u00e9s avec \u00ab\u00a0Mon c\u00d4ffret des Mauges\u00a0\u00bb\"}]},{\"@type\":\"WebSite\",\"@id\":\"https:\/\/www.osezmauges.fr\/evenements-pro\/#website\",\"url\":\"https:\/\/www.osezmauges.fr\/evenements-pro\/\",\"name\":\"Osez Mauges - Tourisme d&#039;affaire\",\"description\":\"\u00d4sez Mauges\",\"potentialAction\":[{\"@type\":\"SearchAction\",\"target\":{\"@type\":\"EntryPoint\",\"urlTemplate\":\"https:\/\/www.osezmauges.fr\/evenements-pro\/?s={search_term_string}\"},\"query-input\":{\"@type\":\"PropertyValueSpecification\",\"valueRequired\":true,\"valueName\":\"search_term_string\"}}],\"inLanguage\":\"fr-FR\"}]}<\/script>\n<!-- \/ Yoast SEO plugin. -->","yoast_head_json":{"title":"Un coffret terroir local avec \"Mon c\u00d4ffret des Mauges\"","description":"Un cadeau gourmand 100 % local r\u00e9alis\u00e9 par des producteurs passionn\u00e9s : mon c\u00d4ffret des Mauges.","robots":{"index":"index","follow":"follow","max-snippet":"max-snippet:-1","max-image-preview":"max-image-preview:large","max-video-preview":"max-video-preview:-1"},"canonical":"https:\/\/www.osezmauges.fr\/evenements-pro\/cadeaux-entreprises\/coffret-terroir-mauges\/","og_locale":"fr_FR","og_type":"article","og_title":"Un coffret terroir local avec \"Mon c\u00d4ffret des Mauges\"","og_description":"Un cadeau gourmand 100 % local r\u00e9alis\u00e9 par des producteurs passionn\u00e9s : mon c\u00d4ffret des Mauges.","og_url":"https:\/\/www.osezmauges.fr\/evenements-pro\/cadeaux-entreprises\/coffret-terroir-mauges\/","og_site_name":"Osez Mauges - Tourisme d&#039;affaire","article_modified_time":"2024-10-05T09:25:48+00:00","og_image":[{"width":1499,"height":927,"url":"https:\/\/www.osezmauges.fr\/evenements-pro\/wp-content\/uploads\/sites\/2\/2024\/09\/coffret-des-mauges-champtoceaux-oa-\u00a9osezmauges-2.jpg","type":"image\/jpeg"}],"twitter_card":"summary_large_image","twitter_misc":{"Dur\u00e9e de lecture estim\u00e9e":"3 minutes"},"schema":{"@context":"https:\/\/schema.org","@graph":[{"@type":"WebPage","@id":"https:\/\/www.osezmauges.fr\/evenements-pro\/cadeaux-entreprises\/coffret-terroir-mauges\/","url":"https:\/\/www.osezmauges.fr\/evenements-pro\/cadeaux-entreprises\/coffret-terroir-mauges\/","name":"Un coffret terroir local avec \"Mon c\u00d4ffret des Mauges\"","isPartOf":{"@id":"https:\/\/www.osezmauges.fr\/evenements-pro\/#website"},"primaryImageOfPage":{"@id":"https:\/\/www.osezmauges.fr\/evenements-pro\/cadeaux-entreprises\/coffret-terroir-mauges\/#primaryimage"},"image":{"@id":"https:\/\/www.osezmauges.fr\/evenements-pro\/cadeaux-entreprises\/coffret-terroir-mauges\/#primaryimage"},"thumbnailUrl":"https:\/\/www.osezmauges.fr\/evenements-pro\/wp-content\/uploads\/sites\/2\/2024\/09\/coffret-des-mauges-champtoceaux-oa-\u00a9osezmauges-2.jpg","datePublished":"2022-09-13T09:27:40+00:00","dateModified":"2024-10-05T09:25:48+00:00","description":"Un cadeau gourmand 100 % local r\u00e9alis\u00e9 par des producteurs passionn\u00e9s : mon c\u00d4ffret des Mauges.","breadcrumb":{"@id":"https:\/\/www.osezmauges.fr\/evenements-pro\/cadeaux-entreprises\/coffret-terroir-mauges\/#breadcrumb"},"inLanguage":"fr-FR","potentialAction":[{"@type":"ReadAction","target":["https:\/\/www.osezmauges.fr\/evenements-pro\/cadeaux-entreprises\/coffret-terroir-mauges\/"]}]},{"@type":"ImageObject","inLanguage":"fr-FR","@id":"https:\/\/www.osezmauges.fr\/evenements-pro\/cadeaux-entreprises\/coffret-terroir-mauges\/#primaryimage","url":"https:\/\/www.osezmauges.fr\/evenements-pro\/wp-content\/uploads\/sites\/2\/2024\/09\/coffret-des-mauges-champtoceaux-oa-\u00a9osezmauges-2.jpg","contentUrl":"https:\/\/www.osezmauges.fr\/evenements-pro\/wp-content\/uploads\/sites\/2\/2024\/09\/coffret-des-mauges-champtoceaux-oa-\u00a9osezmauges-2.jpg","width":1499,"height":927},{"@type":"BreadcrumbList","@id":"https:\/\/www.osezmauges.fr\/evenements-pro\/cadeaux-entreprises\/coffret-terroir-mauges\/#breadcrumb","itemListElement":[{"@type":"ListItem","position":1,"name":"Accueil","item":"https:\/\/www.osezmauges.fr\/evenements-pro\/"},{"@type":"ListItem","position":2,"name":"Les cadeaux d&rsquo;entreprises","item":"https:\/\/www.osezmauges.fr\/evenements-pro\/cadeaux-entreprises\/"},{"@type":"ListItem","position":3,"name":"Un coffret terroir pour vos salari\u00e9s avec \u00ab\u00a0Mon c\u00d4ffret des Mauges\u00a0\u00bb"}]},{"@type":"WebSite","@id":"https:\/\/www.osezmauges.fr\/evenements-pro\/#website","url":"https:\/\/www.osezmauges.fr\/evenements-pro\/","name":"Osez Mauges - Tourisme d&#039;affaire","description":"\u00d4sez Mauges","potentialAction":[{"@type":"SearchAction","target":{"@type":"EntryPoint","urlTemplate":"https:\/\/www.osezmauges.fr\/evenements-pro\/?s={search_term_string}"},"query-input":{"@type":"PropertyValueSpecification","valueRequired":true,"valueName":"search_term_string"}}],"inLanguage":"fr-FR"}]}},"_links":{"self":[{"href":"https:\/\/www.osezmauges.fr\/evenements-pro\/wp-json\/wp\/v2\/pages\/10055","targetHints":{"allow":["GET"]}}],"collection":[{"href":"https:\/\/www.osezmauges.fr\/evenements-pro\/wp-json\/wp\/v2\/pages"}],"about":[{"href":"https:\/\/www.osezmauges.fr\/evenements-pro\/wp-json\/wp\/v2\/types\/page"}],"author":[{"embeddable":true,"href":"https:\/\/www.osezmauges.fr\/evenements-pro\/wp-json\/wp\/v2\/users\/4"}],"replies":[{"embeddable":true,"href":"https:\/\/www.osezmauges.fr\/evenements-pro\/wp-json\/wp\/v2\/comments?post=10055"}],"version-history":[{"count":37,"href":"https:\/\/www.osezmauges.fr\/evenements-pro\/wp-json\/wp\/v2\/pages\/10055\/revisions"}],"predecessor-version":[{"id":13509,"href":"https:\/\/www.osezmauges.fr\/evenements-pro\/wp-json\/wp\/v2\/pages\/10055\/revisions\/13509"}],"up":[{"embeddable":true,"href":"https:\/\/www.osezmauges.fr\/evenements-pro\/wp-json\/wp\/v2\/pages\/15"}],"wp:featuredmedia":[{"embeddable":true,"href":"https:\/\/www.osezmauges.fr\/evenements-pro\/wp-json\/wp\/v2\/media\/13402"}],"wp:attachment":[{"href":"https:\/\/www.osezmauges.fr\/evenements-pro\/wp-json\/wp\/v2\/media?parent=10055"}],"curies":[{"name":"wp","href":"https:\/\/api.w.org\/{rel}","templated":true}]}}