{"id":17,"date":"2021-09-02T17:39:30","date_gmt":"2021-09-02T15:39:30","guid":{"rendered":"https:\/\/www.osezmauges.fr\/tourisme-d-affaires\/une-billetterie-cse\/"},"modified":"2026-02-11T16:05:29","modified_gmt":"2026-02-11T15:05:29","slug":"billetterie-ce","status":"publish","type":"page","link":"https:\/\/www.osezmauges.fr\/evenements-pro\/billetterie-ce\/","title":{"rendered":"Billetterie CE : activit\u00e9s nature et culturelles \u00e0 tarif pr\u00e9f\u00e9rentiel"},"content":{"rendered":"\n<p class=\"is-style-excerpt\">Faites plaisir \u00e0 vos collaborateurs ou clients gr\u00e2ce \u00e0 une billetterie CE \u00e0 tarif pr\u00e9f\u00e9rentiel. Des cadeaux uniques pour r\u00e9compenser ou marquer un \u00e9v\u00e9nement dans la vie de votre entreprise. Bateaux ou encore spectacles sont \u00e0 votre port\u00e9e avec un acc\u00e8s sp\u00e9cialement d\u00e9di\u00e9 pour vous&nbsp;!<\/p>\n\n\n\n<h2 class=\"wp-block-heading\">Bateau, jardin ou escape game : nos activit\u00e9s \u00e0 tarif pr\u00e9f\u00e9rentiel<\/h2>\n\n\n\n<p>Faites le choix d\u2019<strong>activit\u00e9s nature et culturelles uniques <\/strong>pour vos collaborateurs ou clients gr\u00e2ce \u00e0 des billets \u00e0 tarif pr\u00e9f\u00e9rentiel.<\/p>\n\n\n\n<figure class=\"wp-block-gallery has-nested-images columns-default is-cropped wp-block-gallery-1 is-layout-flex wp-block-gallery-is-layout-flex\">\n<figure class=\"wp-block-image size-large\"><img width=\"1200\" height=\"800\" data-id=\"669\" data-src=\"https:\/\/www.osezmauges.fr\/evenements-pro\/wp-content\/uploads\/sites\/2\/2021\/10\/2-billetterie-ce-loire-bateau-vent-d-soulair-msl-saint-florent-vieil-anjou\u00a9D.Drouet.jpg\" alt=\"\" class=\"wp-image-669\" srcset=\"https:\/\/www.osezmauges.fr\/evenements-pro\/wp-content\/uploads\/sites\/2\/2021\/10\/2-billetterie-ce-loire-bateau-vent-d-soulair-msl-saint-florent-vieil-anjou\u00a9D.Drouet.jpg 1200w, https:\/\/www.osezmauges.fr\/evenements-pro\/wp-content\/uploads\/sites\/2\/2021\/10\/2-billetterie-ce-loire-bateau-vent-d-soulair-msl-saint-florent-vieil-anjou\u00a9D.Drouet-600x400.jpg 600w, https:\/\/www.osezmauges.fr\/evenements-pro\/wp-content\/uploads\/sites\/2\/2021\/10\/2-billetterie-ce-loire-bateau-vent-d-soulair-msl-saint-florent-vieil-anjou\u00a9D.Drouet-300x200.jpg 300w, https:\/\/www.osezmauges.fr\/evenements-pro\/wp-content\/uploads\/sites\/2\/2021\/10\/2-billetterie-ce-loire-bateau-vent-d-soulair-msl-saint-florent-vieil-anjou\u00a9D.Drouet-900x600.jpg 900w, https:\/\/www.osezmauges.fr\/evenements-pro\/wp-content\/uploads\/sites\/2\/2021\/10\/2-billetterie-ce-loire-bateau-vent-d-soulair-msl-saint-florent-vieil-anjou\u00a9D.Drouet-650x433.jpg 650w\" sizes=\"(max-width: 1200px) 100vw, 1200px\" \/><figcaption class=\"wp-element-caption\">Balade en bateau sur la Loire \u00a9D.Drouet<\/figcaption><\/figure>\n<\/figure>\n\n\n\n<figure class=\"wp-block-gallery alignwide has-nested-images columns-default is-cropped wp-block-gallery-2 is-layout-flex wp-block-gallery-is-layout-flex\">\n<figure class=\"wp-block-image size-large\"><img width=\"1200\" height=\"800\" data-id=\"10605\" data-src=\"https:\/\/www.osezmauges.fr\/evenements-pro\/wp-content\/uploads\/sites\/2\/2023\/02\/billetterie-ce-cse-jardin-camifolia-chemille-osez-maugesfontaine\u00a9F.Crampon-2.jpg\" alt=\"\" class=\"wp-image-10605\" srcset=\"https:\/\/www.osezmauges.fr\/evenements-pro\/wp-content\/uploads\/sites\/2\/2023\/02\/billetterie-ce-cse-jardin-camifolia-chemille-osez-maugesfontaine\u00a9F.Crampon-2.jpg 1200w, https:\/\/www.osezmauges.fr\/evenements-pro\/wp-content\/uploads\/sites\/2\/2023\/02\/billetterie-ce-cse-jardin-camifolia-chemille-osez-maugesfontaine\u00a9F.Crampon-2-600x400.jpg 600w, https:\/\/www.osezmauges.fr\/evenements-pro\/wp-content\/uploads\/sites\/2\/2023\/02\/billetterie-ce-cse-jardin-camifolia-chemille-osez-maugesfontaine\u00a9F.Crampon-2-300x200.jpg 300w, https:\/\/www.osezmauges.fr\/evenements-pro\/wp-content\/uploads\/sites\/2\/2023\/02\/billetterie-ce-cse-jardin-camifolia-chemille-osez-maugesfontaine\u00a9F.Crampon-2-900x600.jpg 900w, https:\/\/www.osezmauges.fr\/evenements-pro\/wp-content\/uploads\/sites\/2\/2023\/02\/billetterie-ce-cse-jardin-camifolia-chemille-osez-maugesfontaine\u00a9F.Crampon-2-650x433.jpg 650w\" sizes=\"(max-width: 1200px) 100vw, 1200px\" \/><figcaption class=\"wp-element-caption\">Jardin Camifolia \u00a9F.Crampon<\/figcaption><\/figure>\n\n\n\n<figure class=\"wp-block-image size-large\"><img width=\"1200\" height=\"800\" data-id=\"10604\" data-src=\"https:\/\/www.osezmauges.fr\/evenements-pro\/wp-content\/uploads\/sites\/2\/2023\/02\/billetterie-ce-cse-canoe-loire-la-kayak-champtoceaux-anjou-\u00a9Sylvain-LE-BOURDONNEC-Ma-Vie-en-LoireAtlantique.jpg\" alt=\"\" class=\"wp-image-10604\" srcset=\"https:\/\/www.osezmauges.fr\/evenements-pro\/wp-content\/uploads\/sites\/2\/2023\/02\/billetterie-ce-cse-canoe-loire-la-kayak-champtoceaux-anjou-\u00a9Sylvain-LE-BOURDONNEC-Ma-Vie-en-LoireAtlantique.jpg 1200w, https:\/\/www.osezmauges.fr\/evenements-pro\/wp-content\/uploads\/sites\/2\/2023\/02\/billetterie-ce-cse-canoe-loire-la-kayak-champtoceaux-anjou-\u00a9Sylvain-LE-BOURDONNEC-Ma-Vie-en-LoireAtlantique-600x400.jpg 600w, https:\/\/www.osezmauges.fr\/evenements-pro\/wp-content\/uploads\/sites\/2\/2023\/02\/billetterie-ce-cse-canoe-loire-la-kayak-champtoceaux-anjou-\u00a9Sylvain-LE-BOURDONNEC-Ma-Vie-en-LoireAtlantique-300x200.jpg 300w, https:\/\/www.osezmauges.fr\/evenements-pro\/wp-content\/uploads\/sites\/2\/2023\/02\/billetterie-ce-cse-canoe-loire-la-kayak-champtoceaux-anjou-\u00a9Sylvain-LE-BOURDONNEC-Ma-Vie-en-LoireAtlantique-900x600.jpg 900w, https:\/\/www.osezmauges.fr\/evenements-pro\/wp-content\/uploads\/sites\/2\/2023\/02\/billetterie-ce-cse-canoe-loire-la-kayak-champtoceaux-anjou-\u00a9Sylvain-LE-BOURDONNEC-Ma-Vie-en-LoireAtlantique-650x433.jpg 650w\" sizes=\"(max-width: 1200px) 100vw, 1200px\" \/><figcaption class=\"wp-element-caption\">Kayak sur la Loire \u00a9Sylvain Le Bourdonnec &#8211; Ma Vie en Loire Atlantique<\/figcaption><\/figure>\n<\/figure>\n\n\n\n<ul class=\"wp-block-list\">\n<li>Balade d&rsquo;1h30 sur la Loire \u00e0 bord du <strong>Bateau Vent d&rsquo;Soulair<\/strong> (Saint-Florent-le-Vieil)\n<ul class=\"wp-block-list\">\n<li>Billet adulte : 18 \u20ac au lieu de 20 \u20ac <\/li>\n<\/ul>\n<\/li>\n\n\n\n<li>Croisi\u00e8re \u00e0 bord du <strong>Bateau La Lig\u00e9riade II<\/strong> (Montjean-sur-Loire)\n<ul class=\"wp-block-list\">\n<li>Billet adulte : 14,30 \u20ac au lieu de 15 \u20ac<\/li>\n\n\n\n<li>Billet enfant : 8,50 \u20ac au lieu de 9 \u20ac <\/li>\n<\/ul>\n<\/li>\n\n\n\n<li>Visite libre au <strong>Jardin Camifolia<\/strong> (Chemill\u00e9)\n<ul class=\"wp-block-list\">\n<li>Billet adulte : 6 \u20ac au lieu de 7 \u20ac <\/li>\n<\/ul>\n<\/li>\n\n\n\n<li>Escape Game \u00e0 <strong>Cap Loire <\/strong>(Montjean-sur-Loire)\n<ul class=\"wp-block-list\">\n<li>Billet adulte : 14 \u20ac au lieu de 15 \u20ac <\/li>\n<\/ul>\n<\/li>\n<\/ul>\n\n\n\n<p>Et vous, quelle activit\u00e9 vous fera plaisir&nbsp;?<\/p>\n\n\n\n<div class=\"wp-block-buttons is-horizontal is-content-justification-center is-layout-flex wp-container-core-buttons-is-layout-499968f5 wp-block-buttons-is-layout-flex\">\n<div class=\"wp-block-button\"><a class=\"wp-block-button__link wp-element-button\" href=\"https:\/\/boutique.osezmauges.fr\/billetterie-et-idees-cadeaux\/billetterie-cse\" target=\"_blank\" rel=\"noreferrer noopener\">Faites plaisir \u00e0 vos collaborateurs sur notre boutique en ligne<\/a><\/div>\n<\/div>\n\n\n\n<h2 class=\"wp-block-heading\">Des r\u00e9ductions pour vos spectacles ! <\/h2>\n\n\n\n<p>Concerts, spectacles son et lumi\u00e8re ou encore th\u00e9\u00e2tres, d\u00e9couvrez une large programmation culturelle dans les Mauges \u00e0 tarif pr\u00e9f\u00e9rentiel : <\/p>\n\n\n\n<ul class=\"wp-block-list\">\n<li><strong>Sc\u00e8nes de Pays<\/strong> propose une programmation artistique vari\u00e9e, itin\u00e9rante et \u00e0 destination de tous publics, tout au long de l\u2019ann\u00e9e et partout dans les Mauges.\n<ul class=\"wp-block-list\">\n<li>Cat. A+ : 32 \u20ac au lieu de 35 \u20ac<\/li>\n\n\n\n<li>Cat. A : 24 \u20ac au lieu de 26 \u20ac<\/li>\n\n\n\n<li>Cat. B : 14 \u20ac au lieu de 16 \u20ac<\/li>\n<\/ul>\n<\/li>\n<\/ul>\n\n\n\n<div class=\"wp-block-buttons is-horizontal is-content-justification-center is-layout-flex wp-container-core-buttons-is-layout-499968f5 wp-block-buttons-is-layout-flex\">\n<div class=\"wp-block-button\"><a class=\"wp-block-button__link wp-element-button\" href=\"https:\/\/boutique.osezmauges.fr\/billetterie-et-idees-cadeaux\/billetterie-cse\" target=\"_blank\" rel=\"noreferrer noopener\">Je d\u00e9couvre la billetterie spectacle<\/a><\/div>\n<\/div>\n\n\n\n<h2 class=\"wp-block-heading\">Comment fonctionne la billetterie CE&nbsp;?<\/h2>\n\n\n\n<p>Rien de plus simple pour obtenir vos <strong>billets \u00e0 tarif pr\u00e9f\u00e9rentiel<\/strong> gr\u00e2ce \u00e0 un compte sp\u00e9cial d\u00e9di\u00e9 au CE&nbsp;:<\/p>\n\n\n\n<ol class=\"wp-block-list\">\n<li>Contactez-nous par t\u00e9l\u00e9phone au 02 85 29 99 99 ou par mail <a href=\"mailto:evenements-pro@osezmauges.fr\">evenements-pro@osezmauges.fr<\/a> afin de cr\u00e9er un code promo d\u00e9di\u00e9 \u00e0 votre CSE<\/li>\n\n\n\n<li>Connectez-vous \u00e0 notre boutique en ligne\u00a0: <a href=\"https:\/\/boutique.osezmauges.fr\/billetterie-et-idees-cadeaux\/billetterie-cse\">boutique.osezmauges.fr<\/a> et acc\u00e9dez \u00e0 vos r\u00e9ductions<\/li>\n\n\n\n<li>R\u00e9glez directement en carte bancaire et recevez vos billets par mail <\/li>\n<\/ol>\n\n\n\n<figure class=\"wp-block-gallery alignwide has-nested-images columns-default is-cropped wp-block-gallery-3 is-layout-flex wp-block-gallery-is-layout-flex\">\n<figure class=\"wp-block-image size-large\"><img width=\"1200\" height=\"800\" data-id=\"673\" data-src=\"https:\/\/www.osezmauges.fr\/evenements-pro\/wp-content\/uploads\/sites\/2\/2021\/10\/6-billetterie-ce-jardin-camifolia-chemille-anjou-\u00a9DDrouet.jpg\" alt=\"\" class=\"wp-image-673\" srcset=\"https:\/\/www.osezmauges.fr\/evenements-pro\/wp-content\/uploads\/sites\/2\/2021\/10\/6-billetterie-ce-jardin-camifolia-chemille-anjou-\u00a9DDrouet.jpg 1200w, https:\/\/www.osezmauges.fr\/evenements-pro\/wp-content\/uploads\/sites\/2\/2021\/10\/6-billetterie-ce-jardin-camifolia-chemille-anjou-\u00a9DDrouet-600x400.jpg 600w, https:\/\/www.osezmauges.fr\/evenements-pro\/wp-content\/uploads\/sites\/2\/2021\/10\/6-billetterie-ce-jardin-camifolia-chemille-anjou-\u00a9DDrouet-300x200.jpg 300w, https:\/\/www.osezmauges.fr\/evenements-pro\/wp-content\/uploads\/sites\/2\/2021\/10\/6-billetterie-ce-jardin-camifolia-chemille-anjou-\u00a9DDrouet-900x600.jpg 900w, https:\/\/www.osezmauges.fr\/evenements-pro\/wp-content\/uploads\/sites\/2\/2021\/10\/6-billetterie-ce-jardin-camifolia-chemille-anjou-\u00a9DDrouet-650x433.jpg 650w\" sizes=\"(max-width: 1200px) 100vw, 1200px\" \/><figcaption class=\"wp-element-caption\">Jardin Camifolia \u00a9D.Drouet<\/figcaption><\/figure>\n\n\n\n<figure class=\"wp-block-image size-large\"><img width=\"1200\" height=\"800\" data-id=\"14756\" data-src=\"https:\/\/www.osezmauges.fr\/evenements-pro\/wp-content\/uploads\/sites\/2\/2025\/03\/eglise-st-symphorien-ligeriade-bateau-croisire-montjean-sur-loire-msl-osez-mauges-ete-2023-\u00a9DDrouet.jpg\" alt=\"\" class=\"wp-image-14756\" srcset=\"https:\/\/www.osezmauges.fr\/evenements-pro\/wp-content\/uploads\/sites\/2\/2025\/03\/eglise-st-symphorien-ligeriade-bateau-croisire-montjean-sur-loire-msl-osez-mauges-ete-2023-\u00a9DDrouet.jpg 1200w, https:\/\/www.osezmauges.fr\/evenements-pro\/wp-content\/uploads\/sites\/2\/2025\/03\/eglise-st-symphorien-ligeriade-bateau-croisire-montjean-sur-loire-msl-osez-mauges-ete-2023-\u00a9DDrouet-600x400.jpg 600w, https:\/\/www.osezmauges.fr\/evenements-pro\/wp-content\/uploads\/sites\/2\/2025\/03\/eglise-st-symphorien-ligeriade-bateau-croisire-montjean-sur-loire-msl-osez-mauges-ete-2023-\u00a9DDrouet-300x200.jpg 300w, https:\/\/www.osezmauges.fr\/evenements-pro\/wp-content\/uploads\/sites\/2\/2025\/03\/eglise-st-symphorien-ligeriade-bateau-croisire-montjean-sur-loire-msl-osez-mauges-ete-2023-\u00a9DDrouet-900x600.jpg 900w, https:\/\/www.osezmauges.fr\/evenements-pro\/wp-content\/uploads\/sites\/2\/2025\/03\/eglise-st-symphorien-ligeriade-bateau-croisire-montjean-sur-loire-msl-osez-mauges-ete-2023-\u00a9DDrouet-650x433.jpg 650w\" sizes=\"(max-width: 1200px) 100vw, 1200px\" \/><figcaption class=\"wp-element-caption\">Croisi\u00e8re sur la Loire \u00a9D.Drouet<\/figcaption><\/figure>\n<\/figure>\n\n\n\n<div class=\"wp-block wp-block-related-post clear alignfull\">\n    <div class=\"container\">\n\n        <div class=\"article\">\n\t\t                    <h2 class=\"wp-block-related-post-title\">Pour vos collaborateurs ou clients\u2026<\/h2>\n\t\t    \n\t\t            <\/div>\n\n\t    \n            <div class=\"wp-block-related-post-inner\">\n                <div   data-slides-per-view=\"4\">\n                    <div class=\"wp-block-related-post-list wp-block-related-post-list-3\">\n\t\t\t\t\t    \n<div class=\"entityItem\"      data-trigger=\"wpiris-click\">\n    <p class=\"entityItemThumbnail\">\n        <a href=\"https:\/\/www.osezmauges.fr\/evenements-pro\/cadeaux-entreprises\/idee-cadeau-entreprise-experience\/\" nofancybox>\n            <img src=\n            \"https:\/\/www.osezmauges.fr\/evenements-pro\/wp-content\/uploads\/sites\/2\/2021\/10\/1-loire-patache-vue-aerienne-oa-champtoceaux-osezmauges-anjou-\u00a9D.Drouet-380x430.jpg\" alt=\"Cadeaux d\u2019entreprise : des exp\u00e9riences authentiques dans les Mauges\">\n        <\/a>\n    <\/p>\n        <div class=\"entityItemContent\">\n        \n        \n        <h3 class=\"entityItemContentTitle\">        <a href=\"https:\/\/www.osezmauges.fr\/evenements-pro\/cadeaux-entreprises\/idee-cadeau-entreprise-experience\/\">Cadeaux d\u2019entreprise : des exp\u00e9riences authentiques dans les Mauges<\/a>\n        <\/h3>\n            <\/div>\n\n    \n    <\/div>\n\n<div class=\"entityItem\"      data-trigger=\"wpiris-click\">\n    <p class=\"entityItemThumbnail\">\n        <a href=\"https:\/\/www.osezmauges.fr\/evenements-pro\/cadeaux-entreprises\/les-cheques-kdomauges\/\" nofancybox>\n            <img src=\n            \"https:\/\/www.osezmauges.fr\/evenements-pro\/wp-content\/uploads\/sites\/2\/2021\/10\/1-cheques-kdo-osezmauges-anjou-\u00a9MB-1-380x430.jpg\" alt=\"4 bonnes raisons d\u2019offrir des ch\u00e8ques KD\u00f4Mauges \u00e0 vos salari\u00e9s\">\n        <\/a>\n    <\/p>\n        <div class=\"entityItemContent\">\n        \n        \n        <h3 class=\"entityItemContentTitle\">        <a href=\"https:\/\/www.osezmauges.fr\/evenements-pro\/cadeaux-entreprises\/les-cheques-kdomauges\/\">4 bonnes raisons d\u2019offrir des ch\u00e8ques KD\u00f4Mauges \u00e0 vos salari\u00e9s<\/a>\n        <\/h3>\n            <\/div>\n\n    \n    <\/div>\n\n<div class=\"entityItem\"      data-trigger=\"wpiris-click\">\n    <p class=\"entityItemThumbnail\">\n        <a href=\"https:\/\/www.osezmauges.fr\/evenements-pro\/cadeaux-entreprises\/cadeaux-entreprise-produits-locaux\/\" nofancybox>\n            <img src=\n            \"https:\/\/www.osezmauges.fr\/evenements-pro\/wp-content\/uploads\/sites\/2\/2024\/09\/coffret-terroir-mauges-anjou-\u00a9J.Bomard-380x430.jpg\" alt=\"Nos id\u00e9es de cadeaux gourmands pour vos salari\u00e9s\">\n        <\/a>\n    <\/p>\n        <div class=\"entityItemContent\">\n        \n        \n        <h3 class=\"entityItemContentTitle\">        <a href=\"https:\/\/www.osezmauges.fr\/evenements-pro\/cadeaux-entreprises\/cadeaux-entreprise-produits-locaux\/\">Nos id\u00e9es de cadeaux gourmands pour vos salari\u00e9s<\/a>\n        <\/h3>\n            <\/div>\n\n    \n    <\/div>\n                    <\/div>\n                <\/div>\n            <\/div>\n\n        \n    <\/div>\n<\/div>","protected":false},"excerpt":{"rendered":"<p>Faites plaisir \u00e0 vos collaborateurs ou clients gr\u00e2ce \u00e0 une billetterie CE \u00e0 tarif pr\u00e9f\u00e9rentiel. Des cadeaux uniques pour r\u00e9compenser ou marquer un \u00e9v\u00e9nement dans la vie de votre entreprise. Bateaux ou encore spectacles sont \u00e0 votre port\u00e9e avec un acc\u00e8s sp\u00e9cialement d\u00e9di\u00e9 pour vous&nbsp;! Bateau, jardin ou escape game : nos activit\u00e9s \u00e0 tarif [&hellip;]<\/p>\n","protected":false},"author":1,"featured_media":668,"parent":0,"menu_order":6,"comment_status":"closed","ping_status":"closed","template":"","meta":{"_relevanssi_hide_post":"","_relevanssi_hide_content":"","_relevanssi_pin_for_all":"","_relevanssi_pin_keywords":"","_relevanssi_unpin_keywords":"","_relevanssi_related_keywords":"","_relevanssi_related_include_ids":"","_relevanssi_related_exclude_ids":"","_relevanssi_related_no_append":"","_relevanssi_related_not_related":"","_relevanssi_related_posts":"1","_relevanssi_noindex_reason":"","footnotes":""},"class_list":["post-17","page","type-page","status-publish","has-post-thumbnail","hentry"],"acf":[],"yoast_head":"<!-- This site is optimized with the Yoast SEO plugin v26.9 - https:\/\/yoast.com\/product\/yoast-seo-wordpress\/ -->\n<title>Billetterie CE : activit\u00e9s nature et culture \u00e0 tarif pr\u00e9f\u00e9rentiel<\/title>\n<meta name=\"description\" content=\"Des billets \u00e0 tarif pr\u00e9f\u00e9rentiel pour vos clients ou votre \u00e9quipe : bateaux, spectacles, montgolfi\u00e8res, cano\u00eb\u2026\" \/>\n<meta name=\"robots\" content=\"index, follow, max-snippet:-1, max-image-preview:large, max-video-preview:-1\" \/>\n<link rel=\"canonical\" href=\"https:\/\/www.osezmauges.fr\/evenements-pro\/billetterie-ce\/\" \/>\n<meta property=\"og:locale\" content=\"fr_FR\" \/>\n<meta property=\"og:type\" content=\"article\" \/>\n<meta property=\"og:title\" content=\"Billetterie CE : activit\u00e9s nature et culture \u00e0 tarif pr\u00e9f\u00e9rentiel\" \/>\n<meta property=\"og:description\" content=\"Des billets \u00e0 tarif pr\u00e9f\u00e9rentiel pour vos clients ou votre \u00e9quipe : bateaux, spectacles, montgolfi\u00e8res, cano\u00eb\u2026\" \/>\n<meta property=\"og:url\" content=\"https:\/\/www.osezmauges.fr\/evenements-pro\/billetterie-ce\/\" \/>\n<meta property=\"og:site_name\" content=\"Osez Mauges - Tourisme d&#039;affaire\" \/>\n<meta property=\"article:modified_time\" content=\"2026-02-11T15:05:29+00:00\" \/>\n<meta property=\"og:image\" content=\"https:\/\/www.osezmauges.fr\/evenements-pro\/wp-content\/uploads\/sites\/2\/2021\/10\/1-billetterie-ce-entreprise-bateau-ligeriade-montjean-loire-anjou-\u00a9D.Drouet.jpg\" \/>\n\t<meta property=\"og:image:width\" content=\"1450\" \/>\n\t<meta property=\"og:image:height\" content=\"966\" \/>\n\t<meta property=\"og:image:type\" content=\"image\/jpeg\" \/>\n<meta name=\"twitter:card\" content=\"summary_large_image\" \/>\n<meta name=\"twitter:label1\" content=\"Dur\u00e9e de lecture estim\u00e9e\" \/>\n\t<meta name=\"twitter:data1\" content=\"4 minutes\" \/>\n<script type=\"application\/ld+json\" class=\"yoast-schema-graph\">{\"@context\":\"https:\/\/schema.org\",\"@graph\":[{\"@type\":\"WebPage\",\"@id\":\"https:\/\/www.osezmauges.fr\/evenements-pro\/billetterie-ce\/\",\"url\":\"https:\/\/www.osezmauges.fr\/evenements-pro\/billetterie-ce\/\",\"name\":\"Billetterie CE : activit\u00e9s nature et culture \u00e0 tarif pr\u00e9f\u00e9rentiel\",\"isPartOf\":{\"@id\":\"https:\/\/www.osezmauges.fr\/evenements-pro\/#website\"},\"primaryImageOfPage\":{\"@id\":\"https:\/\/www.osezmauges.fr\/evenements-pro\/billetterie-ce\/#primaryimage\"},\"image\":{\"@id\":\"https:\/\/www.osezmauges.fr\/evenements-pro\/billetterie-ce\/#primaryimage\"},\"thumbnailUrl\":\"https:\/\/www.osezmauges.fr\/evenements-pro\/wp-content\/uploads\/sites\/2\/2021\/10\/1-billetterie-ce-entreprise-bateau-ligeriade-montjean-loire-anjou-\u00a9D.Drouet.jpg\",\"datePublished\":\"2021-09-02T15:39:30+00:00\",\"dateModified\":\"2026-02-11T15:05:29+00:00\",\"description\":\"Des billets \u00e0 tarif pr\u00e9f\u00e9rentiel pour vos clients ou votre \u00e9quipe : bateaux, spectacles, montgolfi\u00e8res, cano\u00eb\u2026\",\"breadcrumb\":{\"@id\":\"https:\/\/www.osezmauges.fr\/evenements-pro\/billetterie-ce\/#breadcrumb\"},\"inLanguage\":\"fr-FR\",\"potentialAction\":[{\"@type\":\"ReadAction\",\"target\":[\"https:\/\/www.osezmauges.fr\/evenements-pro\/billetterie-ce\/\"]}]},{\"@type\":\"ImageObject\",\"inLanguage\":\"fr-FR\",\"@id\":\"https:\/\/www.osezmauges.fr\/evenements-pro\/billetterie-ce\/#primaryimage\",\"url\":\"https:\/\/www.osezmauges.fr\/evenements-pro\/wp-content\/uploads\/sites\/2\/2021\/10\/1-billetterie-ce-entreprise-bateau-ligeriade-montjean-loire-anjou-\u00a9D.Drouet.jpg\",\"contentUrl\":\"https:\/\/www.osezmauges.fr\/evenements-pro\/wp-content\/uploads\/sites\/2\/2021\/10\/1-billetterie-ce-entreprise-bateau-ligeriade-montjean-loire-anjou-\u00a9D.Drouet.jpg\",\"width\":1450,\"height\":966},{\"@type\":\"BreadcrumbList\",\"@id\":\"https:\/\/www.osezmauges.fr\/evenements-pro\/billetterie-ce\/#breadcrumb\",\"itemListElement\":[{\"@type\":\"ListItem\",\"position\":1,\"name\":\"Accueil\",\"item\":\"https:\/\/www.osezmauges.fr\/evenements-pro\/\"},{\"@type\":\"ListItem\",\"position\":2,\"name\":\"Billetterie CE : activit\u00e9s nature et culturelles \u00e0 tarif pr\u00e9f\u00e9rentiel\"}]},{\"@type\":\"WebSite\",\"@id\":\"https:\/\/www.osezmauges.fr\/evenements-pro\/#website\",\"url\":\"https:\/\/www.osezmauges.fr\/evenements-pro\/\",\"name\":\"Osez Mauges - Tourisme d&#039;affaire\",\"description\":\"\u00d4sez Mauges\",\"potentialAction\":[{\"@type\":\"SearchAction\",\"target\":{\"@type\":\"EntryPoint\",\"urlTemplate\":\"https:\/\/www.osezmauges.fr\/evenements-pro\/?s={search_term_string}\"},\"query-input\":{\"@type\":\"PropertyValueSpecification\",\"valueRequired\":true,\"valueName\":\"search_term_string\"}}],\"inLanguage\":\"fr-FR\"}]}<\/script>\n<!-- \/ Yoast SEO plugin. -->","yoast_head_json":{"title":"Billetterie CE : activit\u00e9s nature et culture \u00e0 tarif pr\u00e9f\u00e9rentiel","description":"Des billets \u00e0 tarif pr\u00e9f\u00e9rentiel pour vos clients ou votre \u00e9quipe : bateaux, spectacles, montgolfi\u00e8res, cano\u00eb\u2026","robots":{"index":"index","follow":"follow","max-snippet":"max-snippet:-1","max-image-preview":"max-image-preview:large","max-video-preview":"max-video-preview:-1"},"canonical":"https:\/\/www.osezmauges.fr\/evenements-pro\/billetterie-ce\/","og_locale":"fr_FR","og_type":"article","og_title":"Billetterie CE : activit\u00e9s nature et culture \u00e0 tarif pr\u00e9f\u00e9rentiel","og_description":"Des billets \u00e0 tarif pr\u00e9f\u00e9rentiel pour vos clients ou votre \u00e9quipe : bateaux, spectacles, montgolfi\u00e8res, cano\u00eb\u2026","og_url":"https:\/\/www.osezmauges.fr\/evenements-pro\/billetterie-ce\/","og_site_name":"Osez Mauges - Tourisme d&#039;affaire","article_modified_time":"2026-02-11T15:05:29+00:00","og_image":[{"width":1450,"height":966,"url":"https:\/\/www.osezmauges.fr\/evenements-pro\/wp-content\/uploads\/sites\/2\/2021\/10\/1-billetterie-ce-entreprise-bateau-ligeriade-montjean-loire-anjou-\u00a9D.Drouet.jpg","type":"image\/jpeg"}],"twitter_card":"summary_large_image","twitter_misc":{"Dur\u00e9e de lecture estim\u00e9e":"4 minutes"},"schema":{"@context":"https:\/\/schema.org","@graph":[{"@type":"WebPage","@id":"https:\/\/www.osezmauges.fr\/evenements-pro\/billetterie-ce\/","url":"https:\/\/www.osezmauges.fr\/evenements-pro\/billetterie-ce\/","name":"Billetterie CE : activit\u00e9s nature et culture \u00e0 tarif pr\u00e9f\u00e9rentiel","isPartOf":{"@id":"https:\/\/www.osezmauges.fr\/evenements-pro\/#website"},"primaryImageOfPage":{"@id":"https:\/\/www.osezmauges.fr\/evenements-pro\/billetterie-ce\/#primaryimage"},"image":{"@id":"https:\/\/www.osezmauges.fr\/evenements-pro\/billetterie-ce\/#primaryimage"},"thumbnailUrl":"https:\/\/www.osezmauges.fr\/evenements-pro\/wp-content\/uploads\/sites\/2\/2021\/10\/1-billetterie-ce-entreprise-bateau-ligeriade-montjean-loire-anjou-\u00a9D.Drouet.jpg","datePublished":"2021-09-02T15:39:30+00:00","dateModified":"2026-02-11T15:05:29+00:00","description":"Des billets \u00e0 tarif pr\u00e9f\u00e9rentiel pour vos clients ou votre \u00e9quipe : bateaux, spectacles, montgolfi\u00e8res, cano\u00eb\u2026","breadcrumb":{"@id":"https:\/\/www.osezmauges.fr\/evenements-pro\/billetterie-ce\/#breadcrumb"},"inLanguage":"fr-FR","potentialAction":[{"@type":"ReadAction","target":["https:\/\/www.osezmauges.fr\/evenements-pro\/billetterie-ce\/"]}]},{"@type":"ImageObject","inLanguage":"fr-FR","@id":"https:\/\/www.osezmauges.fr\/evenements-pro\/billetterie-ce\/#primaryimage","url":"https:\/\/www.osezmauges.fr\/evenements-pro\/wp-content\/uploads\/sites\/2\/2021\/10\/1-billetterie-ce-entreprise-bateau-ligeriade-montjean-loire-anjou-\u00a9D.Drouet.jpg","contentUrl":"https:\/\/www.osezmauges.fr\/evenements-pro\/wp-content\/uploads\/sites\/2\/2021\/10\/1-billetterie-ce-entreprise-bateau-ligeriade-montjean-loire-anjou-\u00a9D.Drouet.jpg","width":1450,"height":966},{"@type":"BreadcrumbList","@id":"https:\/\/www.osezmauges.fr\/evenements-pro\/billetterie-ce\/#breadcrumb","itemListElement":[{"@type":"ListItem","position":1,"name":"Accueil","item":"https:\/\/www.osezmauges.fr\/evenements-pro\/"},{"@type":"ListItem","position":2,"name":"Billetterie CE : activit\u00e9s nature et culturelles \u00e0 tarif pr\u00e9f\u00e9rentiel"}]},{"@type":"WebSite","@id":"https:\/\/www.osezmauges.fr\/evenements-pro\/#website","url":"https:\/\/www.osezmauges.fr\/evenements-pro\/","name":"Osez Mauges - Tourisme d&#039;affaire","description":"\u00d4sez Mauges","potentialAction":[{"@type":"SearchAction","target":{"@type":"EntryPoint","urlTemplate":"https:\/\/www.osezmauges.fr\/evenements-pro\/?s={search_term_string}"},"query-input":{"@type":"PropertyValueSpecification","valueRequired":true,"valueName":"search_term_string"}}],"inLanguage":"fr-FR"}]}},"_links":{"self":[{"href":"https:\/\/www.osezmauges.fr\/evenements-pro\/wp-json\/wp\/v2\/pages\/17","targetHints":{"allow":["GET"]}}],"collection":[{"href":"https:\/\/www.osezmauges.fr\/evenements-pro\/wp-json\/wp\/v2\/pages"}],"about":[{"href":"https:\/\/www.osezmauges.fr\/evenements-pro\/wp-json\/wp\/v2\/types\/page"}],"author":[{"embeddable":true,"href":"https:\/\/www.osezmauges.fr\/evenements-pro\/wp-json\/wp\/v2\/users\/1"}],"replies":[{"embeddable":true,"href":"https:\/\/www.osezmauges.fr\/evenements-pro\/wp-json\/wp\/v2\/comments?post=17"}],"version-history":[{"count":26,"href":"https:\/\/www.osezmauges.fr\/evenements-pro\/wp-json\/wp\/v2\/pages\/17\/revisions"}],"predecessor-version":[{"id":18313,"href":"https:\/\/www.osezmauges.fr\/evenements-pro\/wp-json\/wp\/v2\/pages\/17\/revisions\/18313"}],"wp:featuredmedia":[{"embeddable":true,"href":"https:\/\/www.osezmauges.fr\/evenements-pro\/wp-json\/wp\/v2\/media\/668"}],"wp:attachment":[{"href":"https:\/\/www.osezmauges.fr\/evenements-pro\/wp-json\/wp\/v2\/media?parent=17"}],"curies":[{"name":"wp","href":"https:\/\/api.w.org\/{rel}","templated":true}]}}