{"id":19533,"date":"2026-05-10T20:43:01","date_gmt":"2026-05-10T18:43:01","guid":{"rendered":"https:\/\/www.osezmauges.fr\/evenements-pro\/?page_id=19533"},"modified":"2026-05-10T20:45:33","modified_gmt":"2026-05-10T18:45:33","slug":"teambuilding-louet-evasion","status":"publish","type":"page","link":"https:\/\/www.osezmauges.fr\/evenements-pro\/organiser-son-evenement-pro\/team-building-angers-nantes-cholet\/activites-sportives\/teambuilding-louet-evasion\/","title":{"rendered":"Sortie cano\u00eb, kayak ou paddle avec Louet Evasion"},"content":{"rendered":"\n<div class=\"wp-block-columns is-layout-flex wp-container-core-columns-is-layout-9d6595d7 wp-block-columns-is-layout-flex\">\n<div class=\"wp-block-column is-layout-flow wp-block-column-is-layout-flow\">\n<p class=\"is-style-excerpt\">Faites l&rsquo;exp\u00e9rience d&rsquo;une sortie cano\u00eb, kayak ou paddle sur la Loire et le Louet. Au d\u00e9part de Montjean-sur-Loire ou de Chalonnes, partez \u00e0 la d\u00e9couverte de paysages naturels lors d&rsquo;une activit\u00e9 accessible et conviviale. Profitez d&rsquo;un moment privil\u00e9gi\u00e9 au fil de l&rsquo;eau, pour d\u00e9compresser ou souder vos \u00e9quipes.<\/p>\n<\/div>\n\n\n\n<div class=\"wp-block-column is-layout-flow wp-block-column-is-layout-flow\"><div class=\"wp-block wp-block-highlight\">\n                <p class=\"wp-block-highlight-item wp-block-highlight-excerpt\">Quai des Mariniers<br>Montjean-sur-Loire<br>49570 MAUGES-SUR-LOIRE<br><br>Votre contact : <strong>Pierre-Alexandre CADY<\/strong><br>06 81 87 64 86<br>louetevasion@gmail.com<br><a href=\"https:\/\/louetevasion.com\/\" type=\"link\" id=\"https:\/\/louetevasion.com\/\" target=\"_blank\" rel=\"noreferrer noopener\">Site<\/a><\/p>\n    <\/div><\/div>\n<\/div>\n\n\n\n<figure class=\"wp-block-gallery alignwide has-nested-images columns-default is-cropped wp-block-gallery-1 is-layout-flex wp-block-gallery-is-layout-flex\">\n<figure class=\"wp-block-image size-large\"><img width=\"1200\" height=\"675\" data-id=\"19535\" data-src=\"https:\/\/www.osezmauges.fr\/evenements-pro\/wp-content\/uploads\/sites\/2\/2026\/05\/capture-ecran-sejour-velo-kayak-video-osez-mauges-canoe-loire-\u00a9S.Chaffaut.png\" alt=\"\" class=\"wp-image-19535\" srcset=\"https:\/\/www.osezmauges.fr\/evenements-pro\/wp-content\/uploads\/sites\/2\/2026\/05\/capture-ecran-sejour-velo-kayak-video-osez-mauges-canoe-loire-\u00a9S.Chaffaut.png 1200w, https:\/\/www.osezmauges.fr\/evenements-pro\/wp-content\/uploads\/sites\/2\/2026\/05\/capture-ecran-sejour-velo-kayak-video-osez-mauges-canoe-loire-\u00a9S.Chaffaut-600x338.png 600w, https:\/\/www.osezmauges.fr\/evenements-pro\/wp-content\/uploads\/sites\/2\/2026\/05\/capture-ecran-sejour-velo-kayak-video-osez-mauges-canoe-loire-\u00a9S.Chaffaut-300x169.png 300w, https:\/\/www.osezmauges.fr\/evenements-pro\/wp-content\/uploads\/sites\/2\/2026\/05\/capture-ecran-sejour-velo-kayak-video-osez-mauges-canoe-loire-\u00a9S.Chaffaut-900x506.png 900w, https:\/\/www.osezmauges.fr\/evenements-pro\/wp-content\/uploads\/sites\/2\/2026\/05\/capture-ecran-sejour-velo-kayak-video-osez-mauges-canoe-loire-\u00a9S.Chaffaut-650x366.png 650w\" sizes=\"(max-width: 1200px) 100vw, 1200px\" \/><\/figure>\n\n\n\n<figure class=\"wp-block-image size-large\"><img width=\"1024\" height=\"682\" data-id=\"19534\" data-src=\"https:\/\/www.osezmauges.fr\/evenements-pro\/wp-content\/uploads\/sites\/2\/2026\/05\/5-canoe-kayak-montjean-sur-loire\u00a9D.Drouet.jpg\" alt=\"\" class=\"wp-image-19534\" srcset=\"https:\/\/www.osezmauges.fr\/evenements-pro\/wp-content\/uploads\/sites\/2\/2026\/05\/5-canoe-kayak-montjean-sur-loire\u00a9D.Drouet.jpg 1024w, https:\/\/www.osezmauges.fr\/evenements-pro\/wp-content\/uploads\/sites\/2\/2026\/05\/5-canoe-kayak-montjean-sur-loire\u00a9D.Drouet-600x400.jpg 600w, https:\/\/www.osezmauges.fr\/evenements-pro\/wp-content\/uploads\/sites\/2\/2026\/05\/5-canoe-kayak-montjean-sur-loire\u00a9D.Drouet-300x200.jpg 300w, https:\/\/www.osezmauges.fr\/evenements-pro\/wp-content\/uploads\/sites\/2\/2026\/05\/5-canoe-kayak-montjean-sur-loire\u00a9D.Drouet-900x599.jpg 900w, https:\/\/www.osezmauges.fr\/evenements-pro\/wp-content\/uploads\/sites\/2\/2026\/05\/5-canoe-kayak-montjean-sur-loire\u00a9D.Drouet-650x433.jpg 650w\" sizes=\"(max-width: 1024px) 100vw, 1024px\" \/><\/figure>\n<\/figure>\n\n\n\n<h2 class=\"wp-block-heading\">Pourquoi les choisir ?<\/h2>\n\n\n\n<ul class=\"wp-block-list\">\n<li>Une activit\u00e9 id\u00e9ale pour votre coh\u00e9sion d&rsquo;\u00e9quipe en grand comit\u00e9 (jusqu&rsquo;\u00e0 400 personnes)<br>Profitez d&rsquo;un cadre naturel exceptionnel sur la Loire sauvage \u00e0 seulement 30 minutes d&rsquo;Angers<br>Des parcours adaptables selon la dur\u00e9e et le niveau de votre \u00e9quipe, avec la possibilit\u00e9 de coupler les activit\u00e9s lors d&rsquo;une journ\u00e9e sportive (v\u00e9lo, olympiades\u2026) ou d&rsquo;une pause gourmande (guinguette\u2026) : concoctez votre teambuilding sur-mesure !<\/li>\n<\/ul>\n\n\n\n<figure class=\"wp-block-image alignwide size-full\"><img width=\"1200\" height=\"739\" data-src=\"https:\/\/www.osezmauges.fr\/evenements-pro\/wp-content\/uploads\/sites\/2\/2026\/05\/canoe-kayak-LLP-montjean-sur-loire-mauges-sur-loire\u00a9ML-Copie.jpg\" alt=\"\" class=\"wp-image-19536\" srcset=\"https:\/\/www.osezmauges.fr\/evenements-pro\/wp-content\/uploads\/sites\/2\/2026\/05\/canoe-kayak-LLP-montjean-sur-loire-mauges-sur-loire\u00a9ML-Copie.jpg 1200w, https:\/\/www.osezmauges.fr\/evenements-pro\/wp-content\/uploads\/sites\/2\/2026\/05\/canoe-kayak-LLP-montjean-sur-loire-mauges-sur-loire\u00a9ML-Copie-600x370.jpg 600w, https:\/\/www.osezmauges.fr\/evenements-pro\/wp-content\/uploads\/sites\/2\/2026\/05\/canoe-kayak-LLP-montjean-sur-loire-mauges-sur-loire\u00a9ML-Copie-300x185.jpg 300w, https:\/\/www.osezmauges.fr\/evenements-pro\/wp-content\/uploads\/sites\/2\/2026\/05\/canoe-kayak-LLP-montjean-sur-loire-mauges-sur-loire\u00a9ML-Copie-900x554.jpg 900w, https:\/\/www.osezmauges.fr\/evenements-pro\/wp-content\/uploads\/sites\/2\/2026\/05\/canoe-kayak-LLP-montjean-sur-loire-mauges-sur-loire\u00a9ML-Copie-650x400.jpg 650w, https:\/\/www.osezmauges.fr\/evenements-pro\/wp-content\/uploads\/sites\/2\/2026\/05\/canoe-kayak-LLP-montjean-sur-loire-mauges-sur-loire\u00a9ML-Copie-590x363.jpg 590w\" sizes=\"(max-width: 1200px) 100vw, 1200px\" \/><\/figure>\n\n\n\n<h3 class=\"wp-block-heading\">Caract\u00e9ristiques<\/h3>\n\n\n\n<ul class=\"wp-block-list\">\n<li>Navigation du 4 avril \u00e0 d\u00e9but novembre<br>Descente encadr\u00e9e (jusqu&rsquo;\u00e0 16 pers.) ou libre<br>Jusqu&rsquo;\u00e0 400 personnes (id\u00e9alement groupes de 50 \u00e0 150)<br>Location \u00e0 l&rsquo;heure, 1\/2 journ\u00e9e ou journ\u00e9e<br>Combinaison possible d&rsquo;activit\u00e9s : trottinettes \u00e9lectriques, v\u00e9lo, olympiades\u2026 et guinguette pour concocter une journ\u00e9e sur-mesure<\/li>\n<\/ul>\n\n\n\n<div class=\"wp-block wp-block-related-post clear alignfull\">\n    <div class=\"container\">\n\n        <div class=\"article\">\n\t\t                    <h2 class=\"wp-block-related-post-title\">Salles de s\u00e9minaire \u00e0 proximit\u00e9<\/h2>\n\t\t    \n\t\t            <\/div>\n\n\t    \n            <div class=\"wp-block-related-post-inner\">\n                <div   data-slides-per-view=\"4\">\n                    <div class=\"wp-block-related-post-list wp-block-related-post-list-3\">\n\t\t\t\t\t    \n<div class=\"entityItem\"      data-trigger=\"wpiris-click\">\n    <p class=\"entityItemThumbnail\">\n        <a href=\"https:\/\/www.osezmauges.fr\/evenements-pro\/organiser-son-evenement-pro\/salle-seminaire\/salle-seminaire-domaine-delaunay\/\" nofancybox>\n            <img src=\n            \"https:\/\/www.osezmauges.fr\/evenements-pro\/wp-content\/uploads\/sites\/2\/2024\/01\/vue-domaine-delaunay-montjean-sur-loire-MSL\u00a9EmmaDubus-8-380x430.jpg\" alt=\"Salle de s\u00e9minaire au Domaine Delaunay\">\n        <\/a>\n    <\/p>\n        <div class=\"entityItemContent\">\n        \n        \n        <h3 class=\"entityItemContentTitle\">        <a href=\"https:\/\/www.osezmauges.fr\/evenements-pro\/organiser-son-evenement-pro\/salle-seminaire\/salle-seminaire-domaine-delaunay\/\">Salle de s\u00e9minaire au Domaine Delaunay<\/a>\n        <\/h3>\n            <\/div>\n\n    \n    <\/div>\n\n<div class=\"entityItem\"      data-trigger=\"wpiris-click\">\n    <p class=\"entityItemThumbnail\">\n        <a href=\"https:\/\/www.osezmauges.fr\/evenements-pro\/organiser-son-evenement-pro\/salle-seminaire\/salle-seminaire-fief-cordeliers\/\" nofancybox>\n            <img src=\n            \"https:\/\/www.osezmauges.fr\/evenements-pro\/wp-content\/uploads\/sites\/2\/2021\/10\/1-salle-seminaire-fief-cordeliers-montjean-loire-anjou-\u00a9Stephane-Portier-380x430.jpg\" alt=\"Salle de s\u00e9minaire au Fief des Cordeliers\">\n        <\/a>\n    <\/p>\n        <div class=\"entityItemContent\">\n        \n        \n        <h3 class=\"entityItemContentTitle\">        <a href=\"https:\/\/www.osezmauges.fr\/evenements-pro\/organiser-son-evenement-pro\/salle-seminaire\/salle-seminaire-fief-cordeliers\/\">Salle de s\u00e9minaire au Fief des Cordeliers<\/a>\n        <\/h3>\n            <\/div>\n\n    \n    <\/div>\n\n<div class=\"entityItem\"      data-trigger=\"wpiris-click\">\n    <p class=\"entityItemThumbnail\">\n        <a href=\"https:\/\/www.osezmauges.fr\/evenements-pro\/organiser-son-evenement-pro\/salle-seminaire\/seminaire-congres-jardins-anjou\/\" nofancybox>\n            <img src=\n            \"https:\/\/www.osezmauges.fr\/evenements-pro\/wp-content\/uploads\/sites\/2\/2022\/02\/complexe-hotelier-jardins-anjou-la-pommeraye-\u00a9JDA-380x430.jpg\" alt=\"S\u00e9minaires, incentives et congr\u00e8s aux Jardins de l\u2019Anjou\">\n        <\/a>\n    <\/p>\n        <div class=\"entityItemContent\">\n        \n        \n        <h3 class=\"entityItemContentTitle\">        <a href=\"https:\/\/www.osezmauges.fr\/evenements-pro\/organiser-son-evenement-pro\/salle-seminaire\/seminaire-congres-jardins-anjou\/\">S\u00e9minaires, incentives et congr\u00e8s aux Jardins de l\u2019Anjou<\/a>\n        <\/h3>\n            <\/div>\n\n    \n    <\/div>\n                    <\/div>\n                <\/div>\n            <\/div>\n\n        \n    <\/div>\n<\/div>","protected":false},"excerpt":{"rendered":"<p>Faites l&rsquo;exp\u00e9rience d&rsquo;une sortie cano\u00eb, kayak ou paddle sur la Loire et le Louet. Au d\u00e9part de Montjean-sur-Loire ou de Chalonnes, partez \u00e0 la d\u00e9couverte de paysages naturels lors d&rsquo;une activit\u00e9 accessible et conviviale. Profitez d&rsquo;un moment privil\u00e9gi\u00e9 au fil de l&rsquo;eau, pour d\u00e9compresser ou souder vos \u00e9quipes. Pourquoi les choisir ? Caract\u00e9ristiques<\/p>\n","protected":false},"author":12,"featured_media":19537,"parent":12149,"menu_order":0,"comment_status":"closed","ping_status":"closed","template":"","meta":{"_relevanssi_hide_post":"","_relevanssi_hide_content":"","_relevanssi_pin_for_all":"","_relevanssi_pin_keywords":"","_relevanssi_unpin_keywords":"","_relevanssi_related_keywords":"","_relevanssi_related_include_ids":"","_relevanssi_related_exclude_ids":"","_relevanssi_related_no_append":"","_relevanssi_related_not_related":"","_relevanssi_related_posts":"11525,12005,10100,14069,7797,7053","_relevanssi_noindex_reason":"","footnotes":""},"class_list":["post-19533","page","type-page","status-publish","has-post-thumbnail","hentry"],"acf":[],"yoast_head":"<!-- This site is optimized with the Yoast SEO plugin v26.9 - https:\/\/yoast.com\/product\/yoast-seo-wordpress\/ -->\n<title>Sortie cano\u00eb, kayak ou paddle avec Louet Evasion pour votre s\u00e9minaire<\/title>\n<meta name=\"description\" content=\"Faites l&#039;exp\u00e9rience d&#039;une sortie cano\u00eb, kayak ou paddle sur la Loire \u00e0 30 minutes d&#039;Angers dans le Maine-et-Loire. L&#039;activit\u00e9 id\u00e9ale pour votre teambuilding\" \/>\n<meta name=\"robots\" content=\"index, follow, max-snippet:-1, max-image-preview:large, max-video-preview:-1\" \/>\n<link rel=\"canonical\" href=\"https:\/\/www.osezmauges.fr\/evenements-pro\/organiser-son-evenement-pro\/team-building-angers-nantes-cholet\/activites-sportives\/teambuilding-louet-evasion\/\" \/>\n<meta property=\"og:locale\" content=\"fr_FR\" \/>\n<meta property=\"og:type\" content=\"article\" \/>\n<meta property=\"og:title\" content=\"Sortie cano\u00eb, kayak ou paddle avec Louet Evasion pour votre s\u00e9minaire\" \/>\n<meta property=\"og:description\" content=\"Faites l&#039;exp\u00e9rience d&#039;une sortie cano\u00eb, kayak ou paddle sur la Loire \u00e0 30 minutes d&#039;Angers dans le Maine-et-Loire. L&#039;activit\u00e9 id\u00e9ale pour votre teambuilding\" \/>\n<meta property=\"og:url\" content=\"https:\/\/www.osezmauges.fr\/evenements-pro\/organiser-son-evenement-pro\/team-building-angers-nantes-cholet\/activites-sportives\/teambuilding-louet-evasion\/\" \/>\n<meta property=\"og:site_name\" content=\"Osez Mauges - Tourisme d&#039;affaire\" \/>\n<meta property=\"article:modified_time\" content=\"2026-05-10T18:45:33+00:00\" \/>\n<meta property=\"og:image\" content=\"https:\/\/www.osezmauges.fr\/evenements-pro\/wp-content\/uploads\/sites\/2\/2026\/05\/1-Louet-Evasion-Chalonnes-sur-L.jpg\" \/>\n\t<meta property=\"og:image:width\" content=\"1500\" \/>\n\t<meta property=\"og:image:height\" content=\"1000\" \/>\n\t<meta property=\"og:image:type\" content=\"image\/jpeg\" \/>\n<meta name=\"twitter:card\" content=\"summary_large_image\" \/>\n<meta name=\"twitter:label1\" content=\"Dur\u00e9e de lecture estim\u00e9e\" \/>\n\t<meta name=\"twitter:data1\" content=\"2 minutes\" \/>\n<script type=\"application\/ld+json\" class=\"yoast-schema-graph\">{\"@context\":\"https:\/\/schema.org\",\"@graph\":[{\"@type\":\"WebPage\",\"@id\":\"https:\/\/www.osezmauges.fr\/evenements-pro\/organiser-son-evenement-pro\/team-building-angers-nantes-cholet\/activites-sportives\/teambuilding-louet-evasion\/\",\"url\":\"https:\/\/www.osezmauges.fr\/evenements-pro\/organiser-son-evenement-pro\/team-building-angers-nantes-cholet\/activites-sportives\/teambuilding-louet-evasion\/\",\"name\":\"Sortie cano\u00eb, kayak ou paddle avec Louet Evasion pour votre s\u00e9minaire\",\"isPartOf\":{\"@id\":\"https:\/\/www.osezmauges.fr\/evenements-pro\/#website\"},\"primaryImageOfPage\":{\"@id\":\"https:\/\/www.osezmauges.fr\/evenements-pro\/organiser-son-evenement-pro\/team-building-angers-nantes-cholet\/activites-sportives\/teambuilding-louet-evasion\/#primaryimage\"},\"image\":{\"@id\":\"https:\/\/www.osezmauges.fr\/evenements-pro\/organiser-son-evenement-pro\/team-building-angers-nantes-cholet\/activites-sportives\/teambuilding-louet-evasion\/#primaryimage\"},\"thumbnailUrl\":\"https:\/\/www.osezmauges.fr\/evenements-pro\/wp-content\/uploads\/sites\/2\/2026\/05\/1-Louet-Evasion-Chalonnes-sur-L.jpg\",\"datePublished\":\"2026-05-10T18:43:01+00:00\",\"dateModified\":\"2026-05-10T18:45:33+00:00\",\"description\":\"Faites l'exp\u00e9rience d'une sortie cano\u00eb, kayak ou paddle sur la Loire \u00e0 30 minutes d'Angers dans le Maine-et-Loire. L'activit\u00e9 id\u00e9ale pour votre teambuilding\",\"breadcrumb\":{\"@id\":\"https:\/\/www.osezmauges.fr\/evenements-pro\/organiser-son-evenement-pro\/team-building-angers-nantes-cholet\/activites-sportives\/teambuilding-louet-evasion\/#breadcrumb\"},\"inLanguage\":\"fr-FR\",\"potentialAction\":[{\"@type\":\"ReadAction\",\"target\":[\"https:\/\/www.osezmauges.fr\/evenements-pro\/organiser-son-evenement-pro\/team-building-angers-nantes-cholet\/activites-sportives\/teambuilding-louet-evasion\/\"]}]},{\"@type\":\"ImageObject\",\"inLanguage\":\"fr-FR\",\"@id\":\"https:\/\/www.osezmauges.fr\/evenements-pro\/organiser-son-evenement-pro\/team-building-angers-nantes-cholet\/activites-sportives\/teambuilding-louet-evasion\/#primaryimage\",\"url\":\"https:\/\/www.osezmauges.fr\/evenements-pro\/wp-content\/uploads\/sites\/2\/2026\/05\/1-Louet-Evasion-Chalonnes-sur-L.jpg\",\"contentUrl\":\"https:\/\/www.osezmauges.fr\/evenements-pro\/wp-content\/uploads\/sites\/2\/2026\/05\/1-Louet-Evasion-Chalonnes-sur-L.jpg\",\"width\":1500,\"height\":1000,\"caption\":\"Descente du Louet et de la Loire en kayak avec Louet Evasion.\"},{\"@type\":\"BreadcrumbList\",\"@id\":\"https:\/\/www.osezmauges.fr\/evenements-pro\/organiser-son-evenement-pro\/team-building-angers-nantes-cholet\/activites-sportives\/teambuilding-louet-evasion\/#breadcrumb\",\"itemListElement\":[{\"@type\":\"ListItem\",\"position\":1,\"name\":\"Accueil\",\"item\":\"https:\/\/www.osezmauges.fr\/evenements-pro\/\"},{\"@type\":\"ListItem\",\"position\":2,\"name\":\"Organiser son \u00e9v\u00e9nement d\u2019entreprise\",\"item\":\"https:\/\/www.osezmauges.fr\/evenements-pro\/organiser-son-evenement-pro\/\"},{\"@type\":\"ListItem\",\"position\":3,\"name\":\"Team-building et afterwork\",\"item\":\"https:\/\/www.osezmauges.fr\/evenements-pro\/organiser-son-evenement-pro\/team-building-angers-nantes-cholet\/\"},{\"@type\":\"ListItem\",\"position\":4,\"name\":\"Des activit\u00e9s sportives\",\"item\":\"https:\/\/www.osezmauges.fr\/evenements-pro\/organiser-son-evenement-pro\/team-building-angers-nantes-cholet\/activites-sportives\/\"},{\"@type\":\"ListItem\",\"position\":5,\"name\":\"Sortie cano\u00eb, kayak ou paddle avec Louet Evasion\"}]},{\"@type\":\"WebSite\",\"@id\":\"https:\/\/www.osezmauges.fr\/evenements-pro\/#website\",\"url\":\"https:\/\/www.osezmauges.fr\/evenements-pro\/\",\"name\":\"Osez Mauges - Tourisme d&#039;affaire\",\"description\":\"\u00d4sez Mauges\",\"potentialAction\":[{\"@type\":\"SearchAction\",\"target\":{\"@type\":\"EntryPoint\",\"urlTemplate\":\"https:\/\/www.osezmauges.fr\/evenements-pro\/?s={search_term_string}\"},\"query-input\":{\"@type\":\"PropertyValueSpecification\",\"valueRequired\":true,\"valueName\":\"search_term_string\"}}],\"inLanguage\":\"fr-FR\"}]}<\/script>\n<!-- \/ Yoast SEO plugin. -->","yoast_head_json":{"title":"Sortie cano\u00eb, kayak ou paddle avec Louet Evasion pour votre s\u00e9minaire","description":"Faites l'exp\u00e9rience d'une sortie cano\u00eb, kayak ou paddle sur la Loire \u00e0 30 minutes d'Angers dans le Maine-et-Loire. L'activit\u00e9 id\u00e9ale pour votre teambuilding","robots":{"index":"index","follow":"follow","max-snippet":"max-snippet:-1","max-image-preview":"max-image-preview:large","max-video-preview":"max-video-preview:-1"},"canonical":"https:\/\/www.osezmauges.fr\/evenements-pro\/organiser-son-evenement-pro\/team-building-angers-nantes-cholet\/activites-sportives\/teambuilding-louet-evasion\/","og_locale":"fr_FR","og_type":"article","og_title":"Sortie cano\u00eb, kayak ou paddle avec Louet Evasion pour votre s\u00e9minaire","og_description":"Faites l'exp\u00e9rience d'une sortie cano\u00eb, kayak ou paddle sur la Loire \u00e0 30 minutes d'Angers dans le Maine-et-Loire. L'activit\u00e9 id\u00e9ale pour votre teambuilding","og_url":"https:\/\/www.osezmauges.fr\/evenements-pro\/organiser-son-evenement-pro\/team-building-angers-nantes-cholet\/activites-sportives\/teambuilding-louet-evasion\/","og_site_name":"Osez Mauges - Tourisme d&#039;affaire","article_modified_time":"2026-05-10T18:45:33+00:00","og_image":[{"width":1500,"height":1000,"url":"https:\/\/www.osezmauges.fr\/evenements-pro\/wp-content\/uploads\/sites\/2\/2026\/05\/1-Louet-Evasion-Chalonnes-sur-L.jpg","type":"image\/jpeg"}],"twitter_card":"summary_large_image","twitter_misc":{"Dur\u00e9e de lecture estim\u00e9e":"2 minutes"},"schema":{"@context":"https:\/\/schema.org","@graph":[{"@type":"WebPage","@id":"https:\/\/www.osezmauges.fr\/evenements-pro\/organiser-son-evenement-pro\/team-building-angers-nantes-cholet\/activites-sportives\/teambuilding-louet-evasion\/","url":"https:\/\/www.osezmauges.fr\/evenements-pro\/organiser-son-evenement-pro\/team-building-angers-nantes-cholet\/activites-sportives\/teambuilding-louet-evasion\/","name":"Sortie cano\u00eb, kayak ou paddle avec Louet Evasion pour votre s\u00e9minaire","isPartOf":{"@id":"https:\/\/www.osezmauges.fr\/evenements-pro\/#website"},"primaryImageOfPage":{"@id":"https:\/\/www.osezmauges.fr\/evenements-pro\/organiser-son-evenement-pro\/team-building-angers-nantes-cholet\/activites-sportives\/teambuilding-louet-evasion\/#primaryimage"},"image":{"@id":"https:\/\/www.osezmauges.fr\/evenements-pro\/organiser-son-evenement-pro\/team-building-angers-nantes-cholet\/activites-sportives\/teambuilding-louet-evasion\/#primaryimage"},"thumbnailUrl":"https:\/\/www.osezmauges.fr\/evenements-pro\/wp-content\/uploads\/sites\/2\/2026\/05\/1-Louet-Evasion-Chalonnes-sur-L.jpg","datePublished":"2026-05-10T18:43:01+00:00","dateModified":"2026-05-10T18:45:33+00:00","description":"Faites l'exp\u00e9rience d'une sortie cano\u00eb, kayak ou paddle sur la Loire \u00e0 30 minutes d'Angers dans le Maine-et-Loire. L'activit\u00e9 id\u00e9ale pour votre teambuilding","breadcrumb":{"@id":"https:\/\/www.osezmauges.fr\/evenements-pro\/organiser-son-evenement-pro\/team-building-angers-nantes-cholet\/activites-sportives\/teambuilding-louet-evasion\/#breadcrumb"},"inLanguage":"fr-FR","potentialAction":[{"@type":"ReadAction","target":["https:\/\/www.osezmauges.fr\/evenements-pro\/organiser-son-evenement-pro\/team-building-angers-nantes-cholet\/activites-sportives\/teambuilding-louet-evasion\/"]}]},{"@type":"ImageObject","inLanguage":"fr-FR","@id":"https:\/\/www.osezmauges.fr\/evenements-pro\/organiser-son-evenement-pro\/team-building-angers-nantes-cholet\/activites-sportives\/teambuilding-louet-evasion\/#primaryimage","url":"https:\/\/www.osezmauges.fr\/evenements-pro\/wp-content\/uploads\/sites\/2\/2026\/05\/1-Louet-Evasion-Chalonnes-sur-L.jpg","contentUrl":"https:\/\/www.osezmauges.fr\/evenements-pro\/wp-content\/uploads\/sites\/2\/2026\/05\/1-Louet-Evasion-Chalonnes-sur-L.jpg","width":1500,"height":1000,"caption":"Descente du Louet et de la Loire en kayak avec Louet Evasion."},{"@type":"BreadcrumbList","@id":"https:\/\/www.osezmauges.fr\/evenements-pro\/organiser-son-evenement-pro\/team-building-angers-nantes-cholet\/activites-sportives\/teambuilding-louet-evasion\/#breadcrumb","itemListElement":[{"@type":"ListItem","position":1,"name":"Accueil","item":"https:\/\/www.osezmauges.fr\/evenements-pro\/"},{"@type":"ListItem","position":2,"name":"Organiser son \u00e9v\u00e9nement d\u2019entreprise","item":"https:\/\/www.osezmauges.fr\/evenements-pro\/organiser-son-evenement-pro\/"},{"@type":"ListItem","position":3,"name":"Team-building et afterwork","item":"https:\/\/www.osezmauges.fr\/evenements-pro\/organiser-son-evenement-pro\/team-building-angers-nantes-cholet\/"},{"@type":"ListItem","position":4,"name":"Des activit\u00e9s sportives","item":"https:\/\/www.osezmauges.fr\/evenements-pro\/organiser-son-evenement-pro\/team-building-angers-nantes-cholet\/activites-sportives\/"},{"@type":"ListItem","position":5,"name":"Sortie cano\u00eb, kayak ou paddle avec Louet Evasion"}]},{"@type":"WebSite","@id":"https:\/\/www.osezmauges.fr\/evenements-pro\/#website","url":"https:\/\/www.osezmauges.fr\/evenements-pro\/","name":"Osez Mauges - Tourisme d&#039;affaire","description":"\u00d4sez Mauges","potentialAction":[{"@type":"SearchAction","target":{"@type":"EntryPoint","urlTemplate":"https:\/\/www.osezmauges.fr\/evenements-pro\/?s={search_term_string}"},"query-input":{"@type":"PropertyValueSpecification","valueRequired":true,"valueName":"search_term_string"}}],"inLanguage":"fr-FR"}]}},"_links":{"self":[{"href":"https:\/\/www.osezmauges.fr\/evenements-pro\/wp-json\/wp\/v2\/pages\/19533","targetHints":{"allow":["GET"]}}],"collection":[{"href":"https:\/\/www.osezmauges.fr\/evenements-pro\/wp-json\/wp\/v2\/pages"}],"about":[{"href":"https:\/\/www.osezmauges.fr\/evenements-pro\/wp-json\/wp\/v2\/types\/page"}],"author":[{"embeddable":true,"href":"https:\/\/www.osezmauges.fr\/evenements-pro\/wp-json\/wp\/v2\/users\/12"}],"replies":[{"embeddable":true,"href":"https:\/\/www.osezmauges.fr\/evenements-pro\/wp-json\/wp\/v2\/comments?post=19533"}],"version-history":[{"count":4,"href":"https:\/\/www.osezmauges.fr\/evenements-pro\/wp-json\/wp\/v2\/pages\/19533\/revisions"}],"predecessor-version":[{"id":19542,"href":"https:\/\/www.osezmauges.fr\/evenements-pro\/wp-json\/wp\/v2\/pages\/19533\/revisions\/19542"}],"up":[{"embeddable":true,"href":"https:\/\/www.osezmauges.fr\/evenements-pro\/wp-json\/wp\/v2\/pages\/12149"}],"wp:featuredmedia":[{"embeddable":true,"href":"https:\/\/www.osezmauges.fr\/evenements-pro\/wp-json\/wp\/v2\/media\/19537"}],"wp:attachment":[{"href":"https:\/\/www.osezmauges.fr\/evenements-pro\/wp-json\/wp\/v2\/media?parent=19533"}],"curies":[{"name":"wp","href":"https:\/\/api.w.org\/{rel}","templated":true}]}}