{"id":19563,"date":"2026-05-10T23:10:45","date_gmt":"2026-05-10T21:10:45","guid":{"rendered":"https:\/\/www.osezmauges.fr\/evenements-pro\/?page_id=19563"},"modified":"2026-05-10T23:10:46","modified_gmt":"2026-05-10T21:10:46","slug":"location-np-audiovisuel","status":"publish","type":"page","link":"https:\/\/www.osezmauges.fr\/evenements-pro\/organiser-son-evenement-pro\/location-materiel-evenement-entreprise\/location-np-audiovisuel\/","title":{"rendered":"Sonorisation, \u00e9clairage et vid\u00e9o avec NP Audiovisuel"},"content":{"rendered":"\n<div class=\"wp-block-columns is-layout-flex wp-container-core-columns-is-layout-9d6595d7 wp-block-columns-is-layout-flex\">\n<div class=\"wp-block-column is-layout-flow wp-block-column-is-layout-flow\">\n<p class=\"is-style-excerpt\">Fort de 15 ans d&rsquo;exp\u00e9rience dans l&rsquo;int\u00e9gration audiovisuelle, NP Audiovisuel vous accompagne dans votre \u00e9v\u00e9nement. V\u00e9ritable prestataire technique de proximit\u00e9, l&rsquo;entreprise propose des solutions sur mesure et cr\u00e9atives pour transformer vos espaces et sublimer vos r\u00e9ceptions.<\/p>\n<\/div>\n\n\n\n<div class=\"wp-block-column is-layout-flow wp-block-column-is-layout-flow\"><div class=\"wp-block wp-block-highlight\">\n                <p class=\"wp-block-highlight-item wp-block-highlight-excerpt\">11 rue du Faubourg Gourdon<br>Beaupr\u00e9au<br>49600 BEAUPREAU-EN-MAUGES<br><br>Votre contact : <strong>Nicolas PEAU<\/strong><br>06 70 75 14 16<br>contact@npaudiovisuel.fr<br><a href=\"https:\/\/npaudiovisuel.fr\/\" type=\"link\" id=\"https:\/\/npaudiovisuel.fr\/\" target=\"_blank\" rel=\"noreferrer noopener\">Site<\/a><\/p>\n    <\/div><\/div>\n<\/div>\n\n\n\n<figure class=\"wp-block-gallery alignwide has-nested-images columns-default is-cropped wp-block-gallery-1 is-layout-flex wp-block-gallery-is-layout-flex\">\n<figure class=\"wp-block-image size-large\"><img width=\"1200\" height=\"675\" data-id=\"19567\" data-src=\"https:\/\/www.osezmauges.fr\/evenements-pro\/wp-content\/uploads\/sites\/2\/2026\/05\/5-sono-conference-reunion-entreprise\u00a9npaudiovisuel.jpg\" alt=\"\" class=\"wp-image-19567\" srcset=\"https:\/\/www.osezmauges.fr\/evenements-pro\/wp-content\/uploads\/sites\/2\/2026\/05\/5-sono-conference-reunion-entreprise\u00a9npaudiovisuel.jpg 1200w, https:\/\/www.osezmauges.fr\/evenements-pro\/wp-content\/uploads\/sites\/2\/2026\/05\/5-sono-conference-reunion-entreprise\u00a9npaudiovisuel-600x338.jpg 600w, https:\/\/www.osezmauges.fr\/evenements-pro\/wp-content\/uploads\/sites\/2\/2026\/05\/5-sono-conference-reunion-entreprise\u00a9npaudiovisuel-300x169.jpg 300w, https:\/\/www.osezmauges.fr\/evenements-pro\/wp-content\/uploads\/sites\/2\/2026\/05\/5-sono-conference-reunion-entreprise\u00a9npaudiovisuel-900x506.jpg 900w, https:\/\/www.osezmauges.fr\/evenements-pro\/wp-content\/uploads\/sites\/2\/2026\/05\/5-sono-conference-reunion-entreprise\u00a9npaudiovisuel-650x366.jpg 650w\" sizes=\"(max-width: 1200px) 100vw, 1200px\" \/><\/figure>\n\n\n\n<figure class=\"wp-block-image size-large\"><img width=\"1200\" height=\"675\" data-id=\"19565\" data-src=\"https:\/\/www.osezmauges.fr\/evenements-pro\/wp-content\/uploads\/sites\/2\/2026\/05\/3-audio-sonorisation-seminaire\u00a9npaudiovisuel.jpg\" alt=\"\" class=\"wp-image-19565\" srcset=\"https:\/\/www.osezmauges.fr\/evenements-pro\/wp-content\/uploads\/sites\/2\/2026\/05\/3-audio-sonorisation-seminaire\u00a9npaudiovisuel.jpg 1200w, https:\/\/www.osezmauges.fr\/evenements-pro\/wp-content\/uploads\/sites\/2\/2026\/05\/3-audio-sonorisation-seminaire\u00a9npaudiovisuel-600x338.jpg 600w, https:\/\/www.osezmauges.fr\/evenements-pro\/wp-content\/uploads\/sites\/2\/2026\/05\/3-audio-sonorisation-seminaire\u00a9npaudiovisuel-300x169.jpg 300w, https:\/\/www.osezmauges.fr\/evenements-pro\/wp-content\/uploads\/sites\/2\/2026\/05\/3-audio-sonorisation-seminaire\u00a9npaudiovisuel-900x506.jpg 900w, https:\/\/www.osezmauges.fr\/evenements-pro\/wp-content\/uploads\/sites\/2\/2026\/05\/3-audio-sonorisation-seminaire\u00a9npaudiovisuel-650x366.jpg 650w\" sizes=\"(max-width: 1200px) 100vw, 1200px\" \/><\/figure>\n<\/figure>\n\n\n\n<h2 class=\"wp-block-heading\">Pourquoi les choisir ?<\/h2>\n\n\n\n<ul class=\"wp-block-list\">\n<li>De l&rsquo;\u00e9tude technique initiale \u00e0 la mise en \u0153uvre finale, b\u00e9n\u00e9ficiez d&rsquo;un accompagnement complet pour tous vos besoins en image et en son<br>Des solutions sur-mesure en sonorisation et captation \/ diffusion vid\u00e9o<br>Profitez de solutions techniques pertinentes pour vos diff\u00e9rents \u00e9v\u00e9nements : congr\u00e8s, s\u00e9minaires, r\u00e9unions\u2026<\/li>\n<\/ul>\n\n\n\n<figure class=\"wp-block-gallery alignwide has-nested-images columns-default is-cropped wp-block-gallery-2 is-layout-flex wp-block-gallery-is-layout-flex\">\n<figure class=\"wp-block-image size-large\"><img width=\"1200\" height=\"675\" data-id=\"19569\" data-src=\"https:\/\/www.osezmauges.fr\/evenements-pro\/wp-content\/uploads\/sites\/2\/2026\/05\/474235014_2860251367496312_3044348071703151971_n-1200x675.jpg\" alt=\"\" class=\"wp-image-19569\" srcset=\"https:\/\/www.osezmauges.fr\/evenements-pro\/wp-content\/uploads\/sites\/2\/2026\/05\/474235014_2860251367496312_3044348071703151971_n-1200x675.jpg 1200w, https:\/\/www.osezmauges.fr\/evenements-pro\/wp-content\/uploads\/sites\/2\/2026\/05\/474235014_2860251367496312_3044348071703151971_n-600x338.jpg 600w, https:\/\/www.osezmauges.fr\/evenements-pro\/wp-content\/uploads\/sites\/2\/2026\/05\/474235014_2860251367496312_3044348071703151971_n-300x169.jpg 300w, https:\/\/www.osezmauges.fr\/evenements-pro\/wp-content\/uploads\/sites\/2\/2026\/05\/474235014_2860251367496312_3044348071703151971_n-900x506.jpg 900w, https:\/\/www.osezmauges.fr\/evenements-pro\/wp-content\/uploads\/sites\/2\/2026\/05\/474235014_2860251367496312_3044348071703151971_n-1536x864.jpg 1536w, https:\/\/www.osezmauges.fr\/evenements-pro\/wp-content\/uploads\/sites\/2\/2026\/05\/474235014_2860251367496312_3044348071703151971_n-1600x900.jpg 1600w, https:\/\/www.osezmauges.fr\/evenements-pro\/wp-content\/uploads\/sites\/2\/2026\/05\/474235014_2860251367496312_3044348071703151971_n-650x366.jpg 650w, https:\/\/www.osezmauges.fr\/evenements-pro\/wp-content\/uploads\/sites\/2\/2026\/05\/474235014_2860251367496312_3044348071703151971_n.jpg 1920w\" sizes=\"(max-width: 1200px) 100vw, 1200px\" \/><\/figure>\n\n\n\n<figure class=\"wp-block-image size-large\"><img width=\"960\" height=\"541\" data-id=\"19570\" data-src=\"https:\/\/www.osezmauges.fr\/evenements-pro\/wp-content\/uploads\/sites\/2\/2026\/05\/74524734_1360001640854633_8627635192154030080_n.jpg\" alt=\"\" class=\"wp-image-19570\" srcset=\"https:\/\/www.osezmauges.fr\/evenements-pro\/wp-content\/uploads\/sites\/2\/2026\/05\/74524734_1360001640854633_8627635192154030080_n.jpg 960w, https:\/\/www.osezmauges.fr\/evenements-pro\/wp-content\/uploads\/sites\/2\/2026\/05\/74524734_1360001640854633_8627635192154030080_n-600x338.jpg 600w, https:\/\/www.osezmauges.fr\/evenements-pro\/wp-content\/uploads\/sites\/2\/2026\/05\/74524734_1360001640854633_8627635192154030080_n-300x169.jpg 300w, https:\/\/www.osezmauges.fr\/evenements-pro\/wp-content\/uploads\/sites\/2\/2026\/05\/74524734_1360001640854633_8627635192154030080_n-900x507.jpg 900w, https:\/\/www.osezmauges.fr\/evenements-pro\/wp-content\/uploads\/sites\/2\/2026\/05\/74524734_1360001640854633_8627635192154030080_n-650x366.jpg 650w\" sizes=\"(max-width: 960px) 100vw, 960px\" \/><\/figure>\n<\/figure>\n\n\n\n<h3 class=\"wp-block-heading\">Prestations<\/h3>\n\n\n\n<ul class=\"wp-block-list\">\n<li>\u00c9tude technique personnalis\u00e9e et conseils d&rsquo;experts<br>Sonorisation, \u00e9clairage et vid\u00e9o (de la captation \u00e0 la diffusion)<br>Location de mat\u00e9riel, vente et installation<br>Installation et maintenance de syst\u00e8mes audiovisuels et sc\u00e9nographiques<\/li>\n<\/ul>\n\n\n\n<div class=\"wp-block wp-block-related-post clear alignfull\">\n    <div class=\"container\">\n\n        <div class=\"article\">\n\t\t                    <h2 class=\"wp-block-related-post-title\">Salles \u00e0 proximit\u00e9<\/h2>\n\t\t    \n\t\t            <\/div>\n\n\t    \n            <div class=\"wp-block-related-post-inner\">\n                <div   data-slides-per-view=\"4\">\n                    <div class=\"wp-block-related-post-list wp-block-related-post-list-3\">\n\t\t\t\t\t    \n<div class=\"entityItem\"      data-trigger=\"wpiris-click\">\n    <p class=\"entityItemThumbnail\">\n        <a href=\"https:\/\/www.osezmauges.fr\/evenements-pro\/organiser-son-evenement-pro\/salle-seminaire\/salles-seminaire-logis-delbee\/\" nofancybox>\n            <img src=\n            \"https:\/\/www.osezmauges.fr\/evenements-pro\/wp-content\/uploads\/sites\/2\/2026\/03\/image2-380x360.png\" alt=\"Salles de s\u00e9minaire &#8211; Le Patio\">\n        <\/a>\n    <\/p>\n        <div class=\"entityItemContent\">\n        \n        \n        <h3 class=\"entityItemContentTitle\">        <a href=\"https:\/\/www.osezmauges.fr\/evenements-pro\/organiser-son-evenement-pro\/salle-seminaire\/salles-seminaire-logis-delbee\/\">Salles de s\u00e9minaire &#8211; Le Patio<\/a>\n        <\/h3>\n            <\/div>\n\n    \n    <\/div>\n\n<div class=\"entityItem\"      data-trigger=\"wpiris-click\">\n    <p class=\"entityItemThumbnail\">\n        <a href=\"https:\/\/www.osezmauges.fr\/evenements-pro\/organiser-son-evenement-pro\/salle-seminaire\/seminaire-synergie\/\" nofancybox>\n            <img src=\n            \"https:\/\/www.osezmauges.fr\/evenements-pro\/wp-content\/uploads\/sites\/2\/2026\/04\/070-250925-TEPOS-Montrevault-Synergie-EstelleOffroyPhoto-1-380x430.jpg\" alt=\"Salles de s\u00e9minaire \u00e0 Synergie\">\n        <\/a>\n    <\/p>\n        <div class=\"entityItemContent\">\n        \n        \n        <h3 class=\"entityItemContentTitle\">        <a href=\"https:\/\/www.osezmauges.fr\/evenements-pro\/organiser-son-evenement-pro\/salle-seminaire\/seminaire-synergie\/\">Salles de s\u00e9minaire \u00e0 Synergie<\/a>\n        <\/h3>\n            <\/div>\n\n    \n    <\/div>\n\n<div class=\"entityItem\"      data-trigger=\"wpiris-click\">\n    <p class=\"entityItemThumbnail\">\n        <a href=\"https:\/\/www.osezmauges.fr\/evenements-pro\/organiser-son-evenement-pro\/salle-seminaire\/salle-seminaire-chateau-martreil-2\/\" nofancybox>\n            <img src=\n            \"https:\/\/www.osezmauges.fr\/evenements-pro\/wp-content\/uploads\/sites\/2\/2021\/10\/1-chateau-martreil-salle-seminaire-chemille-anjou-\u00a9DDrouet-380x430.jpg\" alt=\"Salles de s\u00e9minaire au Ch\u00e2teau du Martreil\">\n        <\/a>\n    <\/p>\n        <div class=\"entityItemContent\">\n        \n        \n        <h3 class=\"entityItemContentTitle\">        <a href=\"https:\/\/www.osezmauges.fr\/evenements-pro\/organiser-son-evenement-pro\/salle-seminaire\/salle-seminaire-chateau-martreil-2\/\">Salles de s\u00e9minaire au Ch\u00e2teau du Martreil<\/a>\n        <\/h3>\n            <\/div>\n\n    \n    <\/div>\n                    <\/div>\n                <\/div>\n            <\/div>\n\n        \n    <\/div>\n<\/div>","protected":false},"excerpt":{"rendered":"<p>Fort de 15 ans d&rsquo;exp\u00e9rience dans l&rsquo;int\u00e9gration audiovisuelle, NP Audiovisuel vous accompagne dans votre \u00e9v\u00e9nement. V\u00e9ritable prestataire technique de proximit\u00e9, l&rsquo;entreprise propose des solutions sur mesure et cr\u00e9atives pour transformer vos espaces et sublimer vos r\u00e9ceptions. Pourquoi les choisir ? Prestations<\/p>\n","protected":false},"author":12,"featured_media":19568,"parent":48,"menu_order":0,"comment_status":"closed","ping_status":"closed","template":"","meta":{"_relevanssi_hide_post":"","_relevanssi_hide_content":"","_relevanssi_pin_for_all":"","_relevanssi_pin_keywords":"","_relevanssi_unpin_keywords":"","_relevanssi_related_keywords":"","_relevanssi_related_include_ids":"","_relevanssi_related_exclude_ids":"","_relevanssi_related_no_append":"","_relevanssi_related_not_related":"","_relevanssi_related_posts":"14069,7875,10100,11541,8289,17174","_relevanssi_noindex_reason":"","footnotes":""},"class_list":["post-19563","page","type-page","status-publish","has-post-thumbnail","hentry"],"acf":[],"yoast_head":"<!-- This site is optimized with the Yoast SEO plugin v26.9 - https:\/\/yoast.com\/product\/yoast-seo-wordpress\/ -->\n<title>R\u00e9gie audiovisuelle pour votre \u00e9v\u00e9nement pro en Maine-et-Loire<\/title>\n<meta name=\"description\" content=\"V\u00e9ritable prestataire technique de proximit\u00e9, l&#039;entreprise propose des solutions de sonorisation, d&#039;\u00e9clairage et de vid\u00e9o pour sublimer vos r\u00e9ceptions.\" \/>\n<meta name=\"robots\" content=\"index, follow, max-snippet:-1, max-image-preview:large, max-video-preview:-1\" \/>\n<link rel=\"canonical\" href=\"https:\/\/www.osezmauges.fr\/evenements-pro\/organiser-son-evenement-pro\/location-materiel-evenement-entreprise\/location-np-audiovisuel\/\" \/>\n<meta property=\"og:locale\" content=\"fr_FR\" \/>\n<meta property=\"og:type\" content=\"article\" \/>\n<meta property=\"og:title\" content=\"R\u00e9gie audiovisuelle pour votre \u00e9v\u00e9nement pro en Maine-et-Loire\" \/>\n<meta property=\"og:description\" content=\"V\u00e9ritable prestataire technique de proximit\u00e9, l&#039;entreprise propose des solutions de sonorisation, d&#039;\u00e9clairage et de vid\u00e9o pour sublimer vos r\u00e9ceptions.\" \/>\n<meta property=\"og:url\" content=\"https:\/\/www.osezmauges.fr\/evenements-pro\/organiser-son-evenement-pro\/location-materiel-evenement-entreprise\/location-np-audiovisuel\/\" \/>\n<meta property=\"og:site_name\" content=\"Osez Mauges - Tourisme d&#039;affaire\" \/>\n<meta property=\"article:modified_time\" content=\"2026-05-10T21:10:46+00:00\" \/>\n<meta property=\"og:image\" content=\"https:\/\/www.osezmauges.fr\/evenements-pro\/wp-content\/uploads\/sites\/2\/2026\/05\/6-lumiere-evenement-entreprise\u00a9npaudiovisuel.jpg\" \/>\n\t<meta property=\"og:image:width\" content=\"1200\" \/>\n\t<meta property=\"og:image:height\" content=\"675\" \/>\n\t<meta property=\"og:image:type\" content=\"image\/jpeg\" \/>\n<meta name=\"twitter:card\" content=\"summary_large_image\" \/>\n<meta name=\"twitter:label1\" content=\"Dur\u00e9e de lecture estim\u00e9e\" \/>\n\t<meta name=\"twitter:data1\" content=\"2 minutes\" \/>\n<script type=\"application\/ld+json\" class=\"yoast-schema-graph\">{\"@context\":\"https:\/\/schema.org\",\"@graph\":[{\"@type\":\"WebPage\",\"@id\":\"https:\/\/www.osezmauges.fr\/evenements-pro\/organiser-son-evenement-pro\/location-materiel-evenement-entreprise\/location-np-audiovisuel\/\",\"url\":\"https:\/\/www.osezmauges.fr\/evenements-pro\/organiser-son-evenement-pro\/location-materiel-evenement-entreprise\/location-np-audiovisuel\/\",\"name\":\"R\u00e9gie audiovisuelle pour votre \u00e9v\u00e9nement pro en Maine-et-Loire\",\"isPartOf\":{\"@id\":\"https:\/\/www.osezmauges.fr\/evenements-pro\/#website\"},\"primaryImageOfPage\":{\"@id\":\"https:\/\/www.osezmauges.fr\/evenements-pro\/organiser-son-evenement-pro\/location-materiel-evenement-entreprise\/location-np-audiovisuel\/#primaryimage\"},\"image\":{\"@id\":\"https:\/\/www.osezmauges.fr\/evenements-pro\/organiser-son-evenement-pro\/location-materiel-evenement-entreprise\/location-np-audiovisuel\/#primaryimage\"},\"thumbnailUrl\":\"https:\/\/www.osezmauges.fr\/evenements-pro\/wp-content\/uploads\/sites\/2\/2026\/05\/6-lumiere-evenement-entreprise\u00a9npaudiovisuel.jpg\",\"datePublished\":\"2026-05-10T21:10:45+00:00\",\"dateModified\":\"2026-05-10T21:10:46+00:00\",\"description\":\"V\u00e9ritable prestataire technique de proximit\u00e9, l'entreprise propose des solutions de sonorisation, d'\u00e9clairage et de vid\u00e9o pour sublimer vos r\u00e9ceptions.\",\"breadcrumb\":{\"@id\":\"https:\/\/www.osezmauges.fr\/evenements-pro\/organiser-son-evenement-pro\/location-materiel-evenement-entreprise\/location-np-audiovisuel\/#breadcrumb\"},\"inLanguage\":\"fr-FR\",\"potentialAction\":[{\"@type\":\"ReadAction\",\"target\":[\"https:\/\/www.osezmauges.fr\/evenements-pro\/organiser-son-evenement-pro\/location-materiel-evenement-entreprise\/location-np-audiovisuel\/\"]}]},{\"@type\":\"ImageObject\",\"inLanguage\":\"fr-FR\",\"@id\":\"https:\/\/www.osezmauges.fr\/evenements-pro\/organiser-son-evenement-pro\/location-materiel-evenement-entreprise\/location-np-audiovisuel\/#primaryimage\",\"url\":\"https:\/\/www.osezmauges.fr\/evenements-pro\/wp-content\/uploads\/sites\/2\/2026\/05\/6-lumiere-evenement-entreprise\u00a9npaudiovisuel.jpg\",\"contentUrl\":\"https:\/\/www.osezmauges.fr\/evenements-pro\/wp-content\/uploads\/sites\/2\/2026\/05\/6-lumiere-evenement-entreprise\u00a9npaudiovisuel.jpg\",\"width\":1200,\"height\":675},{\"@type\":\"BreadcrumbList\",\"@id\":\"https:\/\/www.osezmauges.fr\/evenements-pro\/organiser-son-evenement-pro\/location-materiel-evenement-entreprise\/location-np-audiovisuel\/#breadcrumb\",\"itemListElement\":[{\"@type\":\"ListItem\",\"position\":1,\"name\":\"Accueil\",\"item\":\"https:\/\/www.osezmauges.fr\/evenements-pro\/\"},{\"@type\":\"ListItem\",\"position\":2,\"name\":\"Organiser son \u00e9v\u00e9nement d\u2019entreprise\",\"item\":\"https:\/\/www.osezmauges.fr\/evenements-pro\/organiser-son-evenement-pro\/\"},{\"@type\":\"ListItem\",\"position\":3,\"name\":\"Location de mat\u00e9riel\",\"item\":\"https:\/\/www.osezmauges.fr\/evenements-pro\/organiser-son-evenement-pro\/location-materiel-evenement-entreprise\/\"},{\"@type\":\"ListItem\",\"position\":4,\"name\":\"Sonorisation, \u00e9clairage et vid\u00e9o avec NP Audiovisuel\"}]},{\"@type\":\"WebSite\",\"@id\":\"https:\/\/www.osezmauges.fr\/evenements-pro\/#website\",\"url\":\"https:\/\/www.osezmauges.fr\/evenements-pro\/\",\"name\":\"Osez Mauges - Tourisme d&#039;affaire\",\"description\":\"\u00d4sez Mauges\",\"potentialAction\":[{\"@type\":\"SearchAction\",\"target\":{\"@type\":\"EntryPoint\",\"urlTemplate\":\"https:\/\/www.osezmauges.fr\/evenements-pro\/?s={search_term_string}\"},\"query-input\":{\"@type\":\"PropertyValueSpecification\",\"valueRequired\":true,\"valueName\":\"search_term_string\"}}],\"inLanguage\":\"fr-FR\"}]}<\/script>\n<!-- \/ Yoast SEO plugin. -->","yoast_head_json":{"title":"R\u00e9gie audiovisuelle pour votre \u00e9v\u00e9nement pro en Maine-et-Loire","description":"V\u00e9ritable prestataire technique de proximit\u00e9, l'entreprise propose des solutions de sonorisation, d'\u00e9clairage et de vid\u00e9o pour sublimer vos r\u00e9ceptions.","robots":{"index":"index","follow":"follow","max-snippet":"max-snippet:-1","max-image-preview":"max-image-preview:large","max-video-preview":"max-video-preview:-1"},"canonical":"https:\/\/www.osezmauges.fr\/evenements-pro\/organiser-son-evenement-pro\/location-materiel-evenement-entreprise\/location-np-audiovisuel\/","og_locale":"fr_FR","og_type":"article","og_title":"R\u00e9gie audiovisuelle pour votre \u00e9v\u00e9nement pro en Maine-et-Loire","og_description":"V\u00e9ritable prestataire technique de proximit\u00e9, l'entreprise propose des solutions de sonorisation, d'\u00e9clairage et de vid\u00e9o pour sublimer vos r\u00e9ceptions.","og_url":"https:\/\/www.osezmauges.fr\/evenements-pro\/organiser-son-evenement-pro\/location-materiel-evenement-entreprise\/location-np-audiovisuel\/","og_site_name":"Osez Mauges - Tourisme d&#039;affaire","article_modified_time":"2026-05-10T21:10:46+00:00","og_image":[{"width":1200,"height":675,"url":"https:\/\/www.osezmauges.fr\/evenements-pro\/wp-content\/uploads\/sites\/2\/2026\/05\/6-lumiere-evenement-entreprise\u00a9npaudiovisuel.jpg","type":"image\/jpeg"}],"twitter_card":"summary_large_image","twitter_misc":{"Dur\u00e9e de lecture estim\u00e9e":"2 minutes"},"schema":{"@context":"https:\/\/schema.org","@graph":[{"@type":"WebPage","@id":"https:\/\/www.osezmauges.fr\/evenements-pro\/organiser-son-evenement-pro\/location-materiel-evenement-entreprise\/location-np-audiovisuel\/","url":"https:\/\/www.osezmauges.fr\/evenements-pro\/organiser-son-evenement-pro\/location-materiel-evenement-entreprise\/location-np-audiovisuel\/","name":"R\u00e9gie audiovisuelle pour votre \u00e9v\u00e9nement pro en Maine-et-Loire","isPartOf":{"@id":"https:\/\/www.osezmauges.fr\/evenements-pro\/#website"},"primaryImageOfPage":{"@id":"https:\/\/www.osezmauges.fr\/evenements-pro\/organiser-son-evenement-pro\/location-materiel-evenement-entreprise\/location-np-audiovisuel\/#primaryimage"},"image":{"@id":"https:\/\/www.osezmauges.fr\/evenements-pro\/organiser-son-evenement-pro\/location-materiel-evenement-entreprise\/location-np-audiovisuel\/#primaryimage"},"thumbnailUrl":"https:\/\/www.osezmauges.fr\/evenements-pro\/wp-content\/uploads\/sites\/2\/2026\/05\/6-lumiere-evenement-entreprise\u00a9npaudiovisuel.jpg","datePublished":"2026-05-10T21:10:45+00:00","dateModified":"2026-05-10T21:10:46+00:00","description":"V\u00e9ritable prestataire technique de proximit\u00e9, l'entreprise propose des solutions de sonorisation, d'\u00e9clairage et de vid\u00e9o pour sublimer vos r\u00e9ceptions.","breadcrumb":{"@id":"https:\/\/www.osezmauges.fr\/evenements-pro\/organiser-son-evenement-pro\/location-materiel-evenement-entreprise\/location-np-audiovisuel\/#breadcrumb"},"inLanguage":"fr-FR","potentialAction":[{"@type":"ReadAction","target":["https:\/\/www.osezmauges.fr\/evenements-pro\/organiser-son-evenement-pro\/location-materiel-evenement-entreprise\/location-np-audiovisuel\/"]}]},{"@type":"ImageObject","inLanguage":"fr-FR","@id":"https:\/\/www.osezmauges.fr\/evenements-pro\/organiser-son-evenement-pro\/location-materiel-evenement-entreprise\/location-np-audiovisuel\/#primaryimage","url":"https:\/\/www.osezmauges.fr\/evenements-pro\/wp-content\/uploads\/sites\/2\/2026\/05\/6-lumiere-evenement-entreprise\u00a9npaudiovisuel.jpg","contentUrl":"https:\/\/www.osezmauges.fr\/evenements-pro\/wp-content\/uploads\/sites\/2\/2026\/05\/6-lumiere-evenement-entreprise\u00a9npaudiovisuel.jpg","width":1200,"height":675},{"@type":"BreadcrumbList","@id":"https:\/\/www.osezmauges.fr\/evenements-pro\/organiser-son-evenement-pro\/location-materiel-evenement-entreprise\/location-np-audiovisuel\/#breadcrumb","itemListElement":[{"@type":"ListItem","position":1,"name":"Accueil","item":"https:\/\/www.osezmauges.fr\/evenements-pro\/"},{"@type":"ListItem","position":2,"name":"Organiser son \u00e9v\u00e9nement d\u2019entreprise","item":"https:\/\/www.osezmauges.fr\/evenements-pro\/organiser-son-evenement-pro\/"},{"@type":"ListItem","position":3,"name":"Location de mat\u00e9riel","item":"https:\/\/www.osezmauges.fr\/evenements-pro\/organiser-son-evenement-pro\/location-materiel-evenement-entreprise\/"},{"@type":"ListItem","position":4,"name":"Sonorisation, \u00e9clairage et vid\u00e9o avec NP Audiovisuel"}]},{"@type":"WebSite","@id":"https:\/\/www.osezmauges.fr\/evenements-pro\/#website","url":"https:\/\/www.osezmauges.fr\/evenements-pro\/","name":"Osez Mauges - Tourisme d&#039;affaire","description":"\u00d4sez Mauges","potentialAction":[{"@type":"SearchAction","target":{"@type":"EntryPoint","urlTemplate":"https:\/\/www.osezmauges.fr\/evenements-pro\/?s={search_term_string}"},"query-input":{"@type":"PropertyValueSpecification","valueRequired":true,"valueName":"search_term_string"}}],"inLanguage":"fr-FR"}]}},"_links":{"self":[{"href":"https:\/\/www.osezmauges.fr\/evenements-pro\/wp-json\/wp\/v2\/pages\/19563","targetHints":{"allow":["GET"]}}],"collection":[{"href":"https:\/\/www.osezmauges.fr\/evenements-pro\/wp-json\/wp\/v2\/pages"}],"about":[{"href":"https:\/\/www.osezmauges.fr\/evenements-pro\/wp-json\/wp\/v2\/types\/page"}],"author":[{"embeddable":true,"href":"https:\/\/www.osezmauges.fr\/evenements-pro\/wp-json\/wp\/v2\/users\/12"}],"replies":[{"embeddable":true,"href":"https:\/\/www.osezmauges.fr\/evenements-pro\/wp-json\/wp\/v2\/comments?post=19563"}],"version-history":[{"count":2,"href":"https:\/\/www.osezmauges.fr\/evenements-pro\/wp-json\/wp\/v2\/pages\/19563\/revisions"}],"predecessor-version":[{"id":19572,"href":"https:\/\/www.osezmauges.fr\/evenements-pro\/wp-json\/wp\/v2\/pages\/19563\/revisions\/19572"}],"up":[{"embeddable":true,"href":"https:\/\/www.osezmauges.fr\/evenements-pro\/wp-json\/wp\/v2\/pages\/48"}],"wp:featuredmedia":[{"embeddable":true,"href":"https:\/\/www.osezmauges.fr\/evenements-pro\/wp-json\/wp\/v2\/media\/19568"}],"wp:attachment":[{"href":"https:\/\/www.osezmauges.fr\/evenements-pro\/wp-json\/wp\/v2\/media?parent=19563"}],"curies":[{"name":"wp","href":"https:\/\/api.w.org\/{rel}","templated":true}]}}