{"id":283,"date":"2021-10-19T15:48:51","date_gmt":"2021-10-19T13:48:51","guid":{"rendered":"https:\/\/www.osezmauges.fr\/evenements-pro\/?page_id=283"},"modified":"2025-04-26T17:33:35","modified_gmt":"2025-04-26T15:33:35","slug":"traiteur-antares","status":"publish","type":"page","link":"https:\/\/www.osezmauges.fr\/evenements-pro\/organiser-son-evenement-pro\/traiteur-evenement-entreprise\/traiteur-antares\/","title":{"rendered":"L\u2019Antar\u00e8s Traiteur"},"content":{"rendered":"\n<div class=\"wp-block-columns is-layout-flex wp-container-core-columns-is-layout-9d6595d7 wp-block-columns-is-layout-flex\">\n<div class=\"wp-block-column is-layout-flow wp-block-column-is-layout-flow\">\n<p class=\"is-style-excerpt\">Optez pour l\u2019exp\u00e9rience et le professionnalisme de Marina et Ga\u00ebl, <strong>cuisinier et p\u00e2tissi\u00e8re depuis 20 ans<\/strong>. Ces passionn\u00e9s de cuisine fran\u00e7aise vous proposent des plats revisit\u00e9s avec <strong>cr\u00e9ativit\u00e9<\/strong> et concoct\u00e9s \u00e0 base de <strong>produits frais, locaux et faits-maison<\/strong>.<\/p>\n\n\n\n<p class=\"is-style-excerpt\">Ils s\u2019adaptent avec facilit\u00e9 aux r\u00e9gimes de chacun et \u00e0 vos envies pour vous fournir une <strong>prestation sur-mesure<\/strong>, de qualit\u00e9 (tant dans la cuisine que dans le service), go\u00fbteuse et esth\u00e9tique.<\/p>\n<\/div>\n\n\n\n<div class=\"wp-block-column is-layout-flow wp-block-column-is-layout-flow\"><div class=\"wp-block wp-block-highlight\">\n                <p class=\"wp-block-highlight-item wp-block-highlight-excerpt\">6 bis rue des Th\u00e9baudi\u00e8res<br>La Salle-et-Chapelle-Aubry<br>49110 MONTREVAULT-SUR-\u00c8VRE<br><br>Votre contact : Marina G\u00c9RAL<br>02 41 71 20 05<br>contact@antares-traiteur.fr<br><a href=\"http:\/\/www.antares-traiteur.fr\/\" target=\"_blank\" rel=\"noreferrer noopener\">Site web<\/a><\/p>\n    <\/div><\/div>\n<\/div>\n\n\n\n<figure class=\"wp-block-gallery alignwide columns-4 is-cropped wp-block-gallery-1 is-layout-flex wp-block-gallery-is-layout-flex\"><ul class=\"blocks-gallery-grid\"><li class=\"blocks-gallery-item\"><figure><a href=\"https:\/\/www.osezmauges.fr\/evenements-pro\/wp-content\/uploads\/sites\/2\/2021\/10\/4-dessert-traiteur-Antares-1.jpg\"><img width=\"678\" height=\"1200\" data-src=\"https:\/\/www.osezmauges.fr\/evenements-pro\/wp-content\/uploads\/sites\/2\/2021\/10\/4-dessert-traiteur-Antares-1.jpg\" alt=\"\" data-id=\"4461\" data-full-url=\"https:\/\/www.osezmauges.fr\/evenements-pro\/wp-content\/uploads\/sites\/2\/2021\/10\/4-dessert-traiteur-Antares-1.jpg\" data-link=\"https:\/\/www.osezmauges.fr\/evenements-pro\/?attachment_id=4461\" class=\"wp-image-4461\" srcset=\"https:\/\/www.osezmauges.fr\/evenements-pro\/wp-content\/uploads\/sites\/2\/2021\/10\/4-dessert-traiteur-Antares-1.jpg 678w, https:\/\/www.osezmauges.fr\/evenements-pro\/wp-content\/uploads\/sites\/2\/2021\/10\/4-dessert-traiteur-Antares-1-339x600.jpg 339w, https:\/\/www.osezmauges.fr\/evenements-pro\/wp-content\/uploads\/sites\/2\/2021\/10\/4-dessert-traiteur-Antares-1-300x531.jpg 300w, https:\/\/www.osezmauges.fr\/evenements-pro\/wp-content\/uploads\/sites\/2\/2021\/10\/4-dessert-traiteur-Antares-1-509x900.jpg 509w, https:\/\/www.osezmauges.fr\/evenements-pro\/wp-content\/uploads\/sites\/2\/2021\/10\/4-dessert-traiteur-Antares-1-650x1150.jpg 650w\" sizes=\"(max-width: 678px) 100vw, 678px\" \/><\/a><figcaption class=\"blocks-gallery-item__caption\"> \u00a9Antar\u00e8s Traiteur <\/figcaption><\/figure><\/li><li class=\"blocks-gallery-item\"><figure><a href=\"https:\/\/www.osezmauges.fr\/evenements-pro\/wp-content\/uploads\/sites\/2\/2021\/10\/2-piece-cocktail-traiteur-antares.jpg\"><img width=\"1200\" height=\"794\" data-src=\"https:\/\/www.osezmauges.fr\/evenements-pro\/wp-content\/uploads\/sites\/2\/2021\/10\/2-piece-cocktail-traiteur-antares.jpg\" alt=\"\" data-id=\"4455\" data-full-url=\"https:\/\/www.osezmauges.fr\/evenements-pro\/wp-content\/uploads\/sites\/2\/2021\/10\/2-piece-cocktail-traiteur-antares.jpg\" data-link=\"https:\/\/www.osezmauges.fr\/evenements-pro\/?attachment_id=4455\" class=\"wp-image-4455\" srcset=\"https:\/\/www.osezmauges.fr\/evenements-pro\/wp-content\/uploads\/sites\/2\/2021\/10\/2-piece-cocktail-traiteur-antares.jpg 1200w, https:\/\/www.osezmauges.fr\/evenements-pro\/wp-content\/uploads\/sites\/2\/2021\/10\/2-piece-cocktail-traiteur-antares-600x397.jpg 600w, https:\/\/www.osezmauges.fr\/evenements-pro\/wp-content\/uploads\/sites\/2\/2021\/10\/2-piece-cocktail-traiteur-antares-300x199.jpg 300w, https:\/\/www.osezmauges.fr\/evenements-pro\/wp-content\/uploads\/sites\/2\/2021\/10\/2-piece-cocktail-traiteur-antares-900x596.jpg 900w, https:\/\/www.osezmauges.fr\/evenements-pro\/wp-content\/uploads\/sites\/2\/2021\/10\/2-piece-cocktail-traiteur-antares-650x430.jpg 650w\" sizes=\"(max-width: 1200px) 100vw, 1200px\" \/><\/a><figcaption class=\"blocks-gallery-item__caption\"> \u00a9Antar\u00e8s Traiteur <\/figcaption><\/figure><\/li><li class=\"blocks-gallery-item\"><figure><a href=\"https:\/\/www.osezmauges.fr\/evenements-pro\/wp-content\/uploads\/sites\/2\/2021\/10\/5-animation-culinaire-saumon-traiteur-antares.jpg\"><img width=\"1200\" height=\"670\" data-src=\"https:\/\/www.osezmauges.fr\/evenements-pro\/wp-content\/uploads\/sites\/2\/2021\/10\/5-animation-culinaire-saumon-traiteur-antares.jpg\" alt=\"\" data-id=\"4458\" data-full-url=\"https:\/\/www.osezmauges.fr\/evenements-pro\/wp-content\/uploads\/sites\/2\/2021\/10\/5-animation-culinaire-saumon-traiteur-antares.jpg\" data-link=\"https:\/\/www.osezmauges.fr\/evenements-pro\/?attachment_id=4458\" class=\"wp-image-4458\" srcset=\"https:\/\/www.osezmauges.fr\/evenements-pro\/wp-content\/uploads\/sites\/2\/2021\/10\/5-animation-culinaire-saumon-traiteur-antares.jpg 1200w, https:\/\/www.osezmauges.fr\/evenements-pro\/wp-content\/uploads\/sites\/2\/2021\/10\/5-animation-culinaire-saumon-traiteur-antares-600x335.jpg 600w, https:\/\/www.osezmauges.fr\/evenements-pro\/wp-content\/uploads\/sites\/2\/2021\/10\/5-animation-culinaire-saumon-traiteur-antares-300x168.jpg 300w, https:\/\/www.osezmauges.fr\/evenements-pro\/wp-content\/uploads\/sites\/2\/2021\/10\/5-animation-culinaire-saumon-traiteur-antares-900x503.jpg 900w, https:\/\/www.osezmauges.fr\/evenements-pro\/wp-content\/uploads\/sites\/2\/2021\/10\/5-animation-culinaire-saumon-traiteur-antares-650x363.jpg 650w\" sizes=\"(max-width: 1200px) 100vw, 1200px\" \/><\/a><figcaption class=\"blocks-gallery-item__caption\"> \u00a9Antar\u00e8s Traiteur <\/figcaption><\/figure><\/li><li class=\"blocks-gallery-item\"><figure><a href=\"https:\/\/www.osezmauges.fr\/evenements-pro\/wp-content\/uploads\/sites\/2\/2021\/10\/3-animation-plancha-terre-1.jpg\"><img width=\"863\" height=\"1200\" data-src=\"https:\/\/www.osezmauges.fr\/evenements-pro\/wp-content\/uploads\/sites\/2\/2021\/10\/3-animation-plancha-terre-1.jpg\" alt=\"\" data-id=\"4460\" data-full-url=\"https:\/\/www.osezmauges.fr\/evenements-pro\/wp-content\/uploads\/sites\/2\/2021\/10\/3-animation-plancha-terre-1.jpg\" data-link=\"https:\/\/www.osezmauges.fr\/evenements-pro\/?attachment_id=4460\" class=\"wp-image-4460\" srcset=\"https:\/\/www.osezmauges.fr\/evenements-pro\/wp-content\/uploads\/sites\/2\/2021\/10\/3-animation-plancha-terre-1.jpg 863w, https:\/\/www.osezmauges.fr\/evenements-pro\/wp-content\/uploads\/sites\/2\/2021\/10\/3-animation-plancha-terre-1-432x600.jpg 432w, https:\/\/www.osezmauges.fr\/evenements-pro\/wp-content\/uploads\/sites\/2\/2021\/10\/3-animation-plancha-terre-1-300x417.jpg 300w, https:\/\/www.osezmauges.fr\/evenements-pro\/wp-content\/uploads\/sites\/2\/2021\/10\/3-animation-plancha-terre-1-647x900.jpg 647w, https:\/\/www.osezmauges.fr\/evenements-pro\/wp-content\/uploads\/sites\/2\/2021\/10\/3-animation-plancha-terre-1-650x904.jpg 650w\" sizes=\"(max-width: 863px) 100vw, 863px\" \/><\/a><figcaption class=\"blocks-gallery-item__caption\"> \u00a9Antar\u00e8s Traiteur <\/figcaption><\/figure><\/li><\/ul><figcaption class=\"blocks-gallery-caption\">L&rsquo;Antar\u00e8s Traiteur au service de vos \u00e9v\u00e9nements d&rsquo;entreprise dans les Mauges <\/figcaption><\/figure>\n\n\n\n<h2 class=\"wp-block-heading\">Pourquoi les choisir ? <\/h2>\n\n\n\n<ul class=\"wp-block-list\"><li>Une cuisine cr\u00e9ative et faite maison favorisant les produits locaux et de saison<\/li><li>Des animations culinaires sucr\u00e9es et sal\u00e9es pour surprendre vos invit\u00e9s<\/li><li>Partenariat avec des organisateurs d\u2019\u00e9v\u00e9nements pour g\u00e9rer la sonorisation, l\u2019\u00e9clairage, la d\u00e9coration, l\u2019animation\u2026 de votre prestation<\/li><li>Organisation sur-mesure de votre r\u00e9ception<\/li><\/ul>\n\n\n\n<h3 class=\"wp-block-heading\"><strong>Prestations <\/strong>: <\/h3>\n\n\n\n<ul class=\"wp-block-list\"><li>Cocktails<\/li><li>Animations culinaires (plancha glac\u00e9e, atelier de fumage sous cloche, d\u00e9coupe de saumon, bar \u00e0 hu\u00eetres, brochettes de fruits meringu\u00e9es, v\u00e9los \u00e0 smoothies\u2026)<\/li><li>Repas servis \u00e0 l\u2019assiette<\/li><li>Plateaux repas z\u00e9ro d\u00e9chet<\/li><li>Accueil caf\u00e9<\/li><li>Brunch et buffet<\/li><\/ul>\n","protected":false},"excerpt":{"rendered":"<p>Optez pour l\u2019exp\u00e9rience et le professionnalisme de Marina et Ga\u00ebl, cuisinier et p\u00e2tissi\u00e8re depuis 20 ans. Ces passionn\u00e9s de cuisine fran\u00e7aise vous proposent des plats revisit\u00e9s avec cr\u00e9ativit\u00e9 et concoct\u00e9s \u00e0 base de produits frais, locaux et faits-maison. Ils s\u2019adaptent avec facilit\u00e9 aux r\u00e9gimes de chacun et \u00e0 vos envies pour vous fournir une prestation [&hellip;]<\/p>\n","protected":false},"author":1,"featured_media":4454,"parent":42,"menu_order":7,"comment_status":"closed","ping_status":"closed","template":"","meta":{"_relevanssi_hide_post":"","_relevanssi_hide_content":"","_relevanssi_pin_for_all":"","_relevanssi_pin_keywords":"","_relevanssi_unpin_keywords":"","_relevanssi_related_keywords":"","_relevanssi_related_include_ids":"","_relevanssi_related_exclude_ids":"","_relevanssi_related_no_append":"","_relevanssi_related_not_related":"","_relevanssi_related_posts":"1","_relevanssi_noindex_reason":"","footnotes":""},"class_list":["post-283","page","type-page","status-publish","has-post-thumbnail","hentry"],"acf":[],"yoast_head":"<!-- This site is optimized with the Yoast SEO plugin v26.9 - https:\/\/yoast.com\/product\/yoast-seo-wordpress\/ -->\n<title>L\u2019Antar\u00e8s | Traiteur dans les Mauges<\/title>\n<meta name=\"description\" content=\"Vous pr\u00e9parez un \u00e9v\u00e9nement d\u2019entreprise dans les Mauges et vous avez besoin d\u2019un traiteur pour r\u00e9galer vos collaborateurs ? D\u00e9couvrez L\u2019Antar\u00e8s Traiteur.\" \/>\n<meta name=\"robots\" content=\"index, follow, max-snippet:-1, max-image-preview:large, max-video-preview:-1\" \/>\n<link rel=\"canonical\" href=\"https:\/\/www.osezmauges.fr\/evenements-pro\/organiser-son-evenement-pro\/traiteur-evenement-entreprise\/traiteur-antares\/\" \/>\n<meta property=\"og:locale\" content=\"fr_FR\" \/>\n<meta property=\"og:type\" content=\"article\" \/>\n<meta property=\"og:title\" content=\"L\u2019Antar\u00e8s | Traiteur dans les Mauges\" \/>\n<meta property=\"og:description\" content=\"Vous pr\u00e9parez un \u00e9v\u00e9nement d\u2019entreprise dans les Mauges et vous avez besoin d\u2019un traiteur pour r\u00e9galer vos collaborateurs ? D\u00e9couvrez L\u2019Antar\u00e8s Traiteur.\" \/>\n<meta property=\"og:url\" content=\"https:\/\/www.osezmauges.fr\/evenements-pro\/organiser-son-evenement-pro\/traiteur-evenement-entreprise\/traiteur-antares\/\" \/>\n<meta property=\"og:site_name\" content=\"Osez Mauges - Tourisme d&#039;affaire\" \/>\n<meta property=\"article:modified_time\" content=\"2025-04-26T15:33:35+00:00\" \/>\n<meta property=\"og:image\" content=\"https:\/\/www.osezmauges.fr\/evenements-pro\/wp-content\/uploads\/sites\/2\/2021\/10\/1-pieces-cocktail-my-traiteur-164850.jpg\" \/>\n\t<meta property=\"og:image:width\" content=\"1200\" \/>\n\t<meta property=\"og:image:height\" content=\"800\" \/>\n\t<meta property=\"og:image:type\" content=\"image\/jpeg\" \/>\n<meta name=\"twitter:card\" content=\"summary_large_image\" \/>\n<meta name=\"twitter:label1\" content=\"Dur\u00e9e de lecture estim\u00e9e\" \/>\n\t<meta name=\"twitter:data1\" content=\"2 minutes\" \/>\n<script type=\"application\/ld+json\" class=\"yoast-schema-graph\">{\"@context\":\"https:\/\/schema.org\",\"@graph\":[{\"@type\":\"WebPage\",\"@id\":\"https:\/\/www.osezmauges.fr\/evenements-pro\/organiser-son-evenement-pro\/traiteur-evenement-entreprise\/traiteur-antares\/\",\"url\":\"https:\/\/www.osezmauges.fr\/evenements-pro\/organiser-son-evenement-pro\/traiteur-evenement-entreprise\/traiteur-antares\/\",\"name\":\"L\u2019Antar\u00e8s | Traiteur dans les Mauges\",\"isPartOf\":{\"@id\":\"https:\/\/www.osezmauges.fr\/evenements-pro\/#website\"},\"primaryImageOfPage\":{\"@id\":\"https:\/\/www.osezmauges.fr\/evenements-pro\/organiser-son-evenement-pro\/traiteur-evenement-entreprise\/traiteur-antares\/#primaryimage\"},\"image\":{\"@id\":\"https:\/\/www.osezmauges.fr\/evenements-pro\/organiser-son-evenement-pro\/traiteur-evenement-entreprise\/traiteur-antares\/#primaryimage\"},\"thumbnailUrl\":\"https:\/\/www.osezmauges.fr\/evenements-pro\/wp-content\/uploads\/sites\/2\/2021\/10\/1-pieces-cocktail-my-traiteur-164850.jpg\",\"datePublished\":\"2021-10-19T13:48:51+00:00\",\"dateModified\":\"2025-04-26T15:33:35+00:00\",\"description\":\"Vous pr\u00e9parez un \u00e9v\u00e9nement d\u2019entreprise dans les Mauges et vous avez besoin d\u2019un traiteur pour r\u00e9galer vos collaborateurs ? D\u00e9couvrez L\u2019Antar\u00e8s Traiteur.\",\"breadcrumb\":{\"@id\":\"https:\/\/www.osezmauges.fr\/evenements-pro\/organiser-son-evenement-pro\/traiteur-evenement-entreprise\/traiteur-antares\/#breadcrumb\"},\"inLanguage\":\"fr-FR\",\"potentialAction\":[{\"@type\":\"ReadAction\",\"target\":[\"https:\/\/www.osezmauges.fr\/evenements-pro\/organiser-son-evenement-pro\/traiteur-evenement-entreprise\/traiteur-antares\/\"]}]},{\"@type\":\"ImageObject\",\"inLanguage\":\"fr-FR\",\"@id\":\"https:\/\/www.osezmauges.fr\/evenements-pro\/organiser-son-evenement-pro\/traiteur-evenement-entreprise\/traiteur-antares\/#primaryimage\",\"url\":\"https:\/\/www.osezmauges.fr\/evenements-pro\/wp-content\/uploads\/sites\/2\/2021\/10\/1-pieces-cocktail-my-traiteur-164850.jpg\",\"contentUrl\":\"https:\/\/www.osezmauges.fr\/evenements-pro\/wp-content\/uploads\/sites\/2\/2021\/10\/1-pieces-cocktail-my-traiteur-164850.jpg\",\"width\":1200,\"height\":800},{\"@type\":\"BreadcrumbList\",\"@id\":\"https:\/\/www.osezmauges.fr\/evenements-pro\/organiser-son-evenement-pro\/traiteur-evenement-entreprise\/traiteur-antares\/#breadcrumb\",\"itemListElement\":[{\"@type\":\"ListItem\",\"position\":1,\"name\":\"Accueil\",\"item\":\"https:\/\/www.osezmauges.fr\/evenements-pro\/\"},{\"@type\":\"ListItem\",\"position\":2,\"name\":\"Organiser son \u00e9v\u00e9nement d\u2019entreprise\",\"item\":\"https:\/\/www.osezmauges.fr\/evenements-pro\/organiser-son-evenement-pro\/\"},{\"@type\":\"ListItem\",\"position\":3,\"name\":\"Traiteurs et restaurants\",\"item\":\"https:\/\/www.osezmauges.fr\/evenements-pro\/organiser-son-evenement-pro\/traiteur-evenement-entreprise\/\"},{\"@type\":\"ListItem\",\"position\":4,\"name\":\"L\u2019Antar\u00e8s Traiteur\"}]},{\"@type\":\"WebSite\",\"@id\":\"https:\/\/www.osezmauges.fr\/evenements-pro\/#website\",\"url\":\"https:\/\/www.osezmauges.fr\/evenements-pro\/\",\"name\":\"Osez Mauges - Tourisme d&#039;affaire\",\"description\":\"\u00d4sez Mauges\",\"potentialAction\":[{\"@type\":\"SearchAction\",\"target\":{\"@type\":\"EntryPoint\",\"urlTemplate\":\"https:\/\/www.osezmauges.fr\/evenements-pro\/?s={search_term_string}\"},\"query-input\":{\"@type\":\"PropertyValueSpecification\",\"valueRequired\":true,\"valueName\":\"search_term_string\"}}],\"inLanguage\":\"fr-FR\"}]}<\/script>\n<!-- \/ Yoast SEO plugin. -->","yoast_head_json":{"title":"L\u2019Antar\u00e8s | Traiteur dans les Mauges","description":"Vous pr\u00e9parez un \u00e9v\u00e9nement d\u2019entreprise dans les Mauges et vous avez besoin d\u2019un traiteur pour r\u00e9galer vos collaborateurs ? D\u00e9couvrez L\u2019Antar\u00e8s Traiteur.","robots":{"index":"index","follow":"follow","max-snippet":"max-snippet:-1","max-image-preview":"max-image-preview:large","max-video-preview":"max-video-preview:-1"},"canonical":"https:\/\/www.osezmauges.fr\/evenements-pro\/organiser-son-evenement-pro\/traiteur-evenement-entreprise\/traiteur-antares\/","og_locale":"fr_FR","og_type":"article","og_title":"L\u2019Antar\u00e8s | Traiteur dans les Mauges","og_description":"Vous pr\u00e9parez un \u00e9v\u00e9nement d\u2019entreprise dans les Mauges et vous avez besoin d\u2019un traiteur pour r\u00e9galer vos collaborateurs ? D\u00e9couvrez L\u2019Antar\u00e8s Traiteur.","og_url":"https:\/\/www.osezmauges.fr\/evenements-pro\/organiser-son-evenement-pro\/traiteur-evenement-entreprise\/traiteur-antares\/","og_site_name":"Osez Mauges - Tourisme d&#039;affaire","article_modified_time":"2025-04-26T15:33:35+00:00","og_image":[{"width":1200,"height":800,"url":"https:\/\/www.osezmauges.fr\/evenements-pro\/wp-content\/uploads\/sites\/2\/2021\/10\/1-pieces-cocktail-my-traiteur-164850.jpg","type":"image\/jpeg"}],"twitter_card":"summary_large_image","twitter_misc":{"Dur\u00e9e de lecture estim\u00e9e":"2 minutes"},"schema":{"@context":"https:\/\/schema.org","@graph":[{"@type":"WebPage","@id":"https:\/\/www.osezmauges.fr\/evenements-pro\/organiser-son-evenement-pro\/traiteur-evenement-entreprise\/traiteur-antares\/","url":"https:\/\/www.osezmauges.fr\/evenements-pro\/organiser-son-evenement-pro\/traiteur-evenement-entreprise\/traiteur-antares\/","name":"L\u2019Antar\u00e8s | Traiteur dans les Mauges","isPartOf":{"@id":"https:\/\/www.osezmauges.fr\/evenements-pro\/#website"},"primaryImageOfPage":{"@id":"https:\/\/www.osezmauges.fr\/evenements-pro\/organiser-son-evenement-pro\/traiteur-evenement-entreprise\/traiteur-antares\/#primaryimage"},"image":{"@id":"https:\/\/www.osezmauges.fr\/evenements-pro\/organiser-son-evenement-pro\/traiteur-evenement-entreprise\/traiteur-antares\/#primaryimage"},"thumbnailUrl":"https:\/\/www.osezmauges.fr\/evenements-pro\/wp-content\/uploads\/sites\/2\/2021\/10\/1-pieces-cocktail-my-traiteur-164850.jpg","datePublished":"2021-10-19T13:48:51+00:00","dateModified":"2025-04-26T15:33:35+00:00","description":"Vous pr\u00e9parez un \u00e9v\u00e9nement d\u2019entreprise dans les Mauges et vous avez besoin d\u2019un traiteur pour r\u00e9galer vos collaborateurs ? D\u00e9couvrez L\u2019Antar\u00e8s Traiteur.","breadcrumb":{"@id":"https:\/\/www.osezmauges.fr\/evenements-pro\/organiser-son-evenement-pro\/traiteur-evenement-entreprise\/traiteur-antares\/#breadcrumb"},"inLanguage":"fr-FR","potentialAction":[{"@type":"ReadAction","target":["https:\/\/www.osezmauges.fr\/evenements-pro\/organiser-son-evenement-pro\/traiteur-evenement-entreprise\/traiteur-antares\/"]}]},{"@type":"ImageObject","inLanguage":"fr-FR","@id":"https:\/\/www.osezmauges.fr\/evenements-pro\/organiser-son-evenement-pro\/traiteur-evenement-entreprise\/traiteur-antares\/#primaryimage","url":"https:\/\/www.osezmauges.fr\/evenements-pro\/wp-content\/uploads\/sites\/2\/2021\/10\/1-pieces-cocktail-my-traiteur-164850.jpg","contentUrl":"https:\/\/www.osezmauges.fr\/evenements-pro\/wp-content\/uploads\/sites\/2\/2021\/10\/1-pieces-cocktail-my-traiteur-164850.jpg","width":1200,"height":800},{"@type":"BreadcrumbList","@id":"https:\/\/www.osezmauges.fr\/evenements-pro\/organiser-son-evenement-pro\/traiteur-evenement-entreprise\/traiteur-antares\/#breadcrumb","itemListElement":[{"@type":"ListItem","position":1,"name":"Accueil","item":"https:\/\/www.osezmauges.fr\/evenements-pro\/"},{"@type":"ListItem","position":2,"name":"Organiser son \u00e9v\u00e9nement d\u2019entreprise","item":"https:\/\/www.osezmauges.fr\/evenements-pro\/organiser-son-evenement-pro\/"},{"@type":"ListItem","position":3,"name":"Traiteurs et restaurants","item":"https:\/\/www.osezmauges.fr\/evenements-pro\/organiser-son-evenement-pro\/traiteur-evenement-entreprise\/"},{"@type":"ListItem","position":4,"name":"L\u2019Antar\u00e8s Traiteur"}]},{"@type":"WebSite","@id":"https:\/\/www.osezmauges.fr\/evenements-pro\/#website","url":"https:\/\/www.osezmauges.fr\/evenements-pro\/","name":"Osez Mauges - Tourisme d&#039;affaire","description":"\u00d4sez Mauges","potentialAction":[{"@type":"SearchAction","target":{"@type":"EntryPoint","urlTemplate":"https:\/\/www.osezmauges.fr\/evenements-pro\/?s={search_term_string}"},"query-input":{"@type":"PropertyValueSpecification","valueRequired":true,"valueName":"search_term_string"}}],"inLanguage":"fr-FR"}]}},"_links":{"self":[{"href":"https:\/\/www.osezmauges.fr\/evenements-pro\/wp-json\/wp\/v2\/pages\/283","targetHints":{"allow":["GET"]}}],"collection":[{"href":"https:\/\/www.osezmauges.fr\/evenements-pro\/wp-json\/wp\/v2\/pages"}],"about":[{"href":"https:\/\/www.osezmauges.fr\/evenements-pro\/wp-json\/wp\/v2\/types\/page"}],"author":[{"embeddable":true,"href":"https:\/\/www.osezmauges.fr\/evenements-pro\/wp-json\/wp\/v2\/users\/1"}],"replies":[{"embeddable":true,"href":"https:\/\/www.osezmauges.fr\/evenements-pro\/wp-json\/wp\/v2\/comments?post=283"}],"version-history":[{"count":9,"href":"https:\/\/www.osezmauges.fr\/evenements-pro\/wp-json\/wp\/v2\/pages\/283\/revisions"}],"predecessor-version":[{"id":15378,"href":"https:\/\/www.osezmauges.fr\/evenements-pro\/wp-json\/wp\/v2\/pages\/283\/revisions\/15378"}],"up":[{"embeddable":true,"href":"https:\/\/www.osezmauges.fr\/evenements-pro\/wp-json\/wp\/v2\/pages\/42"}],"wp:featuredmedia":[{"embeddable":true,"href":"https:\/\/www.osezmauges.fr\/evenements-pro\/wp-json\/wp\/v2\/media\/4454"}],"wp:attachment":[{"href":"https:\/\/www.osezmauges.fr\/evenements-pro\/wp-json\/wp\/v2\/media?parent=283"}],"curies":[{"name":"wp","href":"https:\/\/api.w.org\/{rel}","templated":true}]}}