{"id":36,"date":"2021-09-02T17:43:18","date_gmt":"2021-09-02T15:43:18","guid":{"rendered":"https:\/\/www.osezmauges.fr\/tourisme-d-affaires\/pourquoi-les-mauges\/laccessibilite\/"},"modified":"2022-03-09T12:47:35","modified_gmt":"2022-03-09T11:47:35","slug":"se-rendre-dans-les-mauges","status":"publish","type":"page","link":"https:\/\/www.osezmauges.fr\/evenements-pro\/seminaire-choisir-les-mauges\/se-rendre-dans-les-mauges\/","title":{"rendered":"Les Mauges, un territoire facile d\u2019acc\u00e8s entre Angers, Nantes et Cholet"},"content":{"rendered":"\n<p class=\"is-style-excerpt\">Les Mauges, au c\u0153ur du Maine-et-Loire, sont id\u00e9alement situ\u00e9es <strong>au carrefour de 3 grandes m\u00e9tropoles du Grand Ouest&nbsp;: Angers, Nantes et Cholet<\/strong>. Les axes routiers et ferroviaires fortement d\u00e9velopp\u00e9s dans ce triangle \u00e9conomique en plein essor favorisent leur acc\u00e8s. Accessibles <strong>en<\/strong> <strong>train, en voiture ou encore \u00e0 v\u00e9lo<\/strong>, les Mauges sont id\u00e9ales pour accueillir vos <strong>s\u00e9minaires, team-buildings <\/strong>et<strong> afterworks<\/strong> entre coll\u00e8gues.<\/p>\n\n\n\n<h2 class=\"wp-block-heading\">Se rendre dans les Mauges en train<\/h2>\n\n\n\n<p>Trois grands axes ferroviaires desservent les communes des Mauges au d\u00e9part d\u2019Angers, Nantes et Cholet.<\/p>\n\n\n\n<h4 class=\"wp-block-heading\">\ud83d\ude86 Le <strong>TER Nantes \u2013 Angers<\/strong>, vous permet d\u2019acc\u00e9der <strong>en moins d\u20191h<\/strong> aux communes d\u2019Or\u00e9e-d\u2019Anjou et Mauges-sur-Loire&nbsp;:<\/h4>\n\n\n\n<ul class=\"wp-block-list\"><li>Champtoceaux (s\u2019arr\u00eater \u00e0 Oudon puis traverser le pont)<\/li><li>Saint-Florent-le-Vieil (s\u2019arr\u00eater \u00e0 Varades \u2013 Saint-Florent-le-Vieil puis traverser le pont)<\/li><li>Lir\u00e9 (s\u2019arr\u00eater \u00e0 Ancenis puis traverser le pont)<\/li><li>Montjean-sur-Loire (s\u2019arr\u00eater \u00e0 Champtoc\u00e9-sur-Loire et traverser le pont).<\/li><\/ul>\n\n\n\n<h4 class=\"wp-block-heading\">\ud83d\ude86 Le <strong>TER Angers &#8211; Cholet<\/strong>, vous permet d\u2019atteindre <strong>en 20 \u00e0 30 min<\/strong> :<\/h4>\n\n\n\n<ul class=\"wp-block-list\"><li>Chemill\u00e9 (Chemill\u00e9-en-Anjou).<\/li><\/ul>\n\n\n\n<h4 class=\"wp-block-heading\">\ud83d\ude86 Le <strong>TER Nantes &#8211; Cholet<\/strong>, vous permet d\u2019acc\u00e9der <strong>en 20 \u00e0 30 min<\/strong> :<\/h4>\n\n\n\n<ul class=\"wp-block-list\"><li>Torfou (S\u00e8vremoine).<\/li><\/ul>\n\n\n\n<p>Vos locaux se situent dans la capitale&nbsp;? Empruntez le <strong>TGV depuis la gare de Paris Montparnasse<\/strong> pour rejoindre <strong>Angers en seulement 1h30 et Nantes en 2h<\/strong>.<\/p>\n\n\n<div class=\"wp-block wp-block-highlight\">\n                <p class=\"wp-block-highlight-item wp-block-highlight-excerpt\">Vous pr\u00e9voyez d\u2019arriver dans l\u2019une de ces gares mais le lieu de vos retrouvailles est encore \u00e0 quelques minutes de route\u00a0? Nous nous tenons \u00e0 votre disposition pour vous fournir la <strong>liste des chauffeurs VTC et taxi<\/strong> proposant des courses autour de votre gare d\u2019arriv\u00e9e.<\/p>\n    <\/div>\n\n\n<h2 class=\"wp-block-heading\">Se rendre dans les Mauges en voiture<\/h2>\n\n\n\n<p>Les Mauges sont \u00e9galement bord\u00e9es par<strong> 3 grands axes routiers <\/strong>qui relient les villes d\u2019Angers, Nantes et Cholet. <strong>Il est facile de rejoindre chacune des communes des Mauges en \u00e0 peine plus d\u20191 heure depuis ces 3 grandes agglom\u00e9rations<\/strong>, via l\u2019A11, les routes nationales ou bien d\u00e9partementales.<\/p>\n\n\n\n<div class=\"wp-block-columns is-layout-flex wp-container-core-columns-is-layout-9d6595d7 wp-block-columns-is-layout-flex\">\n<div class=\"wp-block-column is-layout-flow wp-block-column-is-layout-flow\" style=\"flex-basis:25%\"><\/div>\n\n\n\n<div class=\"wp-block-column is-layout-flow wp-block-column-is-layout-flow\" style=\"flex-basis:970px\">\n<p>\ud83c\udf43 Inscrivez vos \u00e9v\u00e9nements d\u2019entreprise dans une d\u00e9marche plus \u00e9thique et responsable en pensant au <strong>covoiturage<\/strong>&nbsp;!<\/p>\n<\/div>\n\n\n\n<div class=\"wp-block-column is-layout-flow wp-block-column-is-layout-flow\" style=\"flex-basis:25%\"><\/div>\n<\/div>\n\n\n\n<h2 class=\"wp-block-heading\">Se rendre dans les Mauges \u00e0 v\u00e9lo<\/h2>\n\n\n\n<p>Et si vous commenciez \u00e0 partager des instants conviviaux entre coll\u00e8gues d\u00e8s le passage du seuil de votre entreprise&nbsp;? <strong>Rejoignez le lieu de votre s\u00e9minaire ou team-building \u00e0 v\u00e9lo via <a href=\"https:\/\/www.loireavelo.fr\/\" target=\"_blank\" rel=\"noreferrer noopener\">La Loire \u00e0 V\u00e9lo<\/a> entre Angers et Nantes.<\/strong> Se balader \u00e0 v\u00e9lo entre coll\u00e8gue dans le cadre exceptionnel qu\u2019offrent les bords de Loire, est d\u00e9j\u00e0 une excellente fa\u00e7on de resserrer les liens qui unissent votre \u00e9quipe.<\/p>\n\n\n\n<h2 class=\"wp-block-heading\">Se rendre dans les Mauges en avion<\/h2>\n\n\n\n<p>Vous venez d\u2019ailleurs en France, voire de l\u2019\u00e9tranger&nbsp;? Rejoignez les Mauges en avion en d\u00e9barquant dans l\u2019<strong>a\u00e9roport de Nantes-Atlantique<\/strong>, \u00e0 <strong>seulement 30 minutes de la fronti\u00e8re ouest des Mauges<\/strong>.<\/p>\n\n\n\n<p>De nombreux vols arrivent chaque jour de l\u2019\u00e9tranger et des 4 coins de France.<\/p>\n\n\n\n<div class=\"wp-block wp-block-related-post clear alignfull\">\n    <div class=\"container\">\n\n        <div class=\"article\">\n\t\t                    <h2 class=\"wp-block-related-post-title\">Vous aimerez aussi<\/h2>\n\t\t    \n\t\t            <\/div>\n\n\t    \n            <div class=\"wp-block-related-post-inner\">\n                <div data-id=\"wpiris-related-post\"  data-slides-per-view=\"4\">\n                    <div data-id=\"wpiris-related-post-wrapper\"\">\n\t\t\t\t\t    \n<div class=\"entityItem\" data-id=\"wpiris-related-post-item\"     data-trigger=\"wpiris-click\">\n    <p class=\"entityItemThumbnail\">\n        <a href=\"https:\/\/www.osezmauges.fr\/evenements-pro\/seminaire-choisir-les-mauges\/prestations-qualitatives-affaire\/\" nofancybox>\n            <img src=\n            \"https:\/\/www.osezmauges.fr\/evenements-pro\/wp-content\/uploads\/sites\/2\/2021\/10\/1-prestation-qualitative-seminaire-incentive-nant\u00a9D.Drouet-380x430.jpg\" alt=\"La qualit\u00e9 au c\u0153ur de vos s\u00e9minaires et r\u00e9unions d\u2019affaires\">\n        <\/a>\n    <\/p>\n        <div class=\"entityItemContent\">\n        \n        \n        <h3 class=\"entityItemContentTitle\">        <a href=\"https:\/\/www.osezmauges.fr\/evenements-pro\/seminaire-choisir-les-mauges\/prestations-qualitatives-affaire\/\">La qualit\u00e9 au c\u0153ur de vos s\u00e9minaires et r\u00e9unions d\u2019affaires<\/a>\n        <\/h3>\n            <\/div>\n\n    \n    <\/div>\n\n<div class=\"entityItem\" data-id=\"wpiris-related-post-item\"     data-trigger=\"wpiris-click\">\n    <p class=\"entityItemThumbnail\">\n        <a href=\"https:\/\/www.osezmauges.fr\/evenements-pro\/seminaire-choisir-les-mauges\/un-bassin-economique-actif\/\" nofancybox>\n            <img src=\n            \"https:\/\/www.osezmauges.fr\/evenements-pro\/wp-content\/uploads\/sites\/2\/2021\/10\/1-vue-exterieure-MulliezFlory-sm-longeron-osezmauges-anjou-\u00a9F.Crampon-4247-380x430.jpg\" alt=\"Les Mauges, un bassin \u00e9conomique actif entre Angers, Nantes et Cholet\">\n        <\/a>\n    <\/p>\n        <div class=\"entityItemContent\">\n        \n        \n        <h3 class=\"entityItemContentTitle\">        <a href=\"https:\/\/www.osezmauges.fr\/evenements-pro\/seminaire-choisir-les-mauges\/un-bassin-economique-actif\/\">Les Mauges, un bassin \u00e9conomique actif entre Angers, Nantes et Cholet<\/a>\n        <\/h3>\n            <\/div>\n\n    \n    <\/div>\n\n<div class=\"entityItem\" data-id=\"wpiris-related-post-item\"     data-trigger=\"wpiris-click\">\n    <p class=\"entityItemThumbnail\">\n        <a href=\"https:\/\/www.osezmauges.fr\/evenements-pro\/seminaire-choisir-les-mauges\/equipe-tourisme-affaire\/\" nofancybox>\n            <img src=\n            \"https:\/\/www.osezmauges.fr\/evenements-pro\/wp-content\/uploads\/sites\/2\/2022\/09\/equipe-tourisme-affaire-osez-mauges-\u00a9D.Drouet-380x430.png\" alt=\"Une \u00e9quipe de professi\u00d4nnels d\u00e9di\u00e9e \u00e0 vos \u00e9v\u00e9nements\">\n        <\/a>\n    <\/p>\n        <div class=\"entityItemContent\">\n        \n        \n        <h3 class=\"entityItemContentTitle\">        <a href=\"https:\/\/www.osezmauges.fr\/evenements-pro\/seminaire-choisir-les-mauges\/equipe-tourisme-affaire\/\">Une \u00e9quipe de professi\u00d4nnels d\u00e9di\u00e9e \u00e0 vos \u00e9v\u00e9nements<\/a>\n        <\/h3>\n            <\/div>\n\n    \n    <\/div>\n\n<div class=\"entityItem\" data-id=\"wpiris-related-post-item\"     data-trigger=\"wpiris-click\">\n    <p class=\"entityItemThumbnail\">\n        <a href=\"https:\/\/www.osezmauges.fr\/evenements-pro\/seminaire-choisir-les-mauges\/seminaire-angers-nature\/\" nofancybox>\n            <img src=\n            \"https:\/\/www.osezmauges.fr\/evenements-pro\/wp-content\/uploads\/sites\/2\/2024\/02\/seminaire-angers-nantes-parc-chateau-martreil-cea-chemille-\u00a9F.Crampon-8-380x430.jpg\" alt=\"Team-building, s\u00e9minaire entre Angers et Nantes : une parenth\u00e8se 100% nature\">\n        <\/a>\n    <\/p>\n        <div class=\"entityItemContent\">\n        \n        \n        <h3 class=\"entityItemContentTitle\">        <a href=\"https:\/\/www.osezmauges.fr\/evenements-pro\/seminaire-choisir-les-mauges\/seminaire-angers-nature\/\">Team-building, s\u00e9minaire entre Angers et Nantes : une parenth\u00e8se 100% nature<\/a>\n        <\/h3>\n            <\/div>\n\n    \n    <\/div>\n                    <\/div>\n                <\/div>\n            <\/div>\n\n        \n    <\/div>\n<\/div>","protected":false},"excerpt":{"rendered":"<p>Les Mauges, au c\u0153ur du Maine-et-Loire, sont id\u00e9alement situ\u00e9es au carrefour de 3 grandes m\u00e9tropoles du Grand Ouest&nbsp;: Angers, Nantes et Cholet. Les axes routiers et ferroviaires fortement d\u00e9velopp\u00e9s dans ce triangle \u00e9conomique en plein essor favorisent leur acc\u00e8s. Accessibles en train, en voiture ou encore \u00e0 v\u00e9lo, les Mauges sont id\u00e9ales pour accueillir vos [&hellip;]<\/p>\n","protected":false},"author":1,"featured_media":405,"parent":11,"menu_order":3,"comment_status":"closed","ping_status":"closed","template":"","meta":{"_relevanssi_hide_post":"","_relevanssi_hide_content":"","_relevanssi_pin_for_all":"","_relevanssi_pin_keywords":"","_relevanssi_unpin_keywords":"","_relevanssi_related_keywords":"","_relevanssi_related_include_ids":"","_relevanssi_related_exclude_ids":"","_relevanssi_related_no_append":"","_relevanssi_related_not_related":"","_relevanssi_related_posts":"1","_relevanssi_noindex_reason":"","footnotes":""},"class_list":["post-36","page","type-page","status-publish","has-post-thumbnail","hentry"],"acf":[],"yoast_head":"<!-- This site is optimized with the Yoast SEO plugin v26.9 - https:\/\/yoast.com\/product\/yoast-seo-wordpress\/ -->\n<title>S\u00e9minaire &amp; Team-building entre Angers, Nantes et Cholet<\/title>\n<meta name=\"description\" content=\"En train, en voiture ou \u00e0 v\u00e9lo, acc\u00e9dez facilement \u00e0 votre s\u00e9minaire, team-building ou afterwork dans les Mauges, entre Angers, Nantes et Cholet.\" \/>\n<meta name=\"robots\" content=\"index, follow, max-snippet:-1, max-image-preview:large, max-video-preview:-1\" \/>\n<link rel=\"canonical\" href=\"https:\/\/www.osezmauges.fr\/evenements-pro\/seminaire-choisir-les-mauges\/se-rendre-dans-les-mauges\/\" \/>\n<meta property=\"og:locale\" content=\"fr_FR\" \/>\n<meta property=\"og:type\" content=\"article\" \/>\n<meta property=\"og:title\" content=\"S\u00e9minaire &amp; Team-building entre Angers, Nantes et Cholet\" \/>\n<meta property=\"og:description\" content=\"En train, en voiture ou \u00e0 v\u00e9lo, acc\u00e9dez facilement \u00e0 votre s\u00e9minaire, team-building ou afterwork dans les Mauges, entre Angers, Nantes et Cholet.\" \/>\n<meta property=\"og:url\" content=\"https:\/\/www.osezmauges.fr\/evenements-pro\/seminaire-choisir-les-mauges\/se-rendre-dans-les-mauges\/\" \/>\n<meta property=\"og:site_name\" content=\"Osez Mauges - Tourisme d&#039;affaire\" \/>\n<meta property=\"article:modified_time\" content=\"2022-03-09T11:47:35+00:00\" \/>\n<meta property=\"og:image\" content=\"https:\/\/www.osezmauges.fr\/evenements-pro\/wp-content\/uploads\/sites\/2\/2021\/10\/1-tourisme-affaire-reunion-equipe\u00a9D.Drouet.jpg\" \/>\n\t<meta property=\"og:image:width\" content=\"1450\" \/>\n\t<meta property=\"og:image:height\" content=\"966\" \/>\n\t<meta property=\"og:image:type\" content=\"image\/jpeg\" \/>\n<meta name=\"twitter:card\" content=\"summary_large_image\" \/>\n<meta name=\"twitter:label1\" content=\"Dur\u00e9e de lecture estim\u00e9e\" \/>\n\t<meta name=\"twitter:data1\" content=\"2 minutes\" \/>\n<script type=\"application\/ld+json\" class=\"yoast-schema-graph\">{\"@context\":\"https:\/\/schema.org\",\"@graph\":[{\"@type\":\"WebPage\",\"@id\":\"https:\/\/www.osezmauges.fr\/evenements-pro\/seminaire-choisir-les-mauges\/se-rendre-dans-les-mauges\/\",\"url\":\"https:\/\/www.osezmauges.fr\/evenements-pro\/seminaire-choisir-les-mauges\/se-rendre-dans-les-mauges\/\",\"name\":\"S\u00e9minaire & Team-building entre Angers, Nantes et Cholet\",\"isPartOf\":{\"@id\":\"https:\/\/www.osezmauges.fr\/evenements-pro\/#website\"},\"primaryImageOfPage\":{\"@id\":\"https:\/\/www.osezmauges.fr\/evenements-pro\/seminaire-choisir-les-mauges\/se-rendre-dans-les-mauges\/#primaryimage\"},\"image\":{\"@id\":\"https:\/\/www.osezmauges.fr\/evenements-pro\/seminaire-choisir-les-mauges\/se-rendre-dans-les-mauges\/#primaryimage\"},\"thumbnailUrl\":\"https:\/\/www.osezmauges.fr\/evenements-pro\/wp-content\/uploads\/sites\/2\/2021\/10\/1-tourisme-affaire-reunion-equipe\u00a9D.Drouet.jpg\",\"datePublished\":\"2021-09-02T15:43:18+00:00\",\"dateModified\":\"2022-03-09T11:47:35+00:00\",\"description\":\"En train, en voiture ou \u00e0 v\u00e9lo, acc\u00e9dez facilement \u00e0 votre s\u00e9minaire, team-building ou afterwork dans les Mauges, entre Angers, Nantes et Cholet.\",\"breadcrumb\":{\"@id\":\"https:\/\/www.osezmauges.fr\/evenements-pro\/seminaire-choisir-les-mauges\/se-rendre-dans-les-mauges\/#breadcrumb\"},\"inLanguage\":\"fr-FR\",\"potentialAction\":[{\"@type\":\"ReadAction\",\"target\":[\"https:\/\/www.osezmauges.fr\/evenements-pro\/seminaire-choisir-les-mauges\/se-rendre-dans-les-mauges\/\"]}]},{\"@type\":\"ImageObject\",\"inLanguage\":\"fr-FR\",\"@id\":\"https:\/\/www.osezmauges.fr\/evenements-pro\/seminaire-choisir-les-mauges\/se-rendre-dans-les-mauges\/#primaryimage\",\"url\":\"https:\/\/www.osezmauges.fr\/evenements-pro\/wp-content\/uploads\/sites\/2\/2021\/10\/1-tourisme-affaire-reunion-equipe\u00a9D.Drouet.jpg\",\"contentUrl\":\"https:\/\/www.osezmauges.fr\/evenements-pro\/wp-content\/uploads\/sites\/2\/2021\/10\/1-tourisme-affaire-reunion-equipe\u00a9D.Drouet.jpg\",\"width\":1450,\"height\":966},{\"@type\":\"BreadcrumbList\",\"@id\":\"https:\/\/www.osezmauges.fr\/evenements-pro\/seminaire-choisir-les-mauges\/se-rendre-dans-les-mauges\/#breadcrumb\",\"itemListElement\":[{\"@type\":\"ListItem\",\"position\":1,\"name\":\"Accueil\",\"item\":\"https:\/\/www.osezmauges.fr\/evenements-pro\/\"},{\"@type\":\"ListItem\",\"position\":2,\"name\":\"S\u00e9minaires, team-building : choisissez les Mauges !\",\"item\":\"https:\/\/www.osezmauges.fr\/evenements-pro\/seminaire-choisir-les-mauges\/\"},{\"@type\":\"ListItem\",\"position\":3,\"name\":\"Les Mauges, un territoire facile d\u2019acc\u00e8s entre Angers, Nantes et Cholet\"}]},{\"@type\":\"WebSite\",\"@id\":\"https:\/\/www.osezmauges.fr\/evenements-pro\/#website\",\"url\":\"https:\/\/www.osezmauges.fr\/evenements-pro\/\",\"name\":\"Osez Mauges - Tourisme d&#039;affaire\",\"description\":\"\u00d4sez Mauges\",\"potentialAction\":[{\"@type\":\"SearchAction\",\"target\":{\"@type\":\"EntryPoint\",\"urlTemplate\":\"https:\/\/www.osezmauges.fr\/evenements-pro\/?s={search_term_string}\"},\"query-input\":{\"@type\":\"PropertyValueSpecification\",\"valueRequired\":true,\"valueName\":\"search_term_string\"}}],\"inLanguage\":\"fr-FR\"}]}<\/script>\n<!-- \/ Yoast SEO plugin. -->","yoast_head_json":{"title":"S\u00e9minaire & Team-building entre Angers, Nantes et Cholet","description":"En train, en voiture ou \u00e0 v\u00e9lo, acc\u00e9dez facilement \u00e0 votre s\u00e9minaire, team-building ou afterwork dans les Mauges, entre Angers, Nantes et Cholet.","robots":{"index":"index","follow":"follow","max-snippet":"max-snippet:-1","max-image-preview":"max-image-preview:large","max-video-preview":"max-video-preview:-1"},"canonical":"https:\/\/www.osezmauges.fr\/evenements-pro\/seminaire-choisir-les-mauges\/se-rendre-dans-les-mauges\/","og_locale":"fr_FR","og_type":"article","og_title":"S\u00e9minaire & Team-building entre Angers, Nantes et Cholet","og_description":"En train, en voiture ou \u00e0 v\u00e9lo, acc\u00e9dez facilement \u00e0 votre s\u00e9minaire, team-building ou afterwork dans les Mauges, entre Angers, Nantes et Cholet.","og_url":"https:\/\/www.osezmauges.fr\/evenements-pro\/seminaire-choisir-les-mauges\/se-rendre-dans-les-mauges\/","og_site_name":"Osez Mauges - Tourisme d&#039;affaire","article_modified_time":"2022-03-09T11:47:35+00:00","og_image":[{"width":1450,"height":966,"url":"https:\/\/www.osezmauges.fr\/evenements-pro\/wp-content\/uploads\/sites\/2\/2021\/10\/1-tourisme-affaire-reunion-equipe\u00a9D.Drouet.jpg","type":"image\/jpeg"}],"twitter_card":"summary_large_image","twitter_misc":{"Dur\u00e9e de lecture estim\u00e9e":"2 minutes"},"schema":{"@context":"https:\/\/schema.org","@graph":[{"@type":"WebPage","@id":"https:\/\/www.osezmauges.fr\/evenements-pro\/seminaire-choisir-les-mauges\/se-rendre-dans-les-mauges\/","url":"https:\/\/www.osezmauges.fr\/evenements-pro\/seminaire-choisir-les-mauges\/se-rendre-dans-les-mauges\/","name":"S\u00e9minaire & Team-building entre Angers, Nantes et Cholet","isPartOf":{"@id":"https:\/\/www.osezmauges.fr\/evenements-pro\/#website"},"primaryImageOfPage":{"@id":"https:\/\/www.osezmauges.fr\/evenements-pro\/seminaire-choisir-les-mauges\/se-rendre-dans-les-mauges\/#primaryimage"},"image":{"@id":"https:\/\/www.osezmauges.fr\/evenements-pro\/seminaire-choisir-les-mauges\/se-rendre-dans-les-mauges\/#primaryimage"},"thumbnailUrl":"https:\/\/www.osezmauges.fr\/evenements-pro\/wp-content\/uploads\/sites\/2\/2021\/10\/1-tourisme-affaire-reunion-equipe\u00a9D.Drouet.jpg","datePublished":"2021-09-02T15:43:18+00:00","dateModified":"2022-03-09T11:47:35+00:00","description":"En train, en voiture ou \u00e0 v\u00e9lo, acc\u00e9dez facilement \u00e0 votre s\u00e9minaire, team-building ou afterwork dans les Mauges, entre Angers, Nantes et Cholet.","breadcrumb":{"@id":"https:\/\/www.osezmauges.fr\/evenements-pro\/seminaire-choisir-les-mauges\/se-rendre-dans-les-mauges\/#breadcrumb"},"inLanguage":"fr-FR","potentialAction":[{"@type":"ReadAction","target":["https:\/\/www.osezmauges.fr\/evenements-pro\/seminaire-choisir-les-mauges\/se-rendre-dans-les-mauges\/"]}]},{"@type":"ImageObject","inLanguage":"fr-FR","@id":"https:\/\/www.osezmauges.fr\/evenements-pro\/seminaire-choisir-les-mauges\/se-rendre-dans-les-mauges\/#primaryimage","url":"https:\/\/www.osezmauges.fr\/evenements-pro\/wp-content\/uploads\/sites\/2\/2021\/10\/1-tourisme-affaire-reunion-equipe\u00a9D.Drouet.jpg","contentUrl":"https:\/\/www.osezmauges.fr\/evenements-pro\/wp-content\/uploads\/sites\/2\/2021\/10\/1-tourisme-affaire-reunion-equipe\u00a9D.Drouet.jpg","width":1450,"height":966},{"@type":"BreadcrumbList","@id":"https:\/\/www.osezmauges.fr\/evenements-pro\/seminaire-choisir-les-mauges\/se-rendre-dans-les-mauges\/#breadcrumb","itemListElement":[{"@type":"ListItem","position":1,"name":"Accueil","item":"https:\/\/www.osezmauges.fr\/evenements-pro\/"},{"@type":"ListItem","position":2,"name":"S\u00e9minaires, team-building : choisissez les Mauges !","item":"https:\/\/www.osezmauges.fr\/evenements-pro\/seminaire-choisir-les-mauges\/"},{"@type":"ListItem","position":3,"name":"Les Mauges, un territoire facile d\u2019acc\u00e8s entre Angers, Nantes et Cholet"}]},{"@type":"WebSite","@id":"https:\/\/www.osezmauges.fr\/evenements-pro\/#website","url":"https:\/\/www.osezmauges.fr\/evenements-pro\/","name":"Osez Mauges - Tourisme d&#039;affaire","description":"\u00d4sez Mauges","potentialAction":[{"@type":"SearchAction","target":{"@type":"EntryPoint","urlTemplate":"https:\/\/www.osezmauges.fr\/evenements-pro\/?s={search_term_string}"},"query-input":{"@type":"PropertyValueSpecification","valueRequired":true,"valueName":"search_term_string"}}],"inLanguage":"fr-FR"}]}},"_links":{"self":[{"href":"https:\/\/www.osezmauges.fr\/evenements-pro\/wp-json\/wp\/v2\/pages\/36","targetHints":{"allow":["GET"]}}],"collection":[{"href":"https:\/\/www.osezmauges.fr\/evenements-pro\/wp-json\/wp\/v2\/pages"}],"about":[{"href":"https:\/\/www.osezmauges.fr\/evenements-pro\/wp-json\/wp\/v2\/types\/page"}],"author":[{"embeddable":true,"href":"https:\/\/www.osezmauges.fr\/evenements-pro\/wp-json\/wp\/v2\/users\/1"}],"replies":[{"embeddable":true,"href":"https:\/\/www.osezmauges.fr\/evenements-pro\/wp-json\/wp\/v2\/comments?post=36"}],"version-history":[{"count":7,"href":"https:\/\/www.osezmauges.fr\/evenements-pro\/wp-json\/wp\/v2\/pages\/36\/revisions"}],"predecessor-version":[{"id":7502,"href":"https:\/\/www.osezmauges.fr\/evenements-pro\/wp-json\/wp\/v2\/pages\/36\/revisions\/7502"}],"up":[{"embeddable":true,"href":"https:\/\/www.osezmauges.fr\/evenements-pro\/wp-json\/wp\/v2\/pages\/11"}],"wp:featuredmedia":[{"embeddable":true,"href":"https:\/\/www.osezmauges.fr\/evenements-pro\/wp-json\/wp\/v2\/media\/405"}],"wp:attachment":[{"href":"https:\/\/www.osezmauges.fr\/evenements-pro\/wp-json\/wp\/v2\/media?parent=36"}],"curies":[{"name":"wp","href":"https:\/\/api.w.org\/{rel}","templated":true}]}}