{"id":54,"date":"2021-09-02T17:45:08","date_gmt":"2021-09-02T15:45:08","guid":{"rendered":"https:\/\/www.osezmauges.fr\/tourisme-d-affaires\/les-cadeaux-dentreprises\/les-cheques-kdomauges\/"},"modified":"2026-01-29T17:29:34","modified_gmt":"2026-01-29T16:29:34","slug":"les-cheques-kdomauges","status":"publish","type":"page","link":"https:\/\/www.osezmauges.fr\/evenements-pro\/cadeaux-entreprises\/les-cheques-kdomauges\/","title":{"rendered":"4 bonnes raisons d\u2019offrir des ch\u00e8ques KD\u00f4Mauges \u00e0 vos salari\u00e9s"},"content":{"rendered":"\n<p class=\"is-style-excerpt\">Il n\u2019est pas toujours \u00e9vident de choisir un cadeau d\u2019entreprise \u00e0 ses salari\u00e9s. Chaque salari\u00e9 est diff\u00e9rent et on ignore parfois ce qui plairait le plus \u00e0 nos collaborateurs. Ne prenez pas le risque de vous tromper et optez pour une valeur s\u00fbre avec les <strong>ch\u00e8ques KD\u00f4Mauges<\/strong>. Vos salari\u00e9s n\u2019auront plus qu\u2019\u00e0 choisir eux m\u00eame ce qui leur pla\u00eet parmi une <strong>large s\u00e9lection de commer\u00e7ants entre Angers, Nantes et Cholet<\/strong>.<\/p>\n\n\n\n<div class=\"wp-block-columns is-layout-flex wp-container-core-columns-is-layout-9d6595d7 wp-block-columns-is-layout-flex\">\n<div class=\"wp-block-column is-layout-flow wp-block-column-is-layout-flow\">\n<div class=\"wp-block-buttons is-layout-flex wp-block-buttons-is-layout-flex\">\n<div class=\"wp-block-button\"><a class=\"wp-block-button__link\" href=\"https:\/\/boutique.osezmauges.fr\/billetterie-et-idees-cadeaux\/cheques-cadeaux\" target=\"_blank\" rel=\"noreferrer noopener\"> Je commande mes kd\u00f4mauges en ligne<\/a><\/div>\n<\/div>\n<\/div>\n\n\n\n<div class=\"wp-block-column is-layout-flow wp-block-column-is-layout-flow\">\n<div class=\"wp-block-buttons is-layout-flex wp-block-buttons-is-layout-flex\">\n<div class=\"wp-block-button\"><a class=\"wp-block-button__link\" href=\"https:\/\/forms.gle\/kNgeAoMQZuj4HHTt8\" target=\"_blank\" rel=\"noreferrer noopener\">mon devis pour acheter mes kdomauges<\/a><\/div>\n<\/div>\n<\/div>\n<\/div>\n\n\n\n<hr class=\"wp-block-separator\"\/>\n\n\n\n<h2 class=\"wp-block-heading\">Nos 4 bonnes raisons de choisir les ch\u00e8ques KD\u00f4Mauges ?<\/h2>\n\n\n\n<h3 class=\"wp-block-heading\">Bonne raison n\u00b0 1&nbsp;: Un cadeau qui plaira \u00e0 coup s\u00fbr<\/h3>\n\n\n\n<p>Id\u00e9al lorsque l\u2019on manque d\u2019id\u00e9e, le ch\u00e8que-cadeau est la garantie de faire un cadeau qui plaira \u00e0 son b\u00e9n\u00e9ficiaire. Avec <strong>plus de 400  commer\u00e7ants-partenaires<\/strong> partout dans les Mauges (reconnaissables gr\u00e2ce \u00e0 un autocollant appos\u00e9 sur leur vitrine), les ch\u00e8ques KD\u00f4Mauges offrent \u00e0 vos salari\u00e9s une <strong>multitude de possibilit\u00e9s pour se faire plaisir<\/strong>.<\/p>\n\n\n\n<p>Outillage, beaut\u00e9, bien-\u00eatre, produits du terroir, h\u00e9bergement, artisanat, pr\u00eat-\u00e0-porter ou encore jardinage et presse. Vos salari\u00e9s auront l\u2019embarras du choix pour d\u00e9penser leur ch\u00e8que-cadeau entre Angers, Nantes et Cholet.<\/p>\n\n\n\n<p><em>Vous souhaitez marquer le coup&nbsp;? Pensez \u00e0 nos <a href=\"https:\/\/boutique.osezmauges.fr\/billetterie-et-idees-cadeaux\/cheques-cadeaux\/envoi-pochette-cheques-kdomauges\" target=\"_blank\" rel=\"noreferrer noopener\">pochettes cadeaux<\/a>.<\/em><\/p>\n\n\n\n<p>Les ch\u00e8ques-cadeaux sont valables jusqu\u2019au 31 d\u00e9cembre de l\u2019ann\u00e9e suivant l\u2019ann\u00e9e d\u2019achat. En achetant en 2025, vous permettez \u00e0 vos salari\u00e9s d\u2019utiliser les ch\u00e8ques KD\u00f4Mauges jusqu\u2019au 31 d\u00e9cembre 2026.<\/p>\n\n\n\n<div class=\"wp-block-buttons is-content-justification-center is-style-download is-layout-flex wp-block-buttons-is-layout-flex\">\n<div class=\"wp-block-button\"><a class=\"wp-block-button__link\" href=\"https:\/\/www.osezmauges.fr\/wp-content\/uploads\/2026\/01\/KDO-MAUGES-fiches-partenaires-12-25.pdf\" target=\"_blank\" rel=\"noreferrer noopener\">liste des commer\u00e7ants partenaires<\/a><\/div>\n<\/div>\n\n\n\n<div class=\"wp-block wp-block-embed wp-block-embed-calameo\">\n            <h2 class=\"wp-block-embed-title\">D\u00e9couvrez la liste des commer\u00e7ants<\/h2>\n        \n            <div class=\"wp-block-embed__wrapper\">\n            <iframe loading=\"lazy\" src=\"https:\/\/v.calameo.com\/?bkcode=006147001324c427d4de6&#038;mode=mini&#038;clickto=view&#038;clicktarget=_blank\" width=\"950\" height=\"500\"\" frameborder=\"0\" scrolling=\"no\"  ><\/iframe>\n        <\/div>\n    <\/div>\n\n\n<h3 class=\"wp-block-heading\">Bonne raison n\u00b0 2&nbsp;: Un cadeau pour tous les budgets<\/h3>\n\n\n\n<p>Choisissez la valeur que vous souhaitez donner aux ch\u00e8ques que vous offrez \u00e0 vos salari\u00e9s. Nous proposons 4 valeurs faciales diff\u00e9rentes&nbsp;: <strong>10\u20ac<\/strong> (pour toute commande d\u2019un montant minimum d\u2019achat de 500\u20ac), <strong>20\u20ac<\/strong>, <strong>30\u20ac<\/strong> et <strong>50\u20ac<\/strong>.<\/p>\n\n\n\n<p>Quelque soit votre choix, le b\u00e9n\u00e9ficiaire du ch\u00e8que KD\u00f4Mauges aura la possibilit\u00e9 de payer le compl\u00e9ment s\u2019il souhaite s\u2019offrir un cadeau d\u2019une valeur sup\u00e9rieure au montant du ch\u00e8que-cadeau.<\/p>\n\n\n\n<figure class=\"wp-block-gallery aligncenter columns-1 is-cropped wp-block-gallery-1 is-layout-flex wp-block-gallery-is-layout-flex\"><ul class=\"blocks-gallery-grid\"><li class=\"blocks-gallery-item\"><figure><img width=\"1200\" height=\"803\" data-src=\"https:\/\/www.osezmauges.fr\/evenements-pro\/wp-content\/uploads\/sites\/2\/2021\/10\/1-cheques-kdo-osezmauges-anjou-\u00a9MB-1-1200x803.jpg\" alt=\"\" data-id=\"4534\" data-full-url=\"https:\/\/www.osezmauges.fr\/evenements-pro\/wp-content\/uploads\/sites\/2\/2021\/10\/1-cheques-kdo-osezmauges-anjou-\u00a9MB-1.jpg\" data-link=\"https:\/\/www.osezmauges.fr\/evenements-pro\/sony-dsc-4\/\" class=\"wp-image-4534\" srcset=\"https:\/\/www.osezmauges.fr\/evenements-pro\/wp-content\/uploads\/sites\/2\/2021\/10\/1-cheques-kdo-osezmauges-anjou-\u00a9MB-1-1200x803.jpg 1200w, https:\/\/www.osezmauges.fr\/evenements-pro\/wp-content\/uploads\/sites\/2\/2021\/10\/1-cheques-kdo-osezmauges-anjou-\u00a9MB-1-600x402.jpg 600w, https:\/\/www.osezmauges.fr\/evenements-pro\/wp-content\/uploads\/sites\/2\/2021\/10\/1-cheques-kdo-osezmauges-anjou-\u00a9MB-1-300x201.jpg 300w, https:\/\/www.osezmauges.fr\/evenements-pro\/wp-content\/uploads\/sites\/2\/2021\/10\/1-cheques-kdo-osezmauges-anjou-\u00a9MB-1-900x602.jpg 900w, https:\/\/www.osezmauges.fr\/evenements-pro\/wp-content\/uploads\/sites\/2\/2021\/10\/1-cheques-kdo-osezmauges-anjou-\u00a9MB-1-650x435.jpg 650w, https:\/\/www.osezmauges.fr\/evenements-pro\/wp-content\/uploads\/sites\/2\/2021\/10\/1-cheques-kdo-osezmauges-anjou-\u00a9MB-1.jpg 1500w\" sizes=\"(max-width: 1200px) 100vw, 1200px\" \/><\/figure><\/li><\/ul><figcaption class=\"blocks-gallery-caption\">Les ch\u00e8ques KD\u00f4Mauges, une valeur s\u00fbre pour vos cadeaux d&rsquo;entreprise \u00a9M. Blouin<\/figcaption><\/figure>\n\n\n\n<h3 class=\"wp-block-heading\">Bonne raison n\u00b0 3&nbsp;: B\u00e9n\u00e9ficiez d\u2019une exon\u00e9ration de charges sociales<\/h3>\n\n\n\n<p>En offrant des ch\u00e8ques-cadeaux \u00e0 vos salari\u00e9s, vous pouvez b\u00e9n\u00e9ficier des <strong>exon\u00e9rations de charges sociales pr\u00e9vues par l\u2019Etat <\/strong>si vous remplissez les 3 conditions suivantes&nbsp;:<\/p>\n\n\n\n<ul class=\"wp-block-list\"><li>Les ch\u00e8ques doivent \u00eatre distribu\u00e9s uniquement dans le cadre d\u2019un \u00e9v\u00e9nement sp\u00e9cial (No\u00ebl, naissance, mariage, d\u00e9part \u00e0 la retraite, etc.)<\/li><li>Ils ne peuvent \u00eatre \u00e9chang\u00e9s contre des produits alimentaires courants ou du carburant, \u00e0 l\u2019exception des produits dits \u00e0 caract\u00e8re festif (ex&nbsp;: \u00e9picerie fine, caviste, etc.)<\/li><li>Vous devez respecter le plafond mensuel de 5% maximum de la s\u00e9curit\u00e9 sociale (soit en 2024&nbsp;: 193\u20ac\/salari\u00e9\/an)<\/li><\/ul>\n\n\n\n<h3 class=\"wp-block-heading\">Bonne raison n\u00b0 4&nbsp;: Soutenez l\u2019\u00e9conomie locale des Mauges<\/h3>\n\n\n\n<p>Offrir des ch\u00e8ques KD\u00f4Mauges \u00e0 vos salari\u00e9s, c\u2019est \u00e9galement l\u2019occasion de <strong>renforcer vos valeurs RSE<\/strong> en soutenant une \u00e9conomie locale et circulaire et de nombreuses petites entreprises et artisans qui commercialisent leurs produits en circuits courts.<\/p>\n\n\n\n<p class=\"is-style-blockquote\"><strong>Suivez l&rsquo;actualit\u00e9 des ch\u00e8ques KD\u00f4Mauges sur <a href=\"https:\/\/www.linkedin.com\/company\/kdomauges\" target=\"_blank\" rel=\"noreferrer noopener\">LinkedIn<\/a>.<\/strong><\/p>\n\n\n<div class=\"wp-block wp-block-highlight\">\n            <h3 class=\"wp-block-highlight-item wp-block-highlight-title\">Vous souhaitez offrir des ch\u00e8ques KD\u00f4Mauges \u00e0 vos salari\u00e9s\u00a0?<\/h3>\n                <p class=\"wp-block-highlight-item wp-block-highlight-excerpt\"><strong>\u00c9tape 1<\/strong>\u00a0: Commandez via notre <a href=\"https:\/\/boutique.osezmauges.fr\/billetterie-et-idees-cadeaux\/cheques-cadeaux\" target=\"_blank\" rel=\"noreferrer noopener\">boutique en ligne<\/a> (paiement s\u00e9curis\u00e9 par carte bancaire) Ou demandez votre <a href=\"https:\/\/docs.google.com\/forms\/d\/e\/1FAIpQLScsCg8IHeXqlWMsYKItvmqOxw18ORndJf1j9OQ0WDuRurOhpQ\/viewform\" target=\"_blank\" rel=\"noreferrer noopener\">devis<\/a>. <br><br><strong>\u00c9tape 2\u00a0<\/strong>: Comment r\u00e9cup\u00e9rer mes ch\u00e8ques ? Notre service \u00c9v\u00e9nements Pro propose 3 solutions dans un d\u00e9lai de 4 jours ouvr\u00e9s : <br>&#8211; une livraison de vos ch\u00e9ques KD\u00f4Mauges directement dans votre entreprise.<br>&#8211; un retrait de votre colis <strong>sur rendez-vous uniquement<\/strong> \u00e0 Mauges Communaut\u00e9 au 1 rue Robert Schuman &#8211; La Loge &#8211; Beaupr\u00e9au, 49600 BEAUPR\u00c9AU-EN-MAUGES.<br>&#8211; Un envoi par voie postale.<br><br>*En 2024, les frais de dossier et d\u2019envoi vous sont exceptionnellement offerts (\u00e0 titre indicatif, les frais sont de 5 % du montant de la commande, plafonn\u00e9s \u00e0 50 \u20ac HT). <em>Les ch\u00e8ques cadeaux ne sont pas per\u00e7us comme des gratifications. Ils peuvent \u00eatre offerts d&rsquo;une ann\u00e9e sur l&rsquo;autre, sans que ce soit pour autant act\u00e9 et donc \u00e0 l&rsquo;avenir d\u00fb.<\/em><br><br>Vous souhaitez davantage de renseignements\u00a0? Contactez notre <strong>\u00e9quipe Ev\u00e9nements Pro<\/strong>. Du lundi au vendredi, de 9h \u00e0 13h et de 14h \u00e0 17h.<br>Par t\u00e9l\u00e9phone au <strong>02 85 29 99 99<\/strong><br>Ou par mail \u00e0 <a href=\"mailto:evenements-pro@osezmauges.fr\"><strong>evenements-pro@osezmauges.fr<\/strong><\/a><\/p>\n    <\/div>","protected":false},"excerpt":{"rendered":"<p>Il n\u2019est pas toujours \u00e9vident de choisir un cadeau d\u2019entreprise \u00e0 ses salari\u00e9s. Chaque salari\u00e9 est diff\u00e9rent et on ignore parfois ce qui plairait le plus \u00e0 nos collaborateurs. Ne prenez pas le risque de vous tromper et optez pour une valeur s\u00fbre avec les ch\u00e8ques KD\u00f4Mauges. Vos salari\u00e9s n\u2019auront plus qu\u2019\u00e0 choisir eux m\u00eame [&hellip;]<\/p>\n","protected":false},"author":1,"featured_media":4534,"parent":15,"menu_order":4,"comment_status":"closed","ping_status":"closed","template":"","meta":{"_relevanssi_hide_post":"","_relevanssi_hide_content":"","_relevanssi_pin_for_all":"","_relevanssi_pin_keywords":"","_relevanssi_unpin_keywords":"","_relevanssi_related_keywords":"","_relevanssi_related_include_ids":"","_relevanssi_related_exclude_ids":"","_relevanssi_related_no_append":"","_relevanssi_related_not_related":"","_relevanssi_related_posts":"1","_relevanssi_noindex_reason":"","footnotes":""},"class_list":["post-54","page","type-page","status-publish","has-post-thumbnail","hentry"],"acf":[],"yoast_head":"<!-- This site is optimized with the Yoast SEO plugin v26.9 - https:\/\/yoast.com\/product\/yoast-seo-wordpress\/ -->\n<title>Ch\u00e8ques KD\u00f4 Mauges, une valeur s\u00fbre pour vos cadeaux d\u2019entreprise<\/title>\n<meta name=\"description\" content=\"Optez pour une valeur s\u00fbre pour vos cadeaux d\u2019entreprise avec les ch\u00e8ques KD\u00f4 Mauges, \u00e0 utiliser chez plus de 350 commer\u00e7ants entre Angers, Nantes et Cholet.\" \/>\n<meta name=\"robots\" content=\"index, follow, max-snippet:-1, max-image-preview:large, max-video-preview:-1\" \/>\n<link rel=\"canonical\" href=\"https:\/\/www.osezmauges.fr\/evenements-pro\/cadeaux-entreprises\/les-cheques-kdomauges\/\" \/>\n<meta property=\"og:locale\" content=\"fr_FR\" \/>\n<meta property=\"og:type\" content=\"article\" \/>\n<meta property=\"og:title\" content=\"Ch\u00e8ques KD\u00f4 Mauges, une valeur s\u00fbre pour vos cadeaux d\u2019entreprise\" \/>\n<meta property=\"og:description\" content=\"Optez pour une valeur s\u00fbre pour vos cadeaux d\u2019entreprise avec les ch\u00e8ques KD\u00f4 Mauges, \u00e0 utiliser chez plus de 350 commer\u00e7ants entre Angers, Nantes et Cholet.\" \/>\n<meta property=\"og:url\" content=\"https:\/\/www.osezmauges.fr\/evenements-pro\/cadeaux-entreprises\/les-cheques-kdomauges\/\" \/>\n<meta property=\"og:site_name\" content=\"Osez Mauges - Tourisme d&#039;affaire\" \/>\n<meta property=\"article:modified_time\" content=\"2026-01-29T16:29:34+00:00\" \/>\n<meta property=\"og:image\" content=\"https:\/\/www.osezmauges.fr\/evenements-pro\/wp-content\/uploads\/sites\/2\/2021\/10\/1-cheques-kdo-osezmauges-anjou-\u00a9MB-1.jpg\" \/>\n\t<meta property=\"og:image:width\" content=\"1500\" \/>\n\t<meta property=\"og:image:height\" content=\"1004\" \/>\n\t<meta property=\"og:image:type\" content=\"image\/jpeg\" \/>\n<meta name=\"twitter:card\" content=\"summary_large_image\" \/>\n<meta name=\"twitter:label1\" content=\"Dur\u00e9e de lecture estim\u00e9e\" \/>\n\t<meta name=\"twitter:data1\" content=\"3 minutes\" \/>\n<script type=\"application\/ld+json\" class=\"yoast-schema-graph\">{\"@context\":\"https:\/\/schema.org\",\"@graph\":[{\"@type\":\"WebPage\",\"@id\":\"https:\/\/www.osezmauges.fr\/evenements-pro\/cadeaux-entreprises\/les-cheques-kdomauges\/\",\"url\":\"https:\/\/www.osezmauges.fr\/evenements-pro\/cadeaux-entreprises\/les-cheques-kdomauges\/\",\"name\":\"Ch\u00e8ques KD\u00f4 Mauges, une valeur s\u00fbre pour vos cadeaux d\u2019entreprise\",\"isPartOf\":{\"@id\":\"https:\/\/www.osezmauges.fr\/evenements-pro\/#website\"},\"primaryImageOfPage\":{\"@id\":\"https:\/\/www.osezmauges.fr\/evenements-pro\/cadeaux-entreprises\/les-cheques-kdomauges\/#primaryimage\"},\"image\":{\"@id\":\"https:\/\/www.osezmauges.fr\/evenements-pro\/cadeaux-entreprises\/les-cheques-kdomauges\/#primaryimage\"},\"thumbnailUrl\":\"https:\/\/www.osezmauges.fr\/evenements-pro\/wp-content\/uploads\/sites\/2\/2021\/10\/1-cheques-kdo-osezmauges-anjou-\u00a9MB-1.jpg\",\"datePublished\":\"2021-09-02T15:45:08+00:00\",\"dateModified\":\"2026-01-29T16:29:34+00:00\",\"description\":\"Optez pour une valeur s\u00fbre pour vos cadeaux d\u2019entreprise avec les ch\u00e8ques KD\u00f4 Mauges, \u00e0 utiliser chez plus de 350 commer\u00e7ants entre Angers, Nantes et Cholet.\",\"breadcrumb\":{\"@id\":\"https:\/\/www.osezmauges.fr\/evenements-pro\/cadeaux-entreprises\/les-cheques-kdomauges\/#breadcrumb\"},\"inLanguage\":\"fr-FR\",\"potentialAction\":[{\"@type\":\"ReadAction\",\"target\":[\"https:\/\/www.osezmauges.fr\/evenements-pro\/cadeaux-entreprises\/les-cheques-kdomauges\/\"]}]},{\"@type\":\"ImageObject\",\"inLanguage\":\"fr-FR\",\"@id\":\"https:\/\/www.osezmauges.fr\/evenements-pro\/cadeaux-entreprises\/les-cheques-kdomauges\/#primaryimage\",\"url\":\"https:\/\/www.osezmauges.fr\/evenements-pro\/wp-content\/uploads\/sites\/2\/2021\/10\/1-cheques-kdo-osezmauges-anjou-\u00a9MB-1.jpg\",\"contentUrl\":\"https:\/\/www.osezmauges.fr\/evenements-pro\/wp-content\/uploads\/sites\/2\/2021\/10\/1-cheques-kdo-osezmauges-anjou-\u00a9MB-1.jpg\",\"width\":1500,\"height\":1004,\"caption\":\"SONY DSC\"},{\"@type\":\"BreadcrumbList\",\"@id\":\"https:\/\/www.osezmauges.fr\/evenements-pro\/cadeaux-entreprises\/les-cheques-kdomauges\/#breadcrumb\",\"itemListElement\":[{\"@type\":\"ListItem\",\"position\":1,\"name\":\"Accueil\",\"item\":\"https:\/\/www.osezmauges.fr\/evenements-pro\/\"},{\"@type\":\"ListItem\",\"position\":2,\"name\":\"Les cadeaux d&rsquo;entreprises\",\"item\":\"https:\/\/www.osezmauges.fr\/evenements-pro\/cadeaux-entreprises\/\"},{\"@type\":\"ListItem\",\"position\":3,\"name\":\"4 bonnes raisons d\u2019offrir des ch\u00e8ques KD\u00f4Mauges \u00e0 vos salari\u00e9s\"}]},{\"@type\":\"WebSite\",\"@id\":\"https:\/\/www.osezmauges.fr\/evenements-pro\/#website\",\"url\":\"https:\/\/www.osezmauges.fr\/evenements-pro\/\",\"name\":\"Osez Mauges - Tourisme d&#039;affaire\",\"description\":\"\u00d4sez Mauges\",\"potentialAction\":[{\"@type\":\"SearchAction\",\"target\":{\"@type\":\"EntryPoint\",\"urlTemplate\":\"https:\/\/www.osezmauges.fr\/evenements-pro\/?s={search_term_string}\"},\"query-input\":{\"@type\":\"PropertyValueSpecification\",\"valueRequired\":true,\"valueName\":\"search_term_string\"}}],\"inLanguage\":\"fr-FR\"}]}<\/script>\n<!-- \/ Yoast SEO plugin. -->","yoast_head_json":{"title":"Ch\u00e8ques KD\u00f4 Mauges, une valeur s\u00fbre pour vos cadeaux d\u2019entreprise","description":"Optez pour une valeur s\u00fbre pour vos cadeaux d\u2019entreprise avec les ch\u00e8ques KD\u00f4 Mauges, \u00e0 utiliser chez plus de 350 commer\u00e7ants entre Angers, Nantes et Cholet.","robots":{"index":"index","follow":"follow","max-snippet":"max-snippet:-1","max-image-preview":"max-image-preview:large","max-video-preview":"max-video-preview:-1"},"canonical":"https:\/\/www.osezmauges.fr\/evenements-pro\/cadeaux-entreprises\/les-cheques-kdomauges\/","og_locale":"fr_FR","og_type":"article","og_title":"Ch\u00e8ques KD\u00f4 Mauges, une valeur s\u00fbre pour vos cadeaux d\u2019entreprise","og_description":"Optez pour une valeur s\u00fbre pour vos cadeaux d\u2019entreprise avec les ch\u00e8ques KD\u00f4 Mauges, \u00e0 utiliser chez plus de 350 commer\u00e7ants entre Angers, Nantes et Cholet.","og_url":"https:\/\/www.osezmauges.fr\/evenements-pro\/cadeaux-entreprises\/les-cheques-kdomauges\/","og_site_name":"Osez Mauges - Tourisme d&#039;affaire","article_modified_time":"2026-01-29T16:29:34+00:00","og_image":[{"width":1500,"height":1004,"url":"https:\/\/www.osezmauges.fr\/evenements-pro\/wp-content\/uploads\/sites\/2\/2021\/10\/1-cheques-kdo-osezmauges-anjou-\u00a9MB-1.jpg","type":"image\/jpeg"}],"twitter_card":"summary_large_image","twitter_misc":{"Dur\u00e9e de lecture estim\u00e9e":"3 minutes"},"schema":{"@context":"https:\/\/schema.org","@graph":[{"@type":"WebPage","@id":"https:\/\/www.osezmauges.fr\/evenements-pro\/cadeaux-entreprises\/les-cheques-kdomauges\/","url":"https:\/\/www.osezmauges.fr\/evenements-pro\/cadeaux-entreprises\/les-cheques-kdomauges\/","name":"Ch\u00e8ques KD\u00f4 Mauges, une valeur s\u00fbre pour vos cadeaux d\u2019entreprise","isPartOf":{"@id":"https:\/\/www.osezmauges.fr\/evenements-pro\/#website"},"primaryImageOfPage":{"@id":"https:\/\/www.osezmauges.fr\/evenements-pro\/cadeaux-entreprises\/les-cheques-kdomauges\/#primaryimage"},"image":{"@id":"https:\/\/www.osezmauges.fr\/evenements-pro\/cadeaux-entreprises\/les-cheques-kdomauges\/#primaryimage"},"thumbnailUrl":"https:\/\/www.osezmauges.fr\/evenements-pro\/wp-content\/uploads\/sites\/2\/2021\/10\/1-cheques-kdo-osezmauges-anjou-\u00a9MB-1.jpg","datePublished":"2021-09-02T15:45:08+00:00","dateModified":"2026-01-29T16:29:34+00:00","description":"Optez pour une valeur s\u00fbre pour vos cadeaux d\u2019entreprise avec les ch\u00e8ques KD\u00f4 Mauges, \u00e0 utiliser chez plus de 350 commer\u00e7ants entre Angers, Nantes et Cholet.","breadcrumb":{"@id":"https:\/\/www.osezmauges.fr\/evenements-pro\/cadeaux-entreprises\/les-cheques-kdomauges\/#breadcrumb"},"inLanguage":"fr-FR","potentialAction":[{"@type":"ReadAction","target":["https:\/\/www.osezmauges.fr\/evenements-pro\/cadeaux-entreprises\/les-cheques-kdomauges\/"]}]},{"@type":"ImageObject","inLanguage":"fr-FR","@id":"https:\/\/www.osezmauges.fr\/evenements-pro\/cadeaux-entreprises\/les-cheques-kdomauges\/#primaryimage","url":"https:\/\/www.osezmauges.fr\/evenements-pro\/wp-content\/uploads\/sites\/2\/2021\/10\/1-cheques-kdo-osezmauges-anjou-\u00a9MB-1.jpg","contentUrl":"https:\/\/www.osezmauges.fr\/evenements-pro\/wp-content\/uploads\/sites\/2\/2021\/10\/1-cheques-kdo-osezmauges-anjou-\u00a9MB-1.jpg","width":1500,"height":1004,"caption":"SONY DSC"},{"@type":"BreadcrumbList","@id":"https:\/\/www.osezmauges.fr\/evenements-pro\/cadeaux-entreprises\/les-cheques-kdomauges\/#breadcrumb","itemListElement":[{"@type":"ListItem","position":1,"name":"Accueil","item":"https:\/\/www.osezmauges.fr\/evenements-pro\/"},{"@type":"ListItem","position":2,"name":"Les cadeaux d&rsquo;entreprises","item":"https:\/\/www.osezmauges.fr\/evenements-pro\/cadeaux-entreprises\/"},{"@type":"ListItem","position":3,"name":"4 bonnes raisons d\u2019offrir des ch\u00e8ques KD\u00f4Mauges \u00e0 vos salari\u00e9s"}]},{"@type":"WebSite","@id":"https:\/\/www.osezmauges.fr\/evenements-pro\/#website","url":"https:\/\/www.osezmauges.fr\/evenements-pro\/","name":"Osez Mauges - Tourisme d&#039;affaire","description":"\u00d4sez Mauges","potentialAction":[{"@type":"SearchAction","target":{"@type":"EntryPoint","urlTemplate":"https:\/\/www.osezmauges.fr\/evenements-pro\/?s={search_term_string}"},"query-input":{"@type":"PropertyValueSpecification","valueRequired":true,"valueName":"search_term_string"}}],"inLanguage":"fr-FR"}]}},"_links":{"self":[{"href":"https:\/\/www.osezmauges.fr\/evenements-pro\/wp-json\/wp\/v2\/pages\/54","targetHints":{"allow":["GET"]}}],"collection":[{"href":"https:\/\/www.osezmauges.fr\/evenements-pro\/wp-json\/wp\/v2\/pages"}],"about":[{"href":"https:\/\/www.osezmauges.fr\/evenements-pro\/wp-json\/wp\/v2\/types\/page"}],"author":[{"embeddable":true,"href":"https:\/\/www.osezmauges.fr\/evenements-pro\/wp-json\/wp\/v2\/users\/1"}],"replies":[{"embeddable":true,"href":"https:\/\/www.osezmauges.fr\/evenements-pro\/wp-json\/wp\/v2\/comments?post=54"}],"version-history":[{"count":65,"href":"https:\/\/www.osezmauges.fr\/evenements-pro\/wp-json\/wp\/v2\/pages\/54\/revisions"}],"predecessor-version":[{"id":17449,"href":"https:\/\/www.osezmauges.fr\/evenements-pro\/wp-json\/wp\/v2\/pages\/54\/revisions\/17449"}],"up":[{"embeddable":true,"href":"https:\/\/www.osezmauges.fr\/evenements-pro\/wp-json\/wp\/v2\/pages\/15"}],"wp:featuredmedia":[{"embeddable":true,"href":"https:\/\/www.osezmauges.fr\/evenements-pro\/wp-json\/wp\/v2\/media\/4534"}],"wp:attachment":[{"href":"https:\/\/www.osezmauges.fr\/evenements-pro\/wp-json\/wp\/v2\/media?parent=54"}],"curies":[{"name":"wp","href":"https:\/\/api.w.org\/{rel}","templated":true}]}}